 {"id":964,"date":"2020-07-15T08:19:00","date_gmt":"2020-07-15T06:19:00","guid":{"rendered":"https:\/\/web.gtischarging.sk\/?page_id=964"},"modified":"2020-07-15T08:20:11","modified_gmt":"2020-07-15T06:20:11","slug":"briggs-stratton","status":"publish","type":"page","link":"https:\/\/web.gtischarging.sk\/index.php\/briggs-stratton\/","title":{"rendered":"Briggs &#038; Stratton"},"content":{"rendered":"\n<figure class=\"wp-block-image size-large\"><img decoding=\"async\" loading=\"lazy\" width=\"1024\" height=\"541\" src=\"https:\/\/web.gtischarging.sk\/wp-content\/uploads\/2020\/07\/briggs-stratton-hybrid-3-e1584897172684-1024x541-1.jpg\" alt=\"\" class=\"wp-image-969\" srcset=\"https:\/\/web.gtischarging.sk\/wp-content\/uploads\/2020\/07\/briggs-stratton-hybrid-3-e1584897172684-1024x541-1.jpg 1024w, https:\/\/web.gtischarging.sk\/wp-content\/uploads\/2020\/07\/briggs-stratton-hybrid-3-e1584897172684-1024x541-1-300x158.jpg 300w, https:\/\/web.gtischarging.sk\/wp-content\/uploads\/2020\/07\/briggs-stratton-hybrid-3-e1584897172684-1024x541-1-768x406.jpg 768w\" sizes=\"(max-width: 1024px) 100vw, 1024px\" \/><\/figure>\n\n\n\n<h2 class=\"wp-block-heading\"> 6-kolesov\u00e9 plug-in hybridn\u00e9 kup\u00e9 zo 70. rokov pon\u00faklo e-dojazd 100 km <\/h2>\n\n\n\n<p>Hist\u00f3ria\u00a0n\u00e1m odha\u013euje \u010fal\u0161\u00ed ve\u013emi zauj\u00edmav\u00fd elektrifikovan\u00fd automobil\u00a0Briggs &amp; Stratton Hybrid. Ide o naozaj netradi\u010dn\u00e9 vozidlo so 6 kolesami a plug-in hybridn\u00fdm pohonom od netradi\u010dn\u00e9ho v\u00fdrobcu, ktor\u00e9 bolo predstaven\u00e9 v roku 1979, \u010di\u017ee v obdob\u00ed americkej ropnej kr\u00edzy.<\/p>\n\n\n\n<p>Zn\u00e1my automobilov\u00fd fanatik a fan\u00fa\u0161ik Tesly,\u00a0Jay Leno, prebral k \u017eivotu m\u00fazejn\u00fd expon\u00e1t z Powerhouse Museum v Milwaukee. Podarilo sa mu ho toti\u017e dosta\u0165 na cestu po dlh\u00fdch 32 rokoch.<\/p>\n\n\n\n<p>Aj koncom 70. rokov otriasala USA ropn\u00e1 kr\u00edza, d\u00f4sledkom \u010doho sa p\u00fa\u0161\u0165ali do produkcie automobilov s alternat\u00edvnym druhom pohonu aj netradi\u010dn\u00ed v\u00fdrobcovia. D\u00f4kazom je spolo\u010dnos\u0165&nbsp;Briggs &amp; Stratton, ktor\u00e1 je zn\u00e1ma najm\u00e4 v\u010faka svojmu 1-valcov\u00e9mu spa\u013eovaciemu motoru pre kosa\u010dky \u010di gener\u00e1tory, ako aj 2-valcov\u00fdch motorov pre traktory.<\/p>\n\n\n\n<p>Plug-in hybridn\u00e9 kup\u00e9&nbsp;<a href=\"https:\/\/www.teslamagazin.sk\/tag\/briggs-stratton-hybrid\/\">Briggs &amp; Stratton Hybrid<\/a>&nbsp;sa m\u00f4\u017ee pochv\u00e1li\u0165 paraleln\u00fdm pohonn\u00fdm syst\u00e9mom, ktor\u00fd umo\u017e\u0148uje jazdi\u0165 na elektromotor, spa\u013eovac\u00ed motor alebo oba naraz v r\u00e1mci hybridn\u00e9ho re\u017eimu. A nesk\u00f4r sa do\u010dkalo aktualiz\u00e1cie, ktor\u00e1 priniesla regenerat\u00edvne brzdenie.<\/p>\n\n\n\n<figure class=\"wp-block-table\"><table class=\"\"><tbody><tr><td><img decoding=\"async\" loading=\"lazy\" width=\"1269\" height=\"618\" class=\"wp-image-965\" style=\"width: 380px;\" src=\"https:\/\/web.gtischarging.sk\/wp-content\/uploads\/2020\/07\/briggs-stratton-hybrid-7-e1584897471927-1.jpg\" alt=\"\" srcset=\"https:\/\/web.gtischarging.sk\/wp-content\/uploads\/2020\/07\/briggs-stratton-hybrid-7-e1584897471927-1.jpg 1269w, https:\/\/web.gtischarging.sk\/wp-content\/uploads\/2020\/07\/briggs-stratton-hybrid-7-e1584897471927-1-300x146.jpg 300w, https:\/\/web.gtischarging.sk\/wp-content\/uploads\/2020\/07\/briggs-stratton-hybrid-7-e1584897471927-1-1024x499.jpg 1024w, https:\/\/web.gtischarging.sk\/wp-content\/uploads\/2020\/07\/briggs-stratton-hybrid-7-e1584897471927-1-768x374.jpg 768w\" sizes=\"(max-width: 1269px) 100vw, 1269px\" \/><\/td><td><img decoding=\"async\" loading=\"lazy\" width=\"351\" height=\"221\" class=\"wp-image-968\" style=\"width: 300px;\" src=\"https:\/\/web.gtischarging.sk\/wp-content\/uploads\/2020\/07\/briggs-stratton-hybrid-1-e1584897258769-351x221-1.jpg\" alt=\"\" srcset=\"https:\/\/web.gtischarging.sk\/wp-content\/uploads\/2020\/07\/briggs-stratton-hybrid-1-e1584897258769-351x221-1.jpg 351w, https:\/\/web.gtischarging.sk\/wp-content\/uploads\/2020\/07\/briggs-stratton-hybrid-1-e1584897258769-351x221-1-300x189.jpg 300w\" sizes=\"(max-width: 351px) 100vw, 351px\" \/><\/td><td><img decoding=\"async\" loading=\"lazy\" width=\"351\" height=\"221\" class=\"wp-image-966\" style=\"width: 300px;\" src=\"https:\/\/web.gtischarging.sk\/wp-content\/uploads\/2020\/07\/briggs-stratton-hybrid-2-e1584897191349-351x221-1.jpg\" alt=\"\" srcset=\"https:\/\/web.gtischarging.sk\/wp-content\/uploads\/2020\/07\/briggs-stratton-hybrid-2-e1584897191349-351x221-1.jpg 351w, https:\/\/web.gtischarging.sk\/wp-content\/uploads\/2020\/07\/briggs-stratton-hybrid-2-e1584897191349-351x221-1-300x189.jpg 300w\" sizes=\"(max-width: 351px) 100vw, 351px\" \/><\/td><\/tr><\/tbody><\/table><\/figure>\n\n\n\n<p> <em>Zdroj: Jay Leno\u00b4s Garage\/Youtube<\/em> <\/p>\n","protected":false},"excerpt":{"rendered":"<p>6-kolesov\u00e9 plug-in hybridn\u00e9 kup\u00e9 zo 70. rokov pon\u00faklo e-dojazd 100 km Hist\u00f3ria\u00a0n\u00e1m odha\u013euje \u010fal\u0161\u00ed ve\u013emi zauj\u00edmav\u00fd elektrifikovan\u00fd automobil\u00a0Briggs &amp; Stratton Hybrid. Ide o naozaj netradi\u010dn\u00e9 vozidlo so 6 kolesami a plug-in hybridn\u00fdm pohonom od&#46;&#46;&#46;<\/p>\n","protected":false},"author":5,"featured_media":0,"parent":0,"menu_order":0,"comment_status":"closed","ping_status":"closed","template":"","meta":{"footnotes":""},"yoast_head":"<!-- This site is optimized with the Yoast SEO plugin v20.4 - https:\/\/yoast.com\/wordpress\/plugins\/seo\/ -->\n<title>Briggs &amp; Stratton - gtischarging.sk<\/title>\n<meta name=\"robots\" content=\"index, follow, max-snippet:-1, max-image-preview:large, max-video-preview:-1\" \/>\n<link rel=\"canonical\" href=\"https:\/\/web.gtischarging.sk\/index.php\/briggs-stratton\/\" \/>\n<meta property=\"og:locale\" content=\"cs_CZ\" \/>\n<meta property=\"og:type\" content=\"article\" \/>\n<meta property=\"og:title\" content=\"Briggs &amp; Stratton - gtischarging.sk\" \/>\n<meta property=\"og:description\" content=\"6-kolesov\u00e9 plug-in hybridn\u00e9 kup\u00e9 zo 70. rokov pon\u00faklo e-dojazd 100 km Hist\u00f3ria\u00a0n\u00e1m odha\u013euje \u010fal\u0161\u00ed ve\u013emi zauj\u00edmav\u00fd elektrifikovan\u00fd automobil\u00a0Briggs &amp; Stratton Hybrid. Ide o naozaj netradi\u010dn\u00e9 vozidlo so 6 kolesami a plug-in hybridn\u00fdm pohonom od&#046;&#046;&#046;\" \/>\n<meta property=\"og:url\" content=\"https:\/\/web.gtischarging.sk\/index.php\/briggs-stratton\/\" \/>\n<meta property=\"og:site_name\" content=\"gtischarging.sk\" \/>\n<meta property=\"article:publisher\" content=\"https:\/\/www.facebook.com\/gtischarging\" \/>\n<meta property=\"article:modified_time\" content=\"2020-07-15T06:20:11+00:00\" \/>\n<meta property=\"og:image\" content=\"https:\/\/web.gtischarging.sk\/wp-content\/uploads\/2020\/07\/briggs-stratton-hybrid-3-e1584897172684-1024x541-1.jpg\" \/>\n<meta name=\"twitter:card\" content=\"summary_large_image\" \/>\n<meta name=\"twitter:label1\" content=\"Odhadovan\u00e1 doba \u010dten\u00ed\" \/>\n\t<meta name=\"twitter:data1\" content=\"1 minuta\" \/>\n<script type=\"application\/ld+json\" class=\"yoast-schema-graph\">{\"@context\":\"https:\/\/schema.org\",\"@graph\":[{\"@type\":\"WebPage\",\"@id\":\"https:\/\/web.gtischarging.sk\/index.php\/briggs-stratton\/\",\"url\":\"https:\/\/web.gtischarging.sk\/index.php\/briggs-stratton\/\",\"name\":\"Briggs & Stratton - gtischarging.sk\",\"isPartOf\":{\"@id\":\"https:\/\/web.gtischarging.sk\/#website\"},\"datePublished\":\"2020-07-15T06:19:00+00:00\",\"dateModified\":\"2020-07-15T06:20:11+00:00\",\"breadcrumb\":{\"@id\":\"https:\/\/web.gtischarging.sk\/index.php\/briggs-stratton\/#breadcrumb\"},\"inLanguage\":\"cs\",\"potentialAction\":[{\"@type\":\"ReadAction\",\"target\":[\"https:\/\/web.gtischarging.sk\/index.php\/briggs-stratton\/\"]}]},{\"@type\":\"BreadcrumbList\",\"@id\":\"https:\/\/web.gtischarging.sk\/index.php\/briggs-stratton\/#breadcrumb\",\"itemListElement\":[{\"@type\":\"ListItem\",\"position\":1,\"name\":\"Dom\u016f\",\"item\":\"https:\/\/web.gtischarging.sk\/\"},{\"@type\":\"ListItem\",\"position\":2,\"name\":\"Briggs &#038; Stratton\"}]},{\"@type\":\"WebSite\",\"@id\":\"https:\/\/web.gtischarging.sk\/#website\",\"url\":\"https:\/\/web.gtischarging.sk\/\",\"name\":\"gtischarging.sk\",\"description\":\"U n\u00e1s sta\u010d\u00ed prilo\u017ei\u0165 platobn\u00fa kartu\",\"publisher\":{\"@id\":\"https:\/\/web.gtischarging.sk\/#organization\"},\"potentialAction\":[{\"@type\":\"SearchAction\",\"target\":{\"@type\":\"EntryPoint\",\"urlTemplate\":\"https:\/\/web.gtischarging.sk\/?s={search_term_string}\"},\"query-input\":\"required name=search_term_string\"}],\"inLanguage\":\"cs\"},{\"@type\":\"Organization\",\"@id\":\"https:\/\/web.gtischarging.sk\/#organization\",\"name\":\"GTIS charging\",\"url\":\"https:\/\/web.gtischarging.sk\/\",\"logo\":{\"@type\":\"ImageObject\",\"inLanguage\":\"cs\",\"@id\":\"https:\/\/web.gtischarging.sk\/#\/schema\/logo\/image\/\",\"url\":\"https:\/\/web.gtischarging.sk\/wp-content\/uploads\/2020\/03\/logo-180px.png\",\"contentUrl\":\"https:\/\/web.gtischarging.sk\/wp-content\/uploads\/2020\/03\/logo-180px.png\",\"width\":180,\"height\":123,\"caption\":\"GTIS charging\"},\"image\":{\"@id\":\"https:\/\/web.gtischarging.sk\/#\/schema\/logo\/image\/\"},\"sameAs\":[\"https:\/\/www.facebook.com\/gtischarging\"]}]}<\/script>\n<!-- \/ Yoast SEO plugin. -->","yoast_head_json":{"title":"Briggs & Stratton - gtischarging.sk","robots":{"index":"index","follow":"follow","max-snippet":"max-snippet:-1","max-image-preview":"max-image-preview:large","max-video-preview":"max-video-preview:-1"},"canonical":"https:\/\/web.gtischarging.sk\/index.php\/briggs-stratton\/","og_locale":"cs_CZ","og_type":"article","og_title":"Briggs & Stratton - gtischarging.sk","og_description":"6-kolesov\u00e9 plug-in hybridn\u00e9 kup\u00e9 zo 70. rokov pon\u00faklo e-dojazd 100 km Hist\u00f3ria\u00a0n\u00e1m odha\u013euje \u010fal\u0161\u00ed ve\u013emi zauj\u00edmav\u00fd elektrifikovan\u00fd automobil\u00a0Briggs &amp; Stratton Hybrid. Ide o naozaj netradi\u010dn\u00e9 vozidlo so 6 kolesami a plug-in hybridn\u00fdm pohonom od&#46;&#46;&#46;","og_url":"https:\/\/web.gtischarging.sk\/index.php\/briggs-stratton\/","og_site_name":"gtischarging.sk","article_publisher":"https:\/\/www.facebook.com\/gtischarging","article_modified_time":"2020-07-15T06:20:11+00:00","og_image":[{"url":"https:\/\/web.gtischarging.sk\/wp-content\/uploads\/2020\/07\/briggs-stratton-hybrid-3-e1584897172684-1024x541-1.jpg"}],"twitter_card":"summary_large_image","twitter_misc":{"Odhadovan\u00e1 doba \u010dten\u00ed":"1 minuta"},"schema":{"@context":"https:\/\/schema.org","@graph":[{"@type":"WebPage","@id":"https:\/\/web.gtischarging.sk\/index.php\/briggs-stratton\/","url":"https:\/\/web.gtischarging.sk\/index.php\/briggs-stratton\/","name":"Briggs & Stratton - gtischarging.sk","isPartOf":{"@id":"https:\/\/web.gtischarging.sk\/#website"},"datePublished":"2020-07-15T06:19:00+00:00","dateModified":"2020-07-15T06:20:11+00:00","breadcrumb":{"@id":"https:\/\/web.gtischarging.sk\/index.php\/briggs-stratton\/#breadcrumb"},"inLanguage":"cs","potentialAction":[{"@type":"ReadAction","target":["https:\/\/web.gtischarging.sk\/index.php\/briggs-stratton\/"]}]},{"@type":"BreadcrumbList","@id":"https:\/\/web.gtischarging.sk\/index.php\/briggs-stratton\/#breadcrumb","itemListElement":[{"@type":"ListItem","position":1,"name":"Dom\u016f","item":"https:\/\/web.gtischarging.sk\/"},{"@type":"ListItem","position":2,"name":"Briggs &#038; Stratton"}]},{"@type":"WebSite","@id":"https:\/\/web.gtischarging.sk\/#website","url":"https:\/\/web.gtischarging.sk\/","name":"gtischarging.sk","description":"U n\u00e1s sta\u010d\u00ed prilo\u017ei\u0165 platobn\u00fa kartu","publisher":{"@id":"https:\/\/web.gtischarging.sk\/#organization"},"potentialAction":[{"@type":"SearchAction","target":{"@type":"EntryPoint","urlTemplate":"https:\/\/web.gtischarging.sk\/?s={search_term_string}"},"query-input":"required name=search_term_string"}],"inLanguage":"cs"},{"@type":"Organization","@id":"https:\/\/web.gtischarging.sk\/#organization","name":"GTIS charging","url":"https:\/\/web.gtischarging.sk\/","logo":{"@type":"ImageObject","inLanguage":"cs","@id":"https:\/\/web.gtischarging.sk\/#\/schema\/logo\/image\/","url":"https:\/\/web.gtischarging.sk\/wp-content\/uploads\/2020\/03\/logo-180px.png","contentUrl":"https:\/\/web.gtischarging.sk\/wp-content\/uploads\/2020\/03\/logo-180px.png","width":180,"height":123,"caption":"GTIS charging"},"image":{"@id":"https:\/\/web.gtischarging.sk\/#\/schema\/logo\/image\/"},"sameAs":["https:\/\/www.facebook.com\/gtischarging"]}]}},"_links":{"self":[{"href":"https:\/\/web.gtischarging.sk\/index.php\/wp-json\/wp\/v2\/pages\/964"}],"collection":[{"href":"https:\/\/web.gtischarging.sk\/index.php\/wp-json\/wp\/v2\/pages"}],"about":[{"href":"https:\/\/web.gtischarging.sk\/index.php\/wp-json\/wp\/v2\/types\/page"}],"author":[{"embeddable":true,"href":"https:\/\/web.gtischarging.sk\/index.php\/wp-json\/wp\/v2\/users\/5"}],"replies":[{"embeddable":true,"href":"https:\/\/web.gtischarging.sk\/index.php\/wp-json\/wp\/v2\/comments?post=964"}],"version-history":[{"count":1,"href":"https:\/\/web.gtischarging.sk\/index.php\/wp-json\/wp\/v2\/pages\/964\/revisions"}],"predecessor-version":[{"id":970,"href":"https:\/\/web.gtischarging.sk\/index.php\/wp-json\/wp\/v2\/pages\/964\/revisions\/970"}],"wp:attachment":[{"href":"https:\/\/web.gtischarging.sk\/index.php\/wp-json\/wp\/v2\/media?parent=964"}],"curies":[{"name":"wp","href":"https:\/\/api.w.org\/{rel}","templated":true}]}}