 {"id":758,"date":"2020-06-28T22:30:17","date_gmt":"2020-06-28T20:30:17","guid":{"rendered":"https:\/\/web.gtischarging.sk\/?page_id=758"},"modified":"2020-06-28T22:58:56","modified_gmt":"2020-06-28T20:58:56","slug":"seat-predstavil-svoj-prvy-elektromobil","status":"publish","type":"page","link":"https:\/\/web.gtischarging.sk\/index.php\/seat-predstavil-svoj-prvy-elektromobil\/","title":{"rendered":"SEAT predstavil svoj prv\u00fd elektromobil."},"content":{"rendered":"\n<p class=\"has-text-align-center has-large-font-size\"><strong>SEAT predstavil svoj prv\u00fd elektromobil<\/strong><\/p>\n\n\n\n<figure class=\"wp-block-gallery aligncenter columns-1 is-cropped wp-block-gallery-1 is-layout-flex wp-block-gallery-is-layout-flex\"><ul class=\"blocks-gallery-grid\"><li class=\"blocks-gallery-item\"><figure><img decoding=\"async\" loading=\"lazy\" width=\"780\" height=\"358\" src=\"https:\/\/web.gtischarging.sk\/wp-content\/uploads\/2020\/06\/seat_mii_electric_1-1.png\" alt=\"\" data-id=\"760\" data-full-url=\"https:\/\/web.gtischarging.sk\/wp-content\/uploads\/2020\/06\/seat_mii_electric_1-1.png\" data-link=\"https:\/\/web.gtischarging.sk\/?attachment_id=760\" class=\"wp-image-760\" srcset=\"https:\/\/web.gtischarging.sk\/wp-content\/uploads\/2020\/06\/seat_mii_electric_1-1.png 780w, https:\/\/web.gtischarging.sk\/wp-content\/uploads\/2020\/06\/seat_mii_electric_1-1-300x138.png 300w, https:\/\/web.gtischarging.sk\/wp-content\/uploads\/2020\/06\/seat_mii_electric_1-1-768x352.png 768w\" sizes=\"(max-width: 780px) 100vw, 780px\" \/><\/figure><\/li><\/ul><\/figure>\n\n\n\n<p>Automobilka SEAT prestavila svoj prv\u00fd elektromobil, ktor\u00fdm je mestsk\u00fd hatchback&nbsp;<a href=\"https:\/\/www.teslamagazin.sk\/tag\/seat-mii-electric\/\">SEAT Mii Electric<\/a>. Ten pritom patr\u00ed medzi koncernov\u00e9 troji\u010dky \u201enaj\u013eudovej\u0161\u00edch\u201c zna\u010diek koncernu VW.<\/p>\n\n\n\n<p><a href=\"https:\/\/www.teslamagazin.sk\/tag\/seat\">SEAT<\/a>&nbsp;hl\u00e1si, \u017ee predstaven\u00e1 novinka \u0161tartuje elektrick\u00fa \u00e9ru automobilky, pri\u010dom v bl\u00edzkej dobe sa do\u010dk\u00e1me&nbsp;<a href=\"https:\/\/www.teslamagazin.sk\/seat-elektromobily-hybridy-plany\/\">\u010fal\u0161\u00edch elektrifikovan\u00fdch modelov<\/a>. O vozidle Mii Electric pritom hovor\u00ed ako o jednom z cenovo najdostupnej\u0161\u00edch elektromobilov na trhu.<\/p>\n\n\n\n<p class=\"has-text-align-left\"> SEAT Mii Electric vych\u00e1dza z konven\u010dn\u00e9ho spa\u013eovacieho modelu Mii, ktor\u00fd patr\u00ed spolu s\u00a0<a href=\"https:\/\/www.teslamagazin.sk\/vehicle\/volkswagen-e-up-specifikacie\/\">Volkswagenom up<\/a>\u00a0a \u0160kodou Citigo do rodiny\u00a0<a href=\"https:\/\/www.teslamagazin.sk\/tag\/mestske-elektromobily\/\">mestsk\u00fdch<\/a>\u00a0koncernov\u00fdch hatchbackov. Elektromobil\u00a0<a href=\"https:\/\/www.teslamagazin.sk\/skoda-citigoe-iv\/\">\u0160koda Citigoe iV<\/a>\u00a0bol pritom predstaven\u00fd o necel\u00e9 2 t\u00fd\u017edne sk\u00f4r. <\/p>\n\n\n\n<div class=\"wp-block-image\"><figure class=\"aligncenter size-large is-resized\"><img decoding=\"async\" loading=\"lazy\" src=\"https:\/\/web.gtischarging.sk\/wp-content\/uploads\/2020\/06\/seat_mii_electric_2-1.png\" alt=\"\" class=\"wp-image-784\" width=\"679\" height=\"426\" srcset=\"https:\/\/web.gtischarging.sk\/wp-content\/uploads\/2020\/06\/seat_mii_electric_2-1.png 958w, https:\/\/web.gtischarging.sk\/wp-content\/uploads\/2020\/06\/seat_mii_electric_2-1-300x189.png 300w, https:\/\/web.gtischarging.sk\/wp-content\/uploads\/2020\/06\/seat_mii_electric_2-1-768x483.png 768w\" sizes=\"(max-width: 679px) 100vw, 679px\" \/><\/figure><\/div>\n\n\n\n<div class=\"wp-block-group\"><div class=\"wp-block-group__inner-container is-layout-flow wp-block-group-is-layout-flow\">\n<div class=\"wp-block-group\"><div class=\"wp-block-group__inner-container is-layout-flow wp-block-group-is-layout-flow\">\n<div class=\"wp-block-group\"><div class=\"wp-block-group__inner-container is-layout-flow wp-block-group-is-layout-flow\">\n<p class=\"has-large-font-size\"><em><strong>Technika a parametre<\/strong><\/em><\/p>\n\n\n\n<p>Spom\u00ednan\u00e9 koncernov\u00e9&nbsp;<a href=\"https:\/\/www.teslamagazin.sk\/category\/elektromobilita\/elektromobily\/\">elektromobily<\/a>&nbsp;sa s\u00edce mierne l\u00ed\u0161ia dizajnom, najm\u00e4 \u010do sa t\u00fdka prednej \u010dasti, av\u0161ak techniku maj\u00fa v podstate identick\u00fa. Pod kapotou elektrick\u00e9ho SEATu n\u00e1jdeme elektromotor s v\u00fdkonom 61 kW a kr\u00fatiacim momentom 212 Nm (o 2 Nm viac ako v pr\u00edpade \u0160kody).<\/p>\n\n\n\n<p>SEAT uv\u00e1dza, \u017ee jeho novinka zr\u00fdchli z 0 na 50 km\/h za 3,9 s. \u00dadaj o akceler\u00e1cii z 0 na 100 km\/h s\u00edce ch\u00fdba, v tomto smere si v\u0161ak m\u00f4\u017eeme pom\u00f4c\u0165 \u0161pecifik\u00e1ciami \u0160kody Citigoe. T\u00e1 pokor\u00ed \u201estovku\u201c za 12,5 s. Maxim\u00e1lna r\u00fdchlos\u0165 oboch s\u00farodencov sa zastav\u00ed na hodnote 130 km\/h.<br><\/p>\n\n\n\n<div class=\"wp-block-group\"><div class=\"wp-block-group__inner-container is-layout-flow wp-block-group-is-layout-flow\">\n<div class=\"wp-block-image\"><figure class=\"aligncenter size-large is-resized\"><img decoding=\"async\" loading=\"lazy\" src=\"https:\/\/web.gtischarging.sk\/wp-content\/uploads\/2020\/06\/seat_mini_electric_phot-3.png\" alt=\"\" class=\"wp-image-785\" width=\"574\" height=\"288\" srcset=\"https:\/\/web.gtischarging.sk\/wp-content\/uploads\/2020\/06\/seat_mini_electric_phot-3.png 961w, https:\/\/web.gtischarging.sk\/wp-content\/uploads\/2020\/06\/seat_mini_electric_phot-3-300x151.png 300w, https:\/\/web.gtischarging.sk\/wp-content\/uploads\/2020\/06\/seat_mini_electric_phot-3-768x386.png 768w\" sizes=\"(max-width: 574px) 100vw, 574px\" \/><\/figure><\/div>\n\n\n\n<p> Li-ion bat\u00e9ria so slu\u0161nou kapacitou 36,8 kWh zabezpe\u010d\u00ed dojazd 260 km (WLTP), \u010do je o 5 km menej, ako uv\u00e1dza \u0160koda v pr\u00edpade modelu Citogoe iV. Podporuje DC nab\u00edjanie maxim\u00e1lnym v\u00fdkonom 40 kW, v\u010faka \u010domu sa nabije na 80 % za 1 hodinu. Na 7,2 kW AC zdroji energie to trv\u00e1 4 hodiny. <\/p>\n<\/div><\/div>\n<\/div><\/div>\n<\/div><\/div>\n<\/div><\/div>\n\n\n\n<div class=\"wp-block-group\"><div class=\"wp-block-group__inner-container is-layout-flow wp-block-group-is-layout-flow\">\n<div class=\"wp-block-group\"><div class=\"wp-block-group__inner-container is-layout-flow wp-block-group-is-layout-flow\">\n<div class=\"wp-block-group\"><div class=\"wp-block-group__inner-container is-layout-flow wp-block-group-is-layout-flow\">\n<div class=\"wp-block-group\"><div class=\"wp-block-group__inner-container is-layout-flow wp-block-group-is-layout-flow\">\n<h2 class=\"wp-block-heading\">\u0160pecifik\u00e1cie vozidla<\/h2>\n\n\n\n<figure class=\"wp-block-table\"><table class=\"\"><tbody><tr><th>Typ<\/th><td>elektromobil<\/td><\/tr><tr><th>Zna\u010dka<\/th><td>SEAT<\/td><\/tr><tr><th>Model<\/th><td>SEAT Mii Electric<\/td><\/tr><tr><th>Pridan\u00e9<\/th><td>06-2019<\/td><\/tr><tr><th>Cena od<\/th><td>16.300&nbsp;\u20ac<\/td><\/tr><tr><th>Elektrick\u00fd dojazd<\/th><td>260 km<\/td><\/tr><tr><th>Spotreba<\/th><td>&#8211;<\/td><\/tr><\/tbody><\/table><\/figure>\n\n\n\n<figure class=\"wp-block-table\"><table class=\"\"><tbody><tr><th>Rozmery, hmotnos\u0165, bato\u017einov\u00fd priestor<\/th><td>3 597\/1 645\/1 478\/2 422 mm (d\/\u0161\/v\/r\u00e1zvor), &#8211; kg, 250\/923 l<\/td><\/tr><tr><th>Zr\u00fdchlenie (0 &#8211; 100 km\/h), maxim\u00e1lna r\u00fdchlos\u0165<\/th><td>12,5 s; 130 km\/h<\/td><\/tr><tr><th>Nab\u00edjac\u00ed konektor<\/th><td>CCS<\/td><\/tr><tr><th>Kapacita bat\u00e9rie, r\u00fdchlos\u0165 nab\u00edjania<\/th><td>36,8 kWh; 1 hod. (0 &#8211; 80 % pri 40 kW)<\/td><\/tr><tr><th>Karos\u00e9ria<\/th><td>5-dverov\u00fd, 4-miestny hatchback<\/td><\/tr><tr><th>V\u00fdkon<\/th><td>212 Nm, 61 kW (82 hp)<\/td><\/tr><\/tbody><\/table><\/figure>\n<\/div><\/div>\n<\/div><\/div>\n<\/div><\/div>\n<\/div><\/div>\n","protected":false},"excerpt":{"rendered":"<p>SEAT predstavil svoj prv\u00fd elektromobil Automobilka SEAT prestavila svoj prv\u00fd elektromobil, ktor\u00fdm je mestsk\u00fd hatchback&nbsp;SEAT Mii Electric. Ten pritom patr\u00ed medzi koncernov\u00e9 troji\u010dky \u201enaj\u013eudovej\u0161\u00edch\u201c zna\u010diek koncernu VW. SEAT&nbsp;hl\u00e1si, \u017ee predstaven\u00e1 novinka \u0161tartuje elektrick\u00fa \u00e9ru&#46;&#46;&#46;<\/p>\n","protected":false},"author":5,"featured_media":0,"parent":0,"menu_order":0,"comment_status":"closed","ping_status":"closed","template":"","meta":{"footnotes":""},"yoast_head":"<!-- This site is optimized with the Yoast SEO plugin v20.4 - https:\/\/yoast.com\/wordpress\/plugins\/seo\/ -->\n<title>SEAT predstavil svoj prv\u00fd elektromobil. - gtischarging.sk<\/title>\n<meta name=\"robots\" content=\"index, follow, max-snippet:-1, max-image-preview:large, max-video-preview:-1\" \/>\n<link rel=\"canonical\" href=\"https:\/\/web.gtischarging.sk\/index.php\/seat-predstavil-svoj-prvy-elektromobil\/\" \/>\n<meta property=\"og:locale\" content=\"cs_CZ\" \/>\n<meta property=\"og:type\" content=\"article\" \/>\n<meta property=\"og:title\" content=\"SEAT predstavil svoj prv\u00fd elektromobil. - gtischarging.sk\" \/>\n<meta property=\"og:description\" content=\"SEAT predstavil svoj prv\u00fd elektromobil Automobilka SEAT prestavila svoj prv\u00fd elektromobil, ktor\u00fdm je mestsk\u00fd hatchback&nbsp;SEAT Mii Electric. Ten pritom patr\u00ed medzi koncernov\u00e9 troji\u010dky \u201enaj\u013eudovej\u0161\u00edch\u201c zna\u010diek koncernu VW. SEAT&nbsp;hl\u00e1si, \u017ee predstaven\u00e1 novinka \u0161tartuje elektrick\u00fa \u00e9ru&#046;&#046;&#046;\" \/>\n<meta property=\"og:url\" content=\"https:\/\/web.gtischarging.sk\/index.php\/seat-predstavil-svoj-prvy-elektromobil\/\" \/>\n<meta property=\"og:site_name\" content=\"gtischarging.sk\" \/>\n<meta property=\"article:publisher\" content=\"https:\/\/www.facebook.com\/gtischarging\" \/>\n<meta property=\"article:modified_time\" content=\"2020-06-28T20:58:56+00:00\" \/>\n<meta property=\"og:image\" content=\"https:\/\/web.gtischarging.sk\/wp-content\/uploads\/2020\/06\/seat_mii_electric_1-1.png\" \/>\n<meta name=\"twitter:card\" content=\"summary_large_image\" \/>\n<meta name=\"twitter:label1\" content=\"Odhadovan\u00e1 doba \u010dten\u00ed\" \/>\n\t<meta name=\"twitter:data1\" content=\"2 minuty\" \/>\n<script type=\"application\/ld+json\" class=\"yoast-schema-graph\">{\"@context\":\"https:\/\/schema.org\",\"@graph\":[{\"@type\":\"WebPage\",\"@id\":\"https:\/\/web.gtischarging.sk\/index.php\/seat-predstavil-svoj-prvy-elektromobil\/\",\"url\":\"https:\/\/web.gtischarging.sk\/index.php\/seat-predstavil-svoj-prvy-elektromobil\/\",\"name\":\"SEAT predstavil svoj prv\u00fd elektromobil. - gtischarging.sk\",\"isPartOf\":{\"@id\":\"https:\/\/web.gtischarging.sk\/#website\"},\"datePublished\":\"2020-06-28T20:30:17+00:00\",\"dateModified\":\"2020-06-28T20:58:56+00:00\",\"breadcrumb\":{\"@id\":\"https:\/\/web.gtischarging.sk\/index.php\/seat-predstavil-svoj-prvy-elektromobil\/#breadcrumb\"},\"inLanguage\":\"cs\",\"potentialAction\":[{\"@type\":\"ReadAction\",\"target\":[\"https:\/\/web.gtischarging.sk\/index.php\/seat-predstavil-svoj-prvy-elektromobil\/\"]}]},{\"@type\":\"BreadcrumbList\",\"@id\":\"https:\/\/web.gtischarging.sk\/index.php\/seat-predstavil-svoj-prvy-elektromobil\/#breadcrumb\",\"itemListElement\":[{\"@type\":\"ListItem\",\"position\":1,\"name\":\"Dom\u016f\",\"item\":\"https:\/\/web.gtischarging.sk\/\"},{\"@type\":\"ListItem\",\"position\":2,\"name\":\"SEAT predstavil svoj prv\u00fd elektromobil.\"}]},{\"@type\":\"WebSite\",\"@id\":\"https:\/\/web.gtischarging.sk\/#website\",\"url\":\"https:\/\/web.gtischarging.sk\/\",\"name\":\"gtischarging.sk\",\"description\":\"U n\u00e1s sta\u010d\u00ed prilo\u017ei\u0165 platobn\u00fa kartu\",\"publisher\":{\"@id\":\"https:\/\/web.gtischarging.sk\/#organization\"},\"potentialAction\":[{\"@type\":\"SearchAction\",\"target\":{\"@type\":\"EntryPoint\",\"urlTemplate\":\"https:\/\/web.gtischarging.sk\/?s={search_term_string}\"},\"query-input\":\"required name=search_term_string\"}],\"inLanguage\":\"cs\"},{\"@type\":\"Organization\",\"@id\":\"https:\/\/web.gtischarging.sk\/#organization\",\"name\":\"GTIS charging\",\"url\":\"https:\/\/web.gtischarging.sk\/\",\"logo\":{\"@type\":\"ImageObject\",\"inLanguage\":\"cs\",\"@id\":\"https:\/\/web.gtischarging.sk\/#\/schema\/logo\/image\/\",\"url\":\"https:\/\/web.gtischarging.sk\/wp-content\/uploads\/2020\/03\/logo-180px.png\",\"contentUrl\":\"https:\/\/web.gtischarging.sk\/wp-content\/uploads\/2020\/03\/logo-180px.png\",\"width\":180,\"height\":123,\"caption\":\"GTIS charging\"},\"image\":{\"@id\":\"https:\/\/web.gtischarging.sk\/#\/schema\/logo\/image\/\"},\"sameAs\":[\"https:\/\/www.facebook.com\/gtischarging\"]}]}<\/script>\n<!-- \/ Yoast SEO plugin. -->","yoast_head_json":{"title":"SEAT predstavil svoj prv\u00fd elektromobil. - gtischarging.sk","robots":{"index":"index","follow":"follow","max-snippet":"max-snippet:-1","max-image-preview":"max-image-preview:large","max-video-preview":"max-video-preview:-1"},"canonical":"https:\/\/web.gtischarging.sk\/index.php\/seat-predstavil-svoj-prvy-elektromobil\/","og_locale":"cs_CZ","og_type":"article","og_title":"SEAT predstavil svoj prv\u00fd elektromobil. - gtischarging.sk","og_description":"SEAT predstavil svoj prv\u00fd elektromobil Automobilka SEAT prestavila svoj prv\u00fd elektromobil, ktor\u00fdm je mestsk\u00fd hatchback&nbsp;SEAT Mii Electric. Ten pritom patr\u00ed medzi koncernov\u00e9 troji\u010dky \u201enaj\u013eudovej\u0161\u00edch\u201c zna\u010diek koncernu VW. SEAT&nbsp;hl\u00e1si, \u017ee predstaven\u00e1 novinka \u0161tartuje elektrick\u00fa \u00e9ru&#46;&#46;&#46;","og_url":"https:\/\/web.gtischarging.sk\/index.php\/seat-predstavil-svoj-prvy-elektromobil\/","og_site_name":"gtischarging.sk","article_publisher":"https:\/\/www.facebook.com\/gtischarging","article_modified_time":"2020-06-28T20:58:56+00:00","og_image":[{"url":"https:\/\/web.gtischarging.sk\/wp-content\/uploads\/2020\/06\/seat_mii_electric_1-1.png"}],"twitter_card":"summary_large_image","twitter_misc":{"Odhadovan\u00e1 doba \u010dten\u00ed":"2 minuty"},"schema":{"@context":"https:\/\/schema.org","@graph":[{"@type":"WebPage","@id":"https:\/\/web.gtischarging.sk\/index.php\/seat-predstavil-svoj-prvy-elektromobil\/","url":"https:\/\/web.gtischarging.sk\/index.php\/seat-predstavil-svoj-prvy-elektromobil\/","name":"SEAT predstavil svoj prv\u00fd elektromobil. - gtischarging.sk","isPartOf":{"@id":"https:\/\/web.gtischarging.sk\/#website"},"datePublished":"2020-06-28T20:30:17+00:00","dateModified":"2020-06-28T20:58:56+00:00","breadcrumb":{"@id":"https:\/\/web.gtischarging.sk\/index.php\/seat-predstavil-svoj-prvy-elektromobil\/#breadcrumb"},"inLanguage":"cs","potentialAction":[{"@type":"ReadAction","target":["https:\/\/web.gtischarging.sk\/index.php\/seat-predstavil-svoj-prvy-elektromobil\/"]}]},{"@type":"BreadcrumbList","@id":"https:\/\/web.gtischarging.sk\/index.php\/seat-predstavil-svoj-prvy-elektromobil\/#breadcrumb","itemListElement":[{"@type":"ListItem","position":1,"name":"Dom\u016f","item":"https:\/\/web.gtischarging.sk\/"},{"@type":"ListItem","position":2,"name":"SEAT predstavil svoj prv\u00fd elektromobil."}]},{"@type":"WebSite","@id":"https:\/\/web.gtischarging.sk\/#website","url":"https:\/\/web.gtischarging.sk\/","name":"gtischarging.sk","description":"U n\u00e1s sta\u010d\u00ed prilo\u017ei\u0165 platobn\u00fa kartu","publisher":{"@id":"https:\/\/web.gtischarging.sk\/#organization"},"potentialAction":[{"@type":"SearchAction","target":{"@type":"EntryPoint","urlTemplate":"https:\/\/web.gtischarging.sk\/?s={search_term_string}"},"query-input":"required name=search_term_string"}],"inLanguage":"cs"},{"@type":"Organization","@id":"https:\/\/web.gtischarging.sk\/#organization","name":"GTIS charging","url":"https:\/\/web.gtischarging.sk\/","logo":{"@type":"ImageObject","inLanguage":"cs","@id":"https:\/\/web.gtischarging.sk\/#\/schema\/logo\/image\/","url":"https:\/\/web.gtischarging.sk\/wp-content\/uploads\/2020\/03\/logo-180px.png","contentUrl":"https:\/\/web.gtischarging.sk\/wp-content\/uploads\/2020\/03\/logo-180px.png","width":180,"height":123,"caption":"GTIS charging"},"image":{"@id":"https:\/\/web.gtischarging.sk\/#\/schema\/logo\/image\/"},"sameAs":["https:\/\/www.facebook.com\/gtischarging"]}]}},"_links":{"self":[{"href":"https:\/\/web.gtischarging.sk\/index.php\/wp-json\/wp\/v2\/pages\/758"}],"collection":[{"href":"https:\/\/web.gtischarging.sk\/index.php\/wp-json\/wp\/v2\/pages"}],"about":[{"href":"https:\/\/web.gtischarging.sk\/index.php\/wp-json\/wp\/v2\/types\/page"}],"author":[{"embeddable":true,"href":"https:\/\/web.gtischarging.sk\/index.php\/wp-json\/wp\/v2\/users\/5"}],"replies":[{"embeddable":true,"href":"https:\/\/web.gtischarging.sk\/index.php\/wp-json\/wp\/v2\/comments?post=758"}],"version-history":[{"count":13,"href":"https:\/\/web.gtischarging.sk\/index.php\/wp-json\/wp\/v2\/pages\/758\/revisions"}],"predecessor-version":[{"id":853,"href":"https:\/\/web.gtischarging.sk\/index.php\/wp-json\/wp\/v2\/pages\/758\/revisions\/853"}],"wp:attachment":[{"href":"https:\/\/web.gtischarging.sk\/index.php\/wp-json\/wp\/v2\/media?parent=758"}],"curies":[{"name":"wp","href":"https:\/\/api.w.org\/{rel}","templated":true}]}}