 {"id":3750,"date":"2022-10-25T08:13:33","date_gmt":"2022-10-25T06:13:33","guid":{"rendered":"https:\/\/web.gtischarging.sk\/?page_id=3750"},"modified":"2022-10-25T08:13:35","modified_gmt":"2022-10-25T06:13:35","slug":"lingbox-box-pro","status":"publish","type":"page","link":"https:\/\/web.gtischarging.sk\/index.php\/lingbox-box-pro\/","title":{"rendered":"Lingbox BOX PRO"},"content":{"rendered":"\n<figure class=\"wp-block-image size-full\"><img decoding=\"async\" loading=\"lazy\" width=\"945\" height=\"441\" src=\"https:\/\/web.gtischarging.sk\/wp-content\/uploads\/2022\/10\/dasdf.png\" alt=\"\" class=\"wp-image-3765\" srcset=\"https:\/\/web.gtischarging.sk\/wp-content\/uploads\/2022\/10\/dasdf.png 945w, https:\/\/web.gtischarging.sk\/wp-content\/uploads\/2022\/10\/dasdf-300x140.png 300w, https:\/\/web.gtischarging.sk\/wp-content\/uploads\/2022\/10\/dasdf-768x358.png 768w\" sizes=\"(max-width: 945px) 100vw, 945px\" \/><\/figure>\n\n\n\n<h1 class=\"has-text-align-center wp-block-heading\">Lingbox BOX PRO nov\u00fd v segmente mini EV<\/h1>\n\n\n\n<p>Dc\u00e9rska spolo\u010dnos\u0165\u00a0<strong>Lingbox Automobile<\/strong>, ofici\u00e1lne uviedla 18. j\u00fana 2022 na trh 4 nov\u00e9 elektrick\u00e9 modely\u00a0<strong>Lingbox BOX Pro<\/strong>\u00a0s cenov\u00fdm rozp\u00e4t\u00edm 46 800 \u2013 68 800 juanov ( pribli\u017ene\u00a0<strong>6\u00a0706\u00a0<\/strong>a\u017e<strong>\u00a09\u00a0859 eur\u00a0<\/strong>pod\u013ea aktu\u00e1lneho kurzu NBS). Nov\u00e9 auto mo\u017eno pova\u017eova\u0165 za vylep\u0161en\u00fa verziu\u00a0<strong>Lingbox BOX<\/strong>\u00a0ktor\u00fdch interi\u00e9r bol prepracovan\u00fd tak, aby vyzeral m\u00f3dnej\u0161ie a trendovej\u0161\u00ed. Vzh\u013ead a konfigur\u00e1cia vozidla s\u00fa v\u0161ak v z\u00e1sade nezmenen\u00e9.<\/p>\n\n\n\n<p>Pokia\u013e ide o vzh\u013ead, predn\u00e1 strana\u00a0vyu\u017e\u00edva jednoduch\u00fa formu dizajnu. Tradi\u010dn\u00e1 oblas\u0165 mrie\u017eky nas\u00e1vania vzduchu je zaslepen\u00e1, zatia\u013e \u010do pr\u00edvod chladiaceho vzduchu pre motorov\u00fd priestor je v\u00a0prednej \u010dasti masky. Je posunut\u00fd a\u017e na jej spodn\u00fa \u010das\u0165, pri\u010dom \u00a0\u013eav\u00e1 a prav\u00e1 strana prednej masky je ohrani\u010den\u00e1 ostr\u00fdmi l\u00edniami. Okrem toho je nov\u00fd automobil vybaven\u00fd okr\u00fahlymi svetlometmi. Dia\u013ekov\u00e9 a stret\u00e1vacie svetl\u00e1 s\u00fa halog\u00e9nov\u00e9 sveteln\u00e9 zdroje, zatia\u013e \u010do denn\u00e9 svetl\u00e1 s\u00fa v\u00a0LED preveden\u00ed.<\/p>\n\n\n\n<p>Bo\u010dn\u00fd profil nov\u00e9ho auta v podstate pokra\u010duje v dizajne p\u00f4vodn\u00e9ho&nbsp;<strong>Lingbox BOX<\/strong>&nbsp;s&nbsp;d\u013a\u017ekou karos\u00e9rie&nbsp;<strong>3584mm<\/strong>&nbsp;, \u0161\u00edrkou&nbsp;<strong>1475 mm<\/strong>&nbsp;a v\u00fd\u0161kou&nbsp;<strong>1666 mm<\/strong>&nbsp;pri r\u00e1zvore n\u00e1prav&nbsp;<strong>2455 mm<\/strong>. Zadn\u00e9 svetl\u00e1&nbsp;<strong>Lingbox BOX Pro<\/strong>&nbsp;maj\u00fa v zadnej \u010dasti tie\u017e kruhov\u00fd tvar, ktor\u00fd sa odr\u00e1\u017ea od predn\u00fdch svetiel.<\/p>\n\n\n\n<figure class=\"wp-block-gallery has-nested-images columns-default is-cropped wp-block-gallery-1 is-layout-flex wp-block-gallery-is-layout-flex\">\n<figure class=\"wp-block-image size-large\"><img decoding=\"async\" loading=\"lazy\" width=\"945\" height=\"524\" data-id=\"3766\" src=\"https:\/\/web.gtischarging.sk\/wp-content\/uploads\/2022\/10\/image-31-1.png\" alt=\"\" class=\"wp-image-3766\" srcset=\"https:\/\/web.gtischarging.sk\/wp-content\/uploads\/2022\/10\/image-31-1.png 945w, https:\/\/web.gtischarging.sk\/wp-content\/uploads\/2022\/10\/image-31-1-300x166.png 300w, https:\/\/web.gtischarging.sk\/wp-content\/uploads\/2022\/10\/image-31-1-768x426.png 768w\" sizes=\"(max-width: 945px) 100vw, 945px\" \/><\/figure>\n\n\n\n<figure class=\"wp-block-image\"><img decoding=\"async\" data-id=\"4892\" src=\"https:\/\/www.elektro-vozidla.sk\/wp-content\/uploads\/2022\/09\/image-35.png\" alt=\"\" class=\"wp-image-4892\"\/><\/figure>\n<\/figure>\n\n\n\n<p><a href=\"https:\/\/web.gtischarging.sk\/index.php\/autosalon\/elektromobily\/\">Elektrick\u00e9<\/a> modely\u00a0s n\u00edzkou a strednou v\u00fdbavou bud\u00fa vybaven\u00e9 hnac\u00edm motorom s maxim\u00e1lnym v\u00fdkonom\u00a0<strong>30 kW<\/strong>\u00a0a maxim\u00e1lnym kr\u00fatiacim momentom\u00a0<strong>95 Nm<\/strong>. Vrcholn\u00e1 verzia motora bude ma\u0165 maxim\u00e1lny v\u00fdkon\u00a0<strong>35 kW<\/strong>\u00a0a maxim\u00e1lny kr\u00fatiaci moment\u00a0<strong>125 Nm<\/strong>. Okrem toho nov\u00fd automobil poskytne tri verzie CLTC <a href=\"https:\/\/web.gtischarging.sk\/index.php\/baterie\/\">bat\u00e9rie<\/a> \u00a0s dojazdom\u00a0<strong>145 km<\/strong>,\u00a0<strong>205 km<\/strong>\u00a0a\u00a0<strong>320 km<\/strong>.<\/p>\n\n\n\n<p><strong>Interi\u00e9r<\/strong>\u00a0elektromobilu\u00a0<strong>Lingbox BOX Pro<\/strong>\u00a0charakterizuje prepracovan\u00e1 stredov\u00e1 konzola doplnen\u00e1 o ru\u017eov\u00fa farebn\u00fa sch\u00e9mu. T\u00e1to sch\u00e9ma p\u00f4sob\u00ed usporiadanej\u0161ie a m\u00f3dnej\u0161ie ako u\u00a0p\u00f4vodn\u00e9ho Lingbox BOX. Cel\u00e1 s\u00e9ria nov\u00fdch elektrick\u00fdch \u00e1ut je navy\u0161e vybaven\u00e1 pl\u00e1vaj\u00facou centr\u00e1lnou obrazovkou multimedi\u00e1lneho syst\u00e9mu.<\/p>\n\n\n\n<figure class=\"wp-block-gallery has-nested-images columns-default is-cropped wp-block-gallery-3 is-layout-flex wp-block-gallery-is-layout-flex\">\n<figure class=\"wp-block-image size-large\"><img decoding=\"async\" loading=\"lazy\" width=\"945\" height=\"600\" data-id=\"3769\" src=\"https:\/\/web.gtischarging.sk\/wp-content\/uploads\/2022\/10\/image-28-3.png\" alt=\"\" class=\"wp-image-3769\" srcset=\"https:\/\/web.gtischarging.sk\/wp-content\/uploads\/2022\/10\/image-28-3.png 945w, https:\/\/web.gtischarging.sk\/wp-content\/uploads\/2022\/10\/image-28-3-300x190.png 300w, https:\/\/web.gtischarging.sk\/wp-content\/uploads\/2022\/10\/image-28-3-768x488.png 768w\" sizes=\"(max-width: 945px) 100vw, 945px\" \/><\/figure>\n\n\n\n<figure class=\"wp-block-image size-large\"><img decoding=\"async\" loading=\"lazy\" width=\"945\" height=\"608\" data-id=\"3768\" src=\"https:\/\/web.gtischarging.sk\/wp-content\/uploads\/2022\/10\/image-37-3-1.png\" alt=\"\" class=\"wp-image-3768\" srcset=\"https:\/\/web.gtischarging.sk\/wp-content\/uploads\/2022\/10\/image-37-3-1.png 945w, https:\/\/web.gtischarging.sk\/wp-content\/uploads\/2022\/10\/image-37-3-1-300x193.png 300w, https:\/\/web.gtischarging.sk\/wp-content\/uploads\/2022\/10\/image-37-3-1-768x494.png 768w\" sizes=\"(max-width: 945px) 100vw, 945px\" \/><\/figure>\n\n\n\n<figure class=\"wp-block-image\"><img decoding=\"async\" data-id=\"4886\" src=\"https:\/\/www.elektro-vozidla.sk\/wp-content\/uploads\/2022\/09\/image-29.png\" alt=\"\" class=\"wp-image-4886\"\/><\/figure>\n<\/figure>\n\n\n\n<p>Ve\u013ekos\u0165 centr\u00e1lnej obrazovky najvy\u0161\u0161ieho modelu dosiahne 10,1 palca. Po prepracovan\u00ed sa zmenilo aj usporiadanie oblasti ovl\u00e1dania klimatiz\u00e1cie na horizont\u00e1lnom pulte pod centr\u00e1lnou obrazovkou a okolo tla\u010didiel a gomb\u00edkov pribudlo \u010dierne lakovanie vo vysokom lesku.<\/p>\n\n\n\n<figure class=\"wp-block-image\"><img decoding=\"async\" src=\"https:\/\/www.elektro-vozidla.sk\/wp-content\/uploads\/2022\/09\/image-26.png\" alt=\"\" class=\"wp-image-4883\"\/><\/figure>\n\n\n\n<p>Zdroj:&nbsp;<a href=\"https:\/\/www.chinapev.com\/ev-2\/lingbox\/chinese-mini-ev-lingbox-box-pro-is-a-new-box-ev\/\">chinapev<\/a><\/p>\n","protected":false},"excerpt":{"rendered":"<p>Lingbox BOX PRO nov\u00fd v segmente mini EV Dc\u00e9rska spolo\u010dnos\u0165\u00a0Lingbox Automobile, ofici\u00e1lne uviedla 18. j\u00fana 2022 na trh 4 nov\u00e9 elektrick\u00e9 modely\u00a0Lingbox BOX Pro\u00a0s cenov\u00fdm rozp\u00e4t\u00edm 46 800 \u2013 68 800 juanov ( pribli\u017ene\u00a06\u00a0706\u00a0a\u017e\u00a09\u00a0859&#46;&#46;&#46;<\/p>\n","protected":false},"author":8,"featured_media":0,"parent":0,"menu_order":0,"comment_status":"closed","ping_status":"closed","template":"","meta":{"footnotes":""},"yoast_head":"<!-- This site is optimized with the Yoast SEO plugin v20.4 - https:\/\/yoast.com\/wordpress\/plugins\/seo\/ -->\n<title>Lingbox BOX PRO - gtischarging.sk<\/title>\n<meta name=\"description\" content=\"Nov\u00e9 auto mo\u017eno pova\u017eova\u0165 za vylep\u0161en\u00fa verziu\u00a0Lingbox BOX\u00a0ktor\u00fdch interi\u00e9r bol prepracovan\u00fd tak, aby vyzeral m\u00f3dnej\u0161ie a trendovej\u0161ie.\" \/>\n<meta name=\"robots\" content=\"index, follow, max-snippet:-1, max-image-preview:large, max-video-preview:-1\" \/>\n<link rel=\"canonical\" href=\"https:\/\/web.gtischarging.sk\/index.php\/lingbox-box-pro\/\" \/>\n<meta property=\"og:locale\" content=\"cs_CZ\" \/>\n<meta property=\"og:type\" content=\"article\" \/>\n<meta property=\"og:title\" content=\"Lingbox BOX PRO - gtischarging.sk\" \/>\n<meta property=\"og:description\" content=\"Nov\u00e9 auto mo\u017eno pova\u017eova\u0165 za vylep\u0161en\u00fa verziu\u00a0Lingbox BOX\u00a0ktor\u00fdch interi\u00e9r bol prepracovan\u00fd tak, aby vyzeral m\u00f3dnej\u0161ie a trendovej\u0161ie.\" \/>\n<meta property=\"og:url\" content=\"https:\/\/web.gtischarging.sk\/index.php\/lingbox-box-pro\/\" \/>\n<meta property=\"og:site_name\" content=\"gtischarging.sk\" \/>\n<meta property=\"article:publisher\" content=\"https:\/\/www.facebook.com\/gtischarging\" \/>\n<meta property=\"article:modified_time\" content=\"2022-10-25T06:13:35+00:00\" \/>\n<meta property=\"og:image\" content=\"https:\/\/web.gtischarging.sk\/wp-content\/uploads\/2022\/10\/dasdf.png\" \/>\n<meta name=\"twitter:card\" content=\"summary_large_image\" \/>\n<meta name=\"twitter:label1\" content=\"Odhadovan\u00e1 doba \u010dten\u00ed\" \/>\n\t<meta name=\"twitter:data1\" content=\"4 minuty\" \/>\n<script type=\"application\/ld+json\" class=\"yoast-schema-graph\">{\"@context\":\"https:\/\/schema.org\",\"@graph\":[{\"@type\":\"WebPage\",\"@id\":\"https:\/\/web.gtischarging.sk\/index.php\/lingbox-box-pro\/\",\"url\":\"https:\/\/web.gtischarging.sk\/index.php\/lingbox-box-pro\/\",\"name\":\"Lingbox BOX PRO - gtischarging.sk\",\"isPartOf\":{\"@id\":\"https:\/\/web.gtischarging.sk\/#website\"},\"datePublished\":\"2022-10-25T06:13:33+00:00\",\"dateModified\":\"2022-10-25T06:13:35+00:00\",\"description\":\"Nov\u00e9 auto mo\u017eno pova\u017eova\u0165 za vylep\u0161en\u00fa verziu\u00a0Lingbox BOX\u00a0ktor\u00fdch interi\u00e9r bol prepracovan\u00fd tak, aby vyzeral m\u00f3dnej\u0161ie a trendovej\u0161ie.\",\"breadcrumb\":{\"@id\":\"https:\/\/web.gtischarging.sk\/index.php\/lingbox-box-pro\/#breadcrumb\"},\"inLanguage\":\"cs\",\"potentialAction\":[{\"@type\":\"ReadAction\",\"target\":[\"https:\/\/web.gtischarging.sk\/index.php\/lingbox-box-pro\/\"]}]},{\"@type\":\"BreadcrumbList\",\"@id\":\"https:\/\/web.gtischarging.sk\/index.php\/lingbox-box-pro\/#breadcrumb\",\"itemListElement\":[{\"@type\":\"ListItem\",\"position\":1,\"name\":\"Dom\u016f\",\"item\":\"https:\/\/web.gtischarging.sk\/\"},{\"@type\":\"ListItem\",\"position\":2,\"name\":\"Lingbox BOX PRO\"}]},{\"@type\":\"WebSite\",\"@id\":\"https:\/\/web.gtischarging.sk\/#website\",\"url\":\"https:\/\/web.gtischarging.sk\/\",\"name\":\"gtischarging.sk\",\"description\":\"U n\u00e1s sta\u010d\u00ed prilo\u017ei\u0165 platobn\u00fa kartu\",\"publisher\":{\"@id\":\"https:\/\/web.gtischarging.sk\/#organization\"},\"potentialAction\":[{\"@type\":\"SearchAction\",\"target\":{\"@type\":\"EntryPoint\",\"urlTemplate\":\"https:\/\/web.gtischarging.sk\/?s={search_term_string}\"},\"query-input\":\"required name=search_term_string\"}],\"inLanguage\":\"cs\"},{\"@type\":\"Organization\",\"@id\":\"https:\/\/web.gtischarging.sk\/#organization\",\"name\":\"GTIS charging\",\"url\":\"https:\/\/web.gtischarging.sk\/\",\"logo\":{\"@type\":\"ImageObject\",\"inLanguage\":\"cs\",\"@id\":\"https:\/\/web.gtischarging.sk\/#\/schema\/logo\/image\/\",\"url\":\"https:\/\/web.gtischarging.sk\/wp-content\/uploads\/2020\/03\/logo-180px.png\",\"contentUrl\":\"https:\/\/web.gtischarging.sk\/wp-content\/uploads\/2020\/03\/logo-180px.png\",\"width\":180,\"height\":123,\"caption\":\"GTIS charging\"},\"image\":{\"@id\":\"https:\/\/web.gtischarging.sk\/#\/schema\/logo\/image\/\"},\"sameAs\":[\"https:\/\/www.facebook.com\/gtischarging\"]}]}<\/script>\n<!-- \/ Yoast SEO plugin. -->","yoast_head_json":{"title":"Lingbox BOX PRO - gtischarging.sk","description":"Nov\u00e9 auto mo\u017eno pova\u017eova\u0165 za vylep\u0161en\u00fa verziu\u00a0Lingbox BOX\u00a0ktor\u00fdch interi\u00e9r bol prepracovan\u00fd tak, aby vyzeral m\u00f3dnej\u0161ie a trendovej\u0161ie.","robots":{"index":"index","follow":"follow","max-snippet":"max-snippet:-1","max-image-preview":"max-image-preview:large","max-video-preview":"max-video-preview:-1"},"canonical":"https:\/\/web.gtischarging.sk\/index.php\/lingbox-box-pro\/","og_locale":"cs_CZ","og_type":"article","og_title":"Lingbox BOX PRO - gtischarging.sk","og_description":"Nov\u00e9 auto mo\u017eno pova\u017eova\u0165 za vylep\u0161en\u00fa verziu\u00a0Lingbox BOX\u00a0ktor\u00fdch interi\u00e9r bol prepracovan\u00fd tak, aby vyzeral m\u00f3dnej\u0161ie a trendovej\u0161ie.","og_url":"https:\/\/web.gtischarging.sk\/index.php\/lingbox-box-pro\/","og_site_name":"gtischarging.sk","article_publisher":"https:\/\/www.facebook.com\/gtischarging","article_modified_time":"2022-10-25T06:13:35+00:00","og_image":[{"url":"https:\/\/web.gtischarging.sk\/wp-content\/uploads\/2022\/10\/dasdf.png"}],"twitter_card":"summary_large_image","twitter_misc":{"Odhadovan\u00e1 doba \u010dten\u00ed":"4 minuty"},"schema":{"@context":"https:\/\/schema.org","@graph":[{"@type":"WebPage","@id":"https:\/\/web.gtischarging.sk\/index.php\/lingbox-box-pro\/","url":"https:\/\/web.gtischarging.sk\/index.php\/lingbox-box-pro\/","name":"Lingbox BOX PRO - gtischarging.sk","isPartOf":{"@id":"https:\/\/web.gtischarging.sk\/#website"},"datePublished":"2022-10-25T06:13:33+00:00","dateModified":"2022-10-25T06:13:35+00:00","description":"Nov\u00e9 auto mo\u017eno pova\u017eova\u0165 za vylep\u0161en\u00fa verziu\u00a0Lingbox BOX\u00a0ktor\u00fdch interi\u00e9r bol prepracovan\u00fd tak, aby vyzeral m\u00f3dnej\u0161ie a trendovej\u0161ie.","breadcrumb":{"@id":"https:\/\/web.gtischarging.sk\/index.php\/lingbox-box-pro\/#breadcrumb"},"inLanguage":"cs","potentialAction":[{"@type":"ReadAction","target":["https:\/\/web.gtischarging.sk\/index.php\/lingbox-box-pro\/"]}]},{"@type":"BreadcrumbList","@id":"https:\/\/web.gtischarging.sk\/index.php\/lingbox-box-pro\/#breadcrumb","itemListElement":[{"@type":"ListItem","position":1,"name":"Dom\u016f","item":"https:\/\/web.gtischarging.sk\/"},{"@type":"ListItem","position":2,"name":"Lingbox BOX PRO"}]},{"@type":"WebSite","@id":"https:\/\/web.gtischarging.sk\/#website","url":"https:\/\/web.gtischarging.sk\/","name":"gtischarging.sk","description":"U n\u00e1s sta\u010d\u00ed prilo\u017ei\u0165 platobn\u00fa kartu","publisher":{"@id":"https:\/\/web.gtischarging.sk\/#organization"},"potentialAction":[{"@type":"SearchAction","target":{"@type":"EntryPoint","urlTemplate":"https:\/\/web.gtischarging.sk\/?s={search_term_string}"},"query-input":"required name=search_term_string"}],"inLanguage":"cs"},{"@type":"Organization","@id":"https:\/\/web.gtischarging.sk\/#organization","name":"GTIS charging","url":"https:\/\/web.gtischarging.sk\/","logo":{"@type":"ImageObject","inLanguage":"cs","@id":"https:\/\/web.gtischarging.sk\/#\/schema\/logo\/image\/","url":"https:\/\/web.gtischarging.sk\/wp-content\/uploads\/2020\/03\/logo-180px.png","contentUrl":"https:\/\/web.gtischarging.sk\/wp-content\/uploads\/2020\/03\/logo-180px.png","width":180,"height":123,"caption":"GTIS charging"},"image":{"@id":"https:\/\/web.gtischarging.sk\/#\/schema\/logo\/image\/"},"sameAs":["https:\/\/www.facebook.com\/gtischarging"]}]}},"_links":{"self":[{"href":"https:\/\/web.gtischarging.sk\/index.php\/wp-json\/wp\/v2\/pages\/3750"}],"collection":[{"href":"https:\/\/web.gtischarging.sk\/index.php\/wp-json\/wp\/v2\/pages"}],"about":[{"href":"https:\/\/web.gtischarging.sk\/index.php\/wp-json\/wp\/v2\/types\/page"}],"author":[{"embeddable":true,"href":"https:\/\/web.gtischarging.sk\/index.php\/wp-json\/wp\/v2\/users\/8"}],"replies":[{"embeddable":true,"href":"https:\/\/web.gtischarging.sk\/index.php\/wp-json\/wp\/v2\/comments?post=3750"}],"version-history":[{"count":2,"href":"https:\/\/web.gtischarging.sk\/index.php\/wp-json\/wp\/v2\/pages\/3750\/revisions"}],"predecessor-version":[{"id":3770,"href":"https:\/\/web.gtischarging.sk\/index.php\/wp-json\/wp\/v2\/pages\/3750\/revisions\/3770"}],"wp:attachment":[{"href":"https:\/\/web.gtischarging.sk\/index.php\/wp-json\/wp\/v2\/media?parent=3750"}],"curies":[{"name":"wp","href":"https:\/\/api.w.org\/{rel}","templated":true}]}}