 {"id":3646,"date":"2022-08-25T14:23:11","date_gmt":"2022-08-25T12:23:11","guid":{"rendered":"https:\/\/web.gtischarging.sk\/?page_id=3646"},"modified":"2022-08-25T14:27:52","modified_gmt":"2022-08-25T12:27:52","slug":"sehol-aipao","status":"publish","type":"page","link":"https:\/\/web.gtischarging.sk\/index.php\/sehol-aipao\/","title":{"rendered":"Sehol Aipao"},"content":{"rendered":"\n<figure class=\"wp-block-image size-full is-resized\"><img decoding=\"async\" loading=\"lazy\" src=\"https:\/\/web.gtischarging.sk\/wp-content\/uploads\/2022\/08\/image-202.png\" alt=\"\" class=\"wp-image-3647\" width=\"1065\" height=\"480\" srcset=\"https:\/\/web.gtischarging.sk\/wp-content\/uploads\/2022\/08\/image-202.png 945w, https:\/\/web.gtischarging.sk\/wp-content\/uploads\/2022\/08\/image-202-300x135.png 300w, https:\/\/web.gtischarging.sk\/wp-content\/uploads\/2022\/08\/image-202-768x346.png 768w\" sizes=\"(max-width: 1065px) 100vw, 1065px\" \/><\/figure>\n\n\n\n<h1 class=\"has-text-align-center wp-block-heading\">Sehol Aipao (r\u00e1d behaj\u00faci) elektrick\u00fd fastback od JAC<\/h1>\n\n\n\n<p><\/p>\n\n\n\n<p>\u010c\u00ednsky automobilov\u00fd koncern<a href=\"https:\/\/www.jac.com.cn\/\">&nbsp;<strong>JAC<\/strong>&nbsp;<\/a>uviedol na trh pod zna\u010dkou&nbsp;<strong>Sehol<\/strong>&nbsp;plne elektrick\u00fd sedan pod ozna\u010den\u00edm&nbsp;<strong>Aipao.&nbsp;<\/strong>Nov\u00fd<strong>&nbsp;Sehol Aipao<\/strong>&nbsp;bol uveden\u00fd na \u010d\u00ednsky automobilov\u00fd trh 28. j\u00fala 2022 a je to vlastne mierne modifikovan\u00fd elektrick\u00fd sedan<a href=\"https:\/\/www.jac.com.cn\/jacweb\/shnewcar\/\">&nbsp;<strong>E50A<\/strong><\/a>&nbsp;uveden\u00fd na trh pred rokom pod zna\u010dkou&nbsp;<strong>SOL<\/strong>&nbsp;. \u010co je ale obzvl\u00e1\u0161\u0165 pote\u0161ite\u013en\u00e9, namiesto n\u00e1rastu ceny za nov\u00fd model (ku ktor\u00fdm sme si tak \u013eahko zvykli v Eur\u00f3pe), cena obnoven\u00e9ho modelu za\u010d\u00edna na 130 000 juanoch (pribli\u017ene&nbsp;<strong>19&nbsp;027 eur&nbsp;<\/strong>pod\u013ea aktu\u00e1lneho kurzu NBS), \u010do je o zop\u00e1r stoviek menej, ako p\u00fdtal&nbsp;<strong>JAC&nbsp;<\/strong>za v\u00fdchodiskov\u00fd model&nbsp;<strong>SOL<\/strong>&nbsp;<strong>E50A<\/strong>&nbsp;.<\/p>\n\n\n\n<p><strong>Sehol<\/strong>&nbsp;(\u601d\u7693) je zna\u010dka patriaca pod&nbsp;<strong>JAC<\/strong>, zalo\u017een\u00e1 v roku 2020. Zna\u010dka sa p\u00f4vodne volala&nbsp;<strong>SOL<\/strong>&nbsp;a bola vlastnen\u00e1 spolo\u010dn\u00fdm podnikom medzi&nbsp;<strong>JAC<\/strong>&nbsp;a&nbsp;<strong>Volkswagenom<\/strong>. Pl\u00e1nom zna\u010dky bolo vyr\u00e1ba\u0165 cenovo dostupn\u00e9 elektromobily zalo\u017een\u00e9 na platform\u00e1ch vyvinut\u00fdch spolo\u010dnos\u0165ou&nbsp;<strong>JAC<\/strong>. Spolo\u010dn\u00fd podnik uviedol na trh iba jeden elektromobil,&nbsp;<strong>SOL E20X<\/strong>, zalo\u017een\u00fd na&nbsp;<strong>JAC iEV7s<\/strong>. <\/p>\n\n\n\n<p>Volkswagen potom zmenil n\u00e1zor a rozhodol sa k\u00fapi\u0165 v\u00e4\u010d\u0161inov\u00fd podiel v spolo\u010dnom podniku a pou\u017ei\u0165 ho na v\u00fdrobu automobilov zna\u010dky Volkswagen na vlastnej platforme MEB. Spolo\u010dn\u00fd podnik bol premenovan\u00fd z&nbsp;<strong>JAC Volkswagen<\/strong>&nbsp;na&nbsp;<strong>Volkswagen Anhui<\/strong>. Anhui je mesto, kde s\u00eddli tov\u00e1re\u0148. To znamenalo, \u017ee zna\u010dka&nbsp;<strong>SOL<\/strong>&nbsp;u\u017e nemala vyu\u017eitie.&nbsp;<strong>JAC<\/strong>&nbsp;ju prevzal a premenoval na&nbsp;<strong>Sehol<\/strong>. \u010c\u00ednsky n\u00e1zov \u601d\u7693 (Sihao) zost\u00e1va rovnak\u00fd.<\/p>\n\n\n\n<p>Spolo\u010dnos\u0165&nbsp;<strong>JAC<\/strong>&nbsp;potom za\u010dala pren\u00e1\u0161a\u0165 svoje osobn\u00e9 aut\u00e1 Refine a Jiayue pod zna\u010dkou&nbsp;<strong>Sehol<\/strong>&nbsp;a to ako benz\u00ednov\u00e9, tak aj elektrick\u00e9. Z p\u00f4vodnej zna\u010dky SOL prevzala nov\u00e1 zna\u010dka elektrick\u00e9 modely&nbsp;<strong>E10X<\/strong>, \u010do je mestsk\u00e9 miniauto, elektrick\u00fd crossover&nbsp;<strong>E40<\/strong>&nbsp;a elektrick\u00fd sedan&nbsp;<strong>E50A<\/strong>. JAC&nbsp;<strong>Sehol Aipao<\/strong>&nbsp;je zalo\u017een\u00fd na benz\u00ednovom anal\u00f3gu&nbsp;<strong>Yao<\/strong>&nbsp;a&nbsp;predch\u00e1dzaj\u00facom elektrickom sedane&nbsp;<strong><a href=\"https:\/\/www.elektro-vozidla.sk\/novy-elektricky-sedan-jac-sihao-e50a-pro-prisiel-do-predajnych-centier\/\">E50A<\/a><\/strong>.&nbsp;<strong>Aipao<\/strong>&nbsp;(\u7231\u8dd1) v \u010d\u00edn\u0161tine znamen\u00e1 \u201er\u00e1d behaj\u00faci\u201c.<\/p>\n\n\n\n<figure class=\"wp-block-gallery has-nested-images columns-default is-cropped wp-block-gallery-1 is-layout-flex wp-block-gallery-is-layout-flex\">\n<figure class=\"wp-block-image size-large\"><img decoding=\"async\" loading=\"lazy\" width=\"945\" height=\"709\" data-id=\"3650\" src=\"https:\/\/web.gtischarging.sk\/wp-content\/uploads\/2022\/08\/image-209-1.png\" alt=\"\" class=\"wp-image-3650\" srcset=\"https:\/\/web.gtischarging.sk\/wp-content\/uploads\/2022\/08\/image-209-1.png 945w, https:\/\/web.gtischarging.sk\/wp-content\/uploads\/2022\/08\/image-209-1-300x225.png 300w, https:\/\/web.gtischarging.sk\/wp-content\/uploads\/2022\/08\/image-209-1-768x576.png 768w\" sizes=\"(max-width: 945px) 100vw, 945px\" \/><\/figure>\n\n\n\n<figure class=\"wp-block-image size-large\"><img decoding=\"async\" loading=\"lazy\" width=\"945\" height=\"709\" data-id=\"3649\" src=\"https:\/\/web.gtischarging.sk\/wp-content\/uploads\/2022\/08\/image-207.png\" alt=\"\" class=\"wp-image-3649\" srcset=\"https:\/\/web.gtischarging.sk\/wp-content\/uploads\/2022\/08\/image-207.png 945w, https:\/\/web.gtischarging.sk\/wp-content\/uploads\/2022\/08\/image-207-300x225.png 300w, https:\/\/web.gtischarging.sk\/wp-content\/uploads\/2022\/08\/image-207-768x576.png 768w\" sizes=\"(max-width: 945px) 100vw, 945px\" \/><\/figure>\n<\/figure>\n\n\n\n<p><\/p>\n\n\n\n<p>Dizajn\u00a0<a href=\"https:\/\/www.jac.com.cn\/jacweb\/shnewcar\/\"><strong>JAC Sehol<\/strong>\u00a0<strong>Aipao<\/strong><\/a>\u00a0zaujme nieko\u013ek\u00fdmi origin\u00e1lnymi rie\u0161eniami naraz. Sedan nem\u00e1 masku chladi\u010da, ale to v\u00f4bec nekaz\u00ed celkov\u00fd dojem. Naopak, auto vyzer\u00e1 \u0161t\u00fdlovo a moderne. Predn\u00e9 svetlomety dostali ve\u013emi zauj\u00edmav\u00fd tvar a grafiku. Po stran\u00e1ch je predn\u00fd n\u00e1razn\u00edk zdoben\u00fd zakriven\u00fdmi sveteln\u00fdmi LED svetlami. Koles\u00e1 s\u00fa zdoben\u00e9 v rovnakom \u0161t\u00fdle. Hladk\u00e9 obrysy karos\u00e9rie hovoria o dobrej aerodynamike. <\/p>\n\n\n\n<p>Elektromobil sa pon\u00faka aj v dvojfarebnej \u00faprave. Rozmery s\u00fa deklarovan\u00e9 v t\u00fdchto hodnot\u00e1ch: d\u013a\u017eka \u2013&nbsp;<strong>4 770 mm<\/strong>, \u0161\u00edrka \u2013&nbsp;<strong>1 820 mm<\/strong>, v\u00fd\u0161ka \u2013&nbsp;<strong>1 510 mm<\/strong>, r\u00e1zvor os\u00ed n\u00e1prav \u2013&nbsp;<strong>2 760 mm<\/strong>. V\u010faka dizajnu zadnej \u010dasti elektrick\u00fd fastback p\u00f4sob\u00ed pomerne \u0161portovo. Bato\u017einov\u00fd priestor pod zadn\u00fdm vekom v\u00fdklopn\u00fdm spolu s&nbsp;oknom m\u00e1&nbsp;<strong>540 litrov.<\/strong><\/p>\n\n\n\n<p><strong>Sehol Aipao<\/strong>&nbsp;je vybaven\u00fd elektromotorom s v\u00fdkonom&nbsp;<strong>142 kW<\/strong>&nbsp;a kr\u00fatiacim momentom&nbsp;<strong>340 Nm<\/strong>. Vozidlo sa dod\u00e1va v dvoch variantoch tern\u00e1rnych l\u00edtium-i\u00f3nov\u00fdch bat\u00e9ri\u00ed: &nbsp;slab\u0161ia s&nbsp;kapacitou&nbsp;<strong>50,1 kWh<\/strong>&nbsp;a dojazdom&nbsp;<strong>460 km<\/strong>&nbsp;a&nbsp;silnej\u0161\u00ed variant so&nbsp;<strong>64,5 kWh<\/strong>&nbsp;bat\u00e9riou a &nbsp;dojazdom&nbsp;<strong>602 km<\/strong>. Z&nbsp;pokoja na100 km\/h &nbsp;sa auto rozbehne &nbsp;za&nbsp;<strong>7,6 sekundy<\/strong>. Jeho maxim\u00e1lna r\u00fdchlos\u0165 je elektronicky obmedzen\u00e1 na \u00farovni&nbsp;<strong>142 km\/h<\/strong>.<\/p>\n\n\n\n<p>Napriek pomerne n\u00edzkej cene je&nbsp;<strong>interi\u00e9r&nbsp;<\/strong>sedanu \u0161t\u00fdlov\u00fd a modern\u00fd. Auto dostalo pomerne ve\u013ek\u00fd v\u00fdber mo\u017enost\u00ed a technol\u00f3gi\u00ed, ktor\u00e9 zvy\u0161uj\u00fa \u00farove\u0148 komfortu a bezpe\u010dnosti. Sal\u00f3n auta p\u00f4sob\u00ed ve\u013emi zauj\u00edmavo, v\u010faka v\u00fdberu kvalitn\u00fdch materi\u00e1lov a kombin\u00e1cii viacer\u00fdch odtie\u0148ov.<\/p>\n\n\n\n<p><strong>Interi\u00e9r<\/strong>&nbsp;je vybaven\u00fd 10,25-palcov\u00fdm pr\u00edstrojov\u00fdm panelom a &nbsp;10,4-palcovou vertik\u00e1lnou centr\u00e1lnou obrazovkou multimedi\u00e1lneho syst\u00e9mu, ktor\u00e1 je integrovan\u00e1 do stredovej konzoly, volantom s ploch\u00fdm dnom a 64-farebn\u00fdm ambientn\u00fdm osvetlen\u00edm. Elektrick\u00fd sedan je vybaven\u00fd inteligentn\u00fdm jazdn\u00fdm syst\u00e9mom&nbsp;<strong>Huawei<\/strong>, ktor\u00fd je podporovan\u00fd 77GHz radarom milimetrov\u00fdch v\u013an a \u0161irokouhlou kamerou s horizont\u00e1lnym pozorovac\u00edm uhlom 120\u00b0. Syst\u00e9m je nastaven\u00fd na dosiahnutie funkci\u00ed asistencie vodi\u010da 2. \u00farovne.<\/p>\n\n\n\n<figure class=\"wp-block-gallery has-nested-images columns-default is-cropped wp-block-gallery-3 is-layout-flex wp-block-gallery-is-layout-flex\">\n<figure class=\"wp-block-image size-large\"><img decoding=\"async\" loading=\"lazy\" width=\"945\" height=\"532\" data-id=\"3652\" src=\"https:\/\/web.gtischarging.sk\/wp-content\/uploads\/2022\/08\/image-212.png\" alt=\"\" class=\"wp-image-3652\" srcset=\"https:\/\/web.gtischarging.sk\/wp-content\/uploads\/2022\/08\/image-212.png 945w, https:\/\/web.gtischarging.sk\/wp-content\/uploads\/2022\/08\/image-212-300x169.png 300w, https:\/\/web.gtischarging.sk\/wp-content\/uploads\/2022\/08\/image-212-768x432.png 768w\" sizes=\"(max-width: 945px) 100vw, 945px\" \/><\/figure>\n\n\n\n<figure class=\"wp-block-image\"><img decoding=\"async\" data-id=\"4792\" src=\"https:\/\/www.elektro-vozidla.sk\/wp-content\/uploads\/2022\/07\/image-214.png\" alt=\"\" class=\"wp-image-4792\"\/><figcaption><strong><em>interi\u00e9r Sehol Aipao<\/em><\/strong><\/figcaption><\/figure>\n\n\n\n<figure class=\"wp-block-image size-large\"><img decoding=\"async\" loading=\"lazy\" width=\"800\" height=\"473\" data-id=\"3691\" src=\"https:\/\/web.gtischarging.sk\/wp-content\/uploads\/2022\/08\/6-14-800x473-1.jpg\" alt=\"\" class=\"wp-image-3691\" srcset=\"https:\/\/web.gtischarging.sk\/wp-content\/uploads\/2022\/08\/6-14-800x473-1.jpg 800w, https:\/\/web.gtischarging.sk\/wp-content\/uploads\/2022\/08\/6-14-800x473-1-300x177.jpg 300w, https:\/\/web.gtischarging.sk\/wp-content\/uploads\/2022\/08\/6-14-800x473-1-768x454.jpg 768w\" sizes=\"(max-width: 800px) 100vw, 800px\" \/><\/figure>\n\n\n\n<figure class=\"wp-block-image size-large\"><img decoding=\"async\" loading=\"lazy\" width=\"945\" height=\"517\" data-id=\"3653\" src=\"https:\/\/web.gtischarging.sk\/wp-content\/uploads\/2022\/08\/image-216.png\" alt=\"\" class=\"wp-image-3653\" srcset=\"https:\/\/web.gtischarging.sk\/wp-content\/uploads\/2022\/08\/image-216.png 945w, https:\/\/web.gtischarging.sk\/wp-content\/uploads\/2022\/08\/image-216-300x164.png 300w, https:\/\/web.gtischarging.sk\/wp-content\/uploads\/2022\/08\/image-216-768x420.png 768w\" sizes=\"(max-width: 945px) 100vw, 945px\" \/><\/figure>\n\n\n\n<figure class=\"wp-block-image size-large\"><img decoding=\"async\" loading=\"lazy\" width=\"800\" height=\"592\" data-id=\"3693\" src=\"https:\/\/web.gtischarging.sk\/wp-content\/uploads\/2022\/08\/8-14-800x592-1.jpg\" alt=\"\" class=\"wp-image-3693\" srcset=\"https:\/\/web.gtischarging.sk\/wp-content\/uploads\/2022\/08\/8-14-800x592-1.jpg 800w, https:\/\/web.gtischarging.sk\/wp-content\/uploads\/2022\/08\/8-14-800x592-1-300x222.jpg 300w, https:\/\/web.gtischarging.sk\/wp-content\/uploads\/2022\/08\/8-14-800x592-1-768x568.jpg 768w\" sizes=\"(max-width: 800px) 100vw, 800px\" \/><\/figure>\n\n\n\n<figure class=\"wp-block-image size-large\"><img decoding=\"async\" loading=\"lazy\" width=\"771\" height=\"650\" data-id=\"3692\" src=\"https:\/\/web.gtischarging.sk\/wp-content\/uploads\/2022\/08\/7-22.jpg\" alt=\"\" class=\"wp-image-3692\" srcset=\"https:\/\/web.gtischarging.sk\/wp-content\/uploads\/2022\/08\/7-22.jpg 771w, https:\/\/web.gtischarging.sk\/wp-content\/uploads\/2022\/08\/7-22-300x253.jpg 300w, https:\/\/web.gtischarging.sk\/wp-content\/uploads\/2022\/08\/7-22-768x647.jpg 768w\" sizes=\"(max-width: 771px) 100vw, 771px\" \/><\/figure>\n<\/figure>\n\n\n\n<p><\/p>\n\n\n\n<p><strong>Namiesto z\u00e1veru<\/strong><\/p>\n\n\n\n<p>Modern\u00fd a pomerne v\u00fdkonn\u00fd elektrick\u00fd sedan&nbsp;<strong>JAC Sehol Aipao<\/strong>&nbsp;ve\u013ekostnej triedy ako&nbsp;<a href=\"https:\/\/webapps.skoda-auto.sk\/Cenniky-a-katalogy\/cenniky\/Nova-Skoda_Octavia_cennik.pdf?202206231537\">\u0160koda Octavia<\/a>, pritom za cenu o nie\u010do ni\u017e\u0161iu ako za \u0161kodov\u00e1cky \u201cz\u00e1klad\u201d, ur\u010dite nie je zlou vo\u013ebou pre ka\u017edodenn\u00e9 jazdenie. Ke\u010f si k tomu pripo\u010d\u00edtame jazdn\u00fa dynamiku vlastn\u00fa iba elektromobilom, nem\u00f4\u017eeme in\u00e9, iba \u010d\u00ed\u0148anom ich mo\u017enosti v \u201cdobrom\u201d trochu z\u00e1vidie\u0165. Av\u0161ak, vzh\u013eadom na vytrval\u00fa snahu mnoh\u00fdch eur\u00f3pskych politikov o d\u00f4sledn\u00fa deindustrializ\u00e1ciu Eur\u00f3py, je mo\u017en\u00e9 predpoklada\u0165, \u017ee onedlho sa bud\u00fa tieto pekn\u00e9 elektrick\u00e9 modely preh\u00e1\u0148a\u0165 aj po na\u0161ich uliciach!<\/p>\n\n\n\n<figure class=\"wp-block-image size-full is-resized\"><img decoding=\"async\" loading=\"lazy\" src=\"https:\/\/web.gtischarging.sk\/wp-content\/uploads\/2022\/08\/image-204.png\" alt=\"\" class=\"wp-image-3651\" width=\"1064\" height=\"438\" srcset=\"https:\/\/web.gtischarging.sk\/wp-content\/uploads\/2022\/08\/image-204.png 945w, https:\/\/web.gtischarging.sk\/wp-content\/uploads\/2022\/08\/image-204-300x123.png 300w, https:\/\/web.gtischarging.sk\/wp-content\/uploads\/2022\/08\/image-204-768x316.png 768w\" sizes=\"(max-width: 1064px) 100vw, 1064px\" \/><\/figure>\n\n\n\n<p>Zdroj:&nbsp;<a href=\"https:\/\/www.elektro-vozidla.sk\/sehol-aipao-rad-behajuci-elektricky-fastback-od-jac\/\">elektro-vozidla.sk<\/a><\/p>\n","protected":false},"excerpt":{"rendered":"<p>Sehol Aipao (r\u00e1d behaj\u00faci) elektrick\u00fd fastback od JAC \u010c\u00ednsky automobilov\u00fd koncern&nbsp;JAC&nbsp;uviedol na trh pod zna\u010dkou&nbsp;Sehol&nbsp;plne elektrick\u00fd sedan pod ozna\u010den\u00edm&nbsp;Aipao.&nbsp;Nov\u00fd&nbsp;Sehol Aipao&nbsp;bol uveden\u00fd na \u010d\u00ednsky automobilov\u00fd trh 28. j\u00fala 2022 a je to vlastne mierne modifikovan\u00fd&#46;&#46;&#46;<\/p>\n","protected":false},"author":8,"featured_media":0,"parent":0,"menu_order":0,"comment_status":"closed","ping_status":"closed","template":"","meta":{"footnotes":""},"yoast_head":"<!-- This site is optimized with the Yoast SEO plugin v20.4 - https:\/\/yoast.com\/wordpress\/plugins\/seo\/ -->\n<title>Sehol Aipao - gtischarging.sk<\/title>\n<meta name=\"description\" content=\"Nov\u00fd Sehol Aipao bol uveden\u00fd na \u010d\u00ednsky automobilov\u00fd trh 28. j\u00fala 2022 a je to vlastne mierne modifikovan\u00fd elektrick\u00fd sedan E50A.\" \/>\n<meta name=\"robots\" content=\"index, follow, max-snippet:-1, max-image-preview:large, max-video-preview:-1\" \/>\n<link rel=\"canonical\" href=\"https:\/\/web.gtischarging.sk\/index.php\/sehol-aipao\/\" \/>\n<meta property=\"og:locale\" content=\"cs_CZ\" \/>\n<meta property=\"og:type\" content=\"article\" \/>\n<meta property=\"og:title\" content=\"Sehol Aipao - gtischarging.sk\" \/>\n<meta property=\"og:description\" content=\"Nov\u00fd Sehol Aipao bol uveden\u00fd na \u010d\u00ednsky automobilov\u00fd trh 28. j\u00fala 2022 a je to vlastne mierne modifikovan\u00fd elektrick\u00fd sedan E50A.\" \/>\n<meta property=\"og:url\" content=\"https:\/\/web.gtischarging.sk\/index.php\/sehol-aipao\/\" \/>\n<meta property=\"og:site_name\" content=\"gtischarging.sk\" \/>\n<meta property=\"article:publisher\" content=\"https:\/\/www.facebook.com\/gtischarging\" \/>\n<meta property=\"article:modified_time\" content=\"2022-08-25T12:27:52+00:00\" \/>\n<meta property=\"og:image\" content=\"https:\/\/web.gtischarging.sk\/wp-content\/uploads\/2022\/08\/image-202.png\" \/>\n<meta name=\"twitter:card\" content=\"summary_large_image\" \/>\n<meta name=\"twitter:label1\" content=\"Odhadovan\u00e1 doba \u010dten\u00ed\" \/>\n\t<meta name=\"twitter:data1\" content=\"6 minut\" \/>\n<script type=\"application\/ld+json\" class=\"yoast-schema-graph\">{\"@context\":\"https:\/\/schema.org\",\"@graph\":[{\"@type\":\"WebPage\",\"@id\":\"https:\/\/web.gtischarging.sk\/index.php\/sehol-aipao\/\",\"url\":\"https:\/\/web.gtischarging.sk\/index.php\/sehol-aipao\/\",\"name\":\"Sehol Aipao - gtischarging.sk\",\"isPartOf\":{\"@id\":\"https:\/\/web.gtischarging.sk\/#website\"},\"datePublished\":\"2022-08-25T12:23:11+00:00\",\"dateModified\":\"2022-08-25T12:27:52+00:00\",\"description\":\"Nov\u00fd Sehol Aipao bol uveden\u00fd na \u010d\u00ednsky automobilov\u00fd trh 28. j\u00fala 2022 a je to vlastne mierne modifikovan\u00fd elektrick\u00fd sedan E50A.\",\"breadcrumb\":{\"@id\":\"https:\/\/web.gtischarging.sk\/index.php\/sehol-aipao\/#breadcrumb\"},\"inLanguage\":\"cs\",\"potentialAction\":[{\"@type\":\"ReadAction\",\"target\":[\"https:\/\/web.gtischarging.sk\/index.php\/sehol-aipao\/\"]}]},{\"@type\":\"BreadcrumbList\",\"@id\":\"https:\/\/web.gtischarging.sk\/index.php\/sehol-aipao\/#breadcrumb\",\"itemListElement\":[{\"@type\":\"ListItem\",\"position\":1,\"name\":\"Dom\u016f\",\"item\":\"https:\/\/web.gtischarging.sk\/\"},{\"@type\":\"ListItem\",\"position\":2,\"name\":\"Sehol Aipao\"}]},{\"@type\":\"WebSite\",\"@id\":\"https:\/\/web.gtischarging.sk\/#website\",\"url\":\"https:\/\/web.gtischarging.sk\/\",\"name\":\"gtischarging.sk\",\"description\":\"U n\u00e1s sta\u010d\u00ed prilo\u017ei\u0165 platobn\u00fa kartu\",\"publisher\":{\"@id\":\"https:\/\/web.gtischarging.sk\/#organization\"},\"potentialAction\":[{\"@type\":\"SearchAction\",\"target\":{\"@type\":\"EntryPoint\",\"urlTemplate\":\"https:\/\/web.gtischarging.sk\/?s={search_term_string}\"},\"query-input\":\"required name=search_term_string\"}],\"inLanguage\":\"cs\"},{\"@type\":\"Organization\",\"@id\":\"https:\/\/web.gtischarging.sk\/#organization\",\"name\":\"GTIS charging\",\"url\":\"https:\/\/web.gtischarging.sk\/\",\"logo\":{\"@type\":\"ImageObject\",\"inLanguage\":\"cs\",\"@id\":\"https:\/\/web.gtischarging.sk\/#\/schema\/logo\/image\/\",\"url\":\"https:\/\/web.gtischarging.sk\/wp-content\/uploads\/2020\/03\/logo-180px.png\",\"contentUrl\":\"https:\/\/web.gtischarging.sk\/wp-content\/uploads\/2020\/03\/logo-180px.png\",\"width\":180,\"height\":123,\"caption\":\"GTIS charging\"},\"image\":{\"@id\":\"https:\/\/web.gtischarging.sk\/#\/schema\/logo\/image\/\"},\"sameAs\":[\"https:\/\/www.facebook.com\/gtischarging\"]}]}<\/script>\n<!-- \/ Yoast SEO plugin. -->","yoast_head_json":{"title":"Sehol Aipao - gtischarging.sk","description":"Nov\u00fd Sehol Aipao bol uveden\u00fd na \u010d\u00ednsky automobilov\u00fd trh 28. j\u00fala 2022 a je to vlastne mierne modifikovan\u00fd elektrick\u00fd sedan E50A.","robots":{"index":"index","follow":"follow","max-snippet":"max-snippet:-1","max-image-preview":"max-image-preview:large","max-video-preview":"max-video-preview:-1"},"canonical":"https:\/\/web.gtischarging.sk\/index.php\/sehol-aipao\/","og_locale":"cs_CZ","og_type":"article","og_title":"Sehol Aipao - gtischarging.sk","og_description":"Nov\u00fd Sehol Aipao bol uveden\u00fd na \u010d\u00ednsky automobilov\u00fd trh 28. j\u00fala 2022 a je to vlastne mierne modifikovan\u00fd elektrick\u00fd sedan E50A.","og_url":"https:\/\/web.gtischarging.sk\/index.php\/sehol-aipao\/","og_site_name":"gtischarging.sk","article_publisher":"https:\/\/www.facebook.com\/gtischarging","article_modified_time":"2022-08-25T12:27:52+00:00","og_image":[{"url":"https:\/\/web.gtischarging.sk\/wp-content\/uploads\/2022\/08\/image-202.png"}],"twitter_card":"summary_large_image","twitter_misc":{"Odhadovan\u00e1 doba \u010dten\u00ed":"6 minut"},"schema":{"@context":"https:\/\/schema.org","@graph":[{"@type":"WebPage","@id":"https:\/\/web.gtischarging.sk\/index.php\/sehol-aipao\/","url":"https:\/\/web.gtischarging.sk\/index.php\/sehol-aipao\/","name":"Sehol Aipao - gtischarging.sk","isPartOf":{"@id":"https:\/\/web.gtischarging.sk\/#website"},"datePublished":"2022-08-25T12:23:11+00:00","dateModified":"2022-08-25T12:27:52+00:00","description":"Nov\u00fd Sehol Aipao bol uveden\u00fd na \u010d\u00ednsky automobilov\u00fd trh 28. j\u00fala 2022 a je to vlastne mierne modifikovan\u00fd elektrick\u00fd sedan E50A.","breadcrumb":{"@id":"https:\/\/web.gtischarging.sk\/index.php\/sehol-aipao\/#breadcrumb"},"inLanguage":"cs","potentialAction":[{"@type":"ReadAction","target":["https:\/\/web.gtischarging.sk\/index.php\/sehol-aipao\/"]}]},{"@type":"BreadcrumbList","@id":"https:\/\/web.gtischarging.sk\/index.php\/sehol-aipao\/#breadcrumb","itemListElement":[{"@type":"ListItem","position":1,"name":"Dom\u016f","item":"https:\/\/web.gtischarging.sk\/"},{"@type":"ListItem","position":2,"name":"Sehol Aipao"}]},{"@type":"WebSite","@id":"https:\/\/web.gtischarging.sk\/#website","url":"https:\/\/web.gtischarging.sk\/","name":"gtischarging.sk","description":"U n\u00e1s sta\u010d\u00ed prilo\u017ei\u0165 platobn\u00fa kartu","publisher":{"@id":"https:\/\/web.gtischarging.sk\/#organization"},"potentialAction":[{"@type":"SearchAction","target":{"@type":"EntryPoint","urlTemplate":"https:\/\/web.gtischarging.sk\/?s={search_term_string}"},"query-input":"required name=search_term_string"}],"inLanguage":"cs"},{"@type":"Organization","@id":"https:\/\/web.gtischarging.sk\/#organization","name":"GTIS charging","url":"https:\/\/web.gtischarging.sk\/","logo":{"@type":"ImageObject","inLanguage":"cs","@id":"https:\/\/web.gtischarging.sk\/#\/schema\/logo\/image\/","url":"https:\/\/web.gtischarging.sk\/wp-content\/uploads\/2020\/03\/logo-180px.png","contentUrl":"https:\/\/web.gtischarging.sk\/wp-content\/uploads\/2020\/03\/logo-180px.png","width":180,"height":123,"caption":"GTIS charging"},"image":{"@id":"https:\/\/web.gtischarging.sk\/#\/schema\/logo\/image\/"},"sameAs":["https:\/\/www.facebook.com\/gtischarging"]}]}},"_links":{"self":[{"href":"https:\/\/web.gtischarging.sk\/index.php\/wp-json\/wp\/v2\/pages\/3646"}],"collection":[{"href":"https:\/\/web.gtischarging.sk\/index.php\/wp-json\/wp\/v2\/pages"}],"about":[{"href":"https:\/\/web.gtischarging.sk\/index.php\/wp-json\/wp\/v2\/types\/page"}],"author":[{"embeddable":true,"href":"https:\/\/web.gtischarging.sk\/index.php\/wp-json\/wp\/v2\/users\/8"}],"replies":[{"embeddable":true,"href":"https:\/\/web.gtischarging.sk\/index.php\/wp-json\/wp\/v2\/comments?post=3646"}],"version-history":[{"count":4,"href":"https:\/\/web.gtischarging.sk\/index.php\/wp-json\/wp\/v2\/pages\/3646\/revisions"}],"predecessor-version":[{"id":3701,"href":"https:\/\/web.gtischarging.sk\/index.php\/wp-json\/wp\/v2\/pages\/3646\/revisions\/3701"}],"wp:attachment":[{"href":"https:\/\/web.gtischarging.sk\/index.php\/wp-json\/wp\/v2\/media?parent=3646"}],"curies":[{"name":"wp","href":"https:\/\/api.w.org\/{rel}","templated":true}]}}