 {"id":3523,"date":"2022-06-21T11:37:24","date_gmt":"2022-06-21T09:37:24","guid":{"rendered":"https:\/\/web.gtischarging.sk\/?page_id=3523"},"modified":"2022-06-21T11:37:27","modified_gmt":"2022-06-21T09:37:27","slug":"great-wall-ora","status":"publish","type":"page","link":"https:\/\/web.gtischarging.sk\/index.php\/great-wall-ora\/","title":{"rendered":"Great Wall ORA"},"content":{"rendered":"\n<figure class=\"wp-block-image size-full is-resized\"><img decoding=\"async\" loading=\"lazy\" src=\"https:\/\/web.gtischarging.sk\/wp-content\/uploads\/2022\/06\/image-17.png\" alt=\"\" class=\"wp-image-3525\" width=\"1063\" height=\"476\" srcset=\"https:\/\/web.gtischarging.sk\/wp-content\/uploads\/2022\/06\/image-17.png 945w, https:\/\/web.gtischarging.sk\/wp-content\/uploads\/2022\/06\/image-17-300x134.png 300w, https:\/\/web.gtischarging.sk\/wp-content\/uploads\/2022\/06\/image-17-768x344.png 768w\" sizes=\"(max-width: 1063px) 100vw, 1063px\" \/><\/figure>\n\n\n\n<h1 class=\"has-text-align-center wp-block-heading\">Great Wall ORA Ballet Cat \u2013 zvl\u00e1\u0161\u0165 pre \u017eeny<\/h1>\n\n\n\n<p><a href=\"https:\/\/www.gwm-global.com\/\">Great Wall<\/a>\u00a0zd\u00e1 sa, \u017ee na\u0161iel recept na \u00faspech vo vysoko konkuren\u010dnom prostred\u00ed\u00a0 \u010d\u00ednskeho automobilov\u00e9ho priemyslu. Vytvoril podzna\u010dku\u00a0<a href=\"https:\/\/www.gwm-global.com\/brands\/ora\/\">ORA<\/a>, ktor\u00e1\u00a0 svojimi roztomil\u00fdmi elektrick\u00fdmi autami priam nadbieha \u017eensk\u00e9mu publiku.\u00a0 \u017diadne agres\u00edvne hrany, atletick\u00e9 proporcie, \u00a0\u0161portov\u00fd vzh\u013ead, vysok\u00e9 v\u00fdkony.\u00a0 Aut\u00e1 mal\u00e9, ne\u017en\u00e9, usmievav\u00e9, pr\u00edvetiv\u00e9, v\u00a0pastelov\u00fdch farebn\u00fdch odtie\u0148och \u2013 to je podzna\u010dka\u00a0<a href=\"https:\/\/www.gwm-global.com\/brands\/ora\/\">ORA<\/a>\u00a0\u2013 zvl\u00e1\u0161\u0165 pre kraj\u0161iu polovicu \u013eudstva.<\/p>\n\n\n\n<p>Novinka pod n\u00e1zvom&nbsp;<strong>Ballet Cat<\/strong>, ktor\u00e1 &nbsp;je k dispoz\u00edcii pre z\u00e1kazn\u00edkov a u\u017e pobavila nejedn\u00e9ho automobilov\u00e9ho nad\u0161enca, je pr\u00e1ve v&nbsp;tomto duchu. Elektrick\u00e9 auto je mo\u017eno in\u0161pirovan\u00e9&nbsp; dizajnom \u201eBeetle\u201c od Voklswagenu, ale dostalo \u010dosi navy\u0161e \u2013 je otvorene zameran\u00e9 na \u017eensk\u00e9 publikum. To je indikovan\u00e9 \u0161pecifick\u00fdmi funkciami elektromobilu, vr\u00e1tane \u2026 syst\u00e9mu nastaven\u00ed pre zn\u00ed\u017eenie nepohodlia po\u010das men\u0161tru\u00e1cie. Zauj\u00edmav\u00e9, \u010d\u00edm e\u0161te dok\u00e1\u017ee prekvapi\u0165 &nbsp;\u010d\u00ednsky marketing.<\/p>\n\n\n\n<p>Pripome\u0148me, \u017ee\u00a0<strong>ORA<\/strong>\u00a0je elektrick\u00e1 podzna\u010dka koncernu\u00a0<strong>Great Wall Motors<\/strong>. Objavila sa v roku 2018 a jeho prv\u00fdm elektromobilom bol pomerne jednoduch\u00fd liftback\u00a0<strong>iQ<\/strong>, nesk\u00f4r\u00a0<strong><a href=\"https:\/\/www.elektro-vozidla.sk\/ora-r1-od-great-wall\/\">R1<\/a>, ORA\u00a0<\/strong>Biela ma\u010dka<strong>\u00a0\u2013White Cat, ORA\u00a0<\/strong>Dobr\u00e1 ma\u010dka<strong>\u00a0\u2013 Good Cat,\u00a0<\/strong>ale skuto\u010dn\u00fdm vrcholom \u017eensk\u00e9ho marketingu\u00a0<strong>ORA<\/strong>\u00a0je\u00a0<strong>Ballet Cat<\/strong>\u00a0( baletiaca ma\u010dka)<strong>.<\/strong><\/p>\n\n\n\n<figure class=\"wp-block-gallery has-nested-images columns-default is-cropped wp-block-gallery-1 is-layout-flex wp-block-gallery-is-layout-flex\">\n<figure class=\"wp-block-image size-large\"><img decoding=\"async\" loading=\"lazy\" width=\"945\" height=\"624\" data-id=\"3526\" src=\"https:\/\/web.gtischarging.sk\/wp-content\/uploads\/2022\/06\/image-30-2.png\" alt=\"\" class=\"wp-image-3526\" srcset=\"https:\/\/web.gtischarging.sk\/wp-content\/uploads\/2022\/06\/image-30-2.png 945w, https:\/\/web.gtischarging.sk\/wp-content\/uploads\/2022\/06\/image-30-2-300x198.png 300w, https:\/\/web.gtischarging.sk\/wp-content\/uploads\/2022\/06\/image-30-2-768x507.png 768w\" sizes=\"(max-width: 945px) 100vw, 945px\" \/><\/figure>\n\n\n\n<figure class=\"wp-block-image\"><img decoding=\"async\" data-id=\"4250\" src=\"https:\/\/www.elektro-vozidla.sk\/wp-content\/uploads\/2022\/06\/image-36.png\" alt=\"\" class=\"wp-image-4250\"\/><\/figure>\n<\/figure>\n\n\n\n<p>Postupom \u010dasu si elektrick\u00e1 zna\u010dka ORA na\u0161la svoje jedine\u010dn\u00e9 miesto na trhu \u2013 \u017eensk\u00e9 publikum. V\u00e4\u010d\u0161ina \u00e1ut ORA za\u010dala dost\u00e1va\u0165 \u201eroztomil\u00fd\u201c dizajn a pastelov\u00fa farebn\u00fa paletu. Ale nielen to, po\u010das autosal\u00f3nov za\u010dala zna\u010dka organizova\u0165 majstrovsk\u00e9 kurzy manik\u00fary a navrhova\u0165 svoje pavil\u00f3ny vo vhodnom \u0161t\u00fdle.<\/p>\n\n\n\n<p>Predt\u00fdm, ako sa ponor\u00edme do neuverite\u013en\u00fdch funkci\u00ed\u00a0<strong>Ora Ballet Cat<\/strong>, pozrime sa na z\u00e1kladn\u00e9 \u0161pecifik\u00e1cie tohto hatchbacku. Hoci\u00a0<strong>Ora<\/strong>\u00a0<strong>Ballet Cat<\/strong>\u00a0zdie\u013ea rovnak\u00fa dizajnov\u00fa t\u00e9mu ako klasick\u00fd nemeck\u00fd<strong>\u00a0VW\u00a0<\/strong>chrob\u00e1k, s\u00fa to \u00faplne odli\u0161n\u00e9 aut\u00e1.\u00a0<strong>Ora Ballet Cat<\/strong>\u00a0je ove\u013ea v\u00e4\u010d\u0161\u00ed a ve\u013ekos\u0165ou sa pribli\u017euje skuto\u010dn\u00fdm Volkswagenom. <\/p>\n\n\n\n<p>Klasick\u00fd \u201cchrob\u00e1k\u201d s motorom vzadu meral na d\u013a\u017eku 4140 mm, modern\u00fd Volkswagen Beetle z roku 2011 mal 4288 mm a \u010d\u00ednsky klon\u00a0<strong>Ballet Cat<\/strong>\u00a0m\u00e1 od n\u00e1razn\u00edka k n\u00e1razn\u00edku\u00a0<strong>4401 mm<\/strong>. \u0160\u00edrka \u2013\u00a0<strong>1867 mm<\/strong>, v\u00fd\u0161ka \u2013\u00a0<strong>1633 mm<\/strong>\u00a0a r\u00e1zvor \u2013\u00a0<strong>2750 mm<\/strong>\u00a0nazna\u010duj\u00fa, \u017ee v \u201eBaletiacej Ma\u010dke\u201c \u00a0m\u00e1me prerasten\u00fa triedu modern\u00e9ho VW golfu. <\/p>\n\n\n\n<p>Dizajn je vyroben\u00fd pod\u013ea vzorov Beetle a ochuten\u00fd klasick\u00fdmi prvkami, ako s\u00fa chr\u00f3mov\u00e9 k\u013eu\u010dky dver\u00ed a kryty zrkadiel. Koles\u00e1 s priemerom 18 palcov s\u00fa tie\u017e vyroben\u00e9 \u201estaro\u017eitne\u201c. Poklopy s nab\u00edjac\u00edmi konektormi s\u00fa umiestnen\u00e9 na rovnakom mieste, kde mal Beetle plni\u010dku plynovej n\u00e1dr\u017ee. Ale LED svetlomety a zadn\u00e9 svetl\u00e1 v tvare podkovy s\u00fa radik\u00e1lne odli\u0161n\u00e9 od origin\u00e1lu.<\/p>\n\n\n<div class=\"wp-block-image\">\n<figure class=\"aligncenter\"><img decoding=\"async\" src=\"https:\/\/www.elektro-vozidla.sk\/wp-content\/uploads\/2022\/06\/image-22.png\" alt=\"\" class=\"wp-image-4235\"\/><figcaption><strong><em>Na fotografii zo soci\u00e1lnych siet\u00ed: Ora Ballet Cat a Volkswagen Beetle \u2013 vizu\u00e1lne porovnanie ve\u013ekost\u00ed<\/em><\/strong><\/figcaption><\/figure><\/div>\n\n\n<p><strong>Ora Ballet Cat<\/strong>&nbsp;je elektromobil na modernej platforme s odpru\u017een\u00edm McPherson vpredu a viacprvkov\u00fdm vzadu. Elektromotor s v\u00fdkonom&nbsp;<strong>127 kW<\/strong>&nbsp;(171 kon\u00ed) a&nbsp;kr\u00fatiacim momentom&nbsp;<strong>250 Nm<\/strong>&nbsp;je namontovan\u00fdch na prednej n\u00e1prave, v\u0161etka elektrotechnika je umiestnen\u00e1 nad \u0148ou, tak\u017ee predn\u00fd kufor tu nie je. Na v\u00fdber s\u00fa dve l\u00edtium-\u017eelezofosf\u00e1tov\u00e9 (LFP) trak\u010dn\u00e9 bat\u00e9rie s kapacitou&nbsp;<strong>49,9<\/strong>&nbsp;alebo&nbsp;<strong>60,5 kWh<\/strong>. Dojazd je&nbsp;<strong>401&nbsp;<\/strong>a<strong>&nbsp;500 km<\/strong>&nbsp;(pod\u013ea cyklu CLTC). Maxim\u00e1lna r\u00fdchlos\u0165 je&nbsp;<strong>155 km\/h<\/strong>.<\/p>\n\n\n\n<p><strong>Interi\u00e9r&nbsp;<\/strong>je zmesou modern\u00fdch rie\u0161en\u00ed s retro \u0161t\u00fdlom. Na prednom paneli s\u00fa dve obrazovky v&nbsp;jednom celku, prav\u00e1 p\u00e1\u010dka m\u00e1 na starosti ovl\u00e1danie prevodovky a mas\u00edvna stredov\u00e1 lak\u0165ov\u00e1 opierka je vybaven\u00e1 platformou pre bezdr\u00f4tov\u00e9 nab\u00edjanie smartf\u00f3nov. Volant kombinuje klasick\u00fd obl\u00fak (aj ke\u010f nie je funk\u010dn\u00fd) a dotykov\u00e9 kl\u00e1vesy na l\u00fa\u010doch. Z v\u00fdbavy je elektrick\u00fd pohon predn\u00fdch sedadiel a stre\u0161n\u00e9 okno.<\/p>\n\n\n\n<p>Stredov\u00fd tunel&nbsp;<strong>Ora Ballet Cat<\/strong>&nbsp;vyzer\u00e1 zvl\u00e1\u0161tne. L\u00ednia lak\u0165ovej opierky tu ide \u010faleko dopredu, st\u00fapa nad dr\u017eiakom poh\u00e1rov a v\u00fdklenkom na odkladanie kozmetiky. Je zrejm\u00e9, \u017ee pr\u00edstup k nim bude kv\u00f4li tak\u00e9muto rie\u0161eniu komplikovan\u00fd. Zato, \u0165uka\u0165 do obrazovky smartf\u00f3nu&nbsp; bude pohoda aj po\u010das jazdy \u2013 (\u010do na to v\u0161adepr\u00edtomn\u00ed policajti?)<\/p>\n\n\n\n<p>Na kompenz\u00e1ciu nedostatku praktickosti sa&nbsp;<strong>ORA<\/strong>&nbsp;pok\u00fasila pou\u017ei\u0165 ov\u00e1lny podsvieten\u00fd prvok. Nach\u00e1dza sa na l\u00ednii lak\u0165ovej opierky a pripom\u00edna kri\u0161t\u00e1\u013e. Mimochodom, v strede tohto prvku je bezdr\u00f4tov\u00e1 nab\u00edja\u010dka pre telef\u00f3n.<\/p>\n\n\n\n<figure class=\"wp-block-gallery has-nested-images columns-default is-cropped wp-block-gallery-3 is-layout-flex wp-block-gallery-is-layout-flex\">\n<figure class=\"wp-block-image\"><img decoding=\"async\" data-id=\"4241\" src=\"https:\/\/www.elektro-vozidla.sk\/wp-content\/uploads\/2022\/06\/image-28.png\" alt=\"\" class=\"wp-image-4241\"\/><\/figure>\n\n\n\n<figure class=\"wp-block-image size-large\"><img decoding=\"async\" loading=\"lazy\" width=\"945\" height=\"532\" data-id=\"3529\" src=\"https:\/\/web.gtischarging.sk\/wp-content\/uploads\/2022\/06\/image-26-2.png\" alt=\"\" class=\"wp-image-3529\" srcset=\"https:\/\/web.gtischarging.sk\/wp-content\/uploads\/2022\/06\/image-26-2.png 945w, https:\/\/web.gtischarging.sk\/wp-content\/uploads\/2022\/06\/image-26-2-300x169.png 300w, https:\/\/web.gtischarging.sk\/wp-content\/uploads\/2022\/06\/image-26-2-768x432.png 768w\" sizes=\"(max-width: 945px) 100vw, 945px\" \/><\/figure>\n\n\n\n<figure class=\"wp-block-image size-large\"><img decoding=\"async\" loading=\"lazy\" width=\"945\" height=\"532\" data-id=\"3527\" src=\"https:\/\/web.gtischarging.sk\/wp-content\/uploads\/2022\/06\/image-24.png\" alt=\"\" class=\"wp-image-3527\" srcset=\"https:\/\/web.gtischarging.sk\/wp-content\/uploads\/2022\/06\/image-24.png 945w, https:\/\/web.gtischarging.sk\/wp-content\/uploads\/2022\/06\/image-24-300x169.png 300w, https:\/\/web.gtischarging.sk\/wp-content\/uploads\/2022\/06\/image-24-768x432.png 768w\" sizes=\"(max-width: 945px) 100vw, 945px\" \/><\/figure>\n<\/figure>\n\n\n\n<p>\u010eal\u0161ou mimoriadnou mo\u017enos\u0165ou je \u201etajn\u00fd priestor\u201c v kab\u00edne.&nbsp;<strong>Ora<\/strong>&nbsp;tak z\u00e1hadne naz\u00fdva exkluz\u00edvnu kozmetick\u00fa ta\u0161ti\u010dku na stredovom tuneli. In\u017einieri sa tie\u017e postarali o \u0161peci\u00e1lne osvetlenie \u201ckozmetick\u00fdch\u201d zrkadiel v slne\u010dn\u00fdch clon\u00e1ch \u2013 zrkadlo je ve\u013ek\u00e9 a LED svetlo je rovnomern\u00e9, \u010do prispieva k bezchybnej aplik\u00e1cii make-upu.<\/p>\n\n\n\n<p><strong>Funk\u010dn\u00e1 v\u00fdbava \u2013 len pre d\u00e1my<\/strong><\/p>\n\n\n\n<p>Tak sme sa dostali k tomu najzauj\u00edmavej\u0161iemu \u2013 \u201e\u017eensk\u00e9mu\u201c funk\u010dn\u00e9mu vybaveniu&nbsp;<strong>Ora Ballet Cat<\/strong>. V texte sme u\u017e spomenuli v\u00fdklenok na odkladanie kozmetiky, ale to z\u010faleka nie je v\u0161etko. Za\u010dnime t\u00fdm, \u017ee elektromobil je vybaven\u00fd nie be\u017en\u00fdm senzorom \u00fanavy vodi\u010da, ale skuto\u010dn\u00fdm selfie fotoapar\u00e1tom, ktor\u00e1 dok\u00e1\u017ee priamo nahr\u00e1va\u0165 fotografie a vide\u00e1 na soci\u00e1lne siete. Streamovanie na cest\u00e1ch bude e\u0161te pohodlnej\u0161ie a bezpe\u010dnej\u0161ie.<\/p>\n\n\n\n<p><strong>ORA<\/strong>&nbsp;pon\u00faka aj jazdn\u00fd re\u017eim s n\u00e1zvom \u201e<strong>Lady<\/strong>\u201c (D\u00e1ma). Po aktiv\u00e1cii zapne adapt\u00edvny tempomat, hlasom ovl\u00e1dan\u00e9 automatick\u00e9 parkovanie a c\u00favanie, a citliv\u00fd syst\u00e9m varovania pred okolitou prem\u00e1vkou. Na tomto pozad\u00ed u\u017e re\u017eim \u201e<strong>vietor a vlny<\/strong>\u201c pre zl\u00e9 po\u010dasie neprekvapuje, hoci jeho nastavenia s\u00fa svoj\u00edm sp\u00f4sobom tie\u017e zvl\u00e1\u0161tne. Elektromobil automaticky zap\u00edna hmlov\u00e9 svetl\u00e1, aktivuje stiera\u010de, men\u00ed nastavenie klimatiz\u00e1cie, zatv\u00e1ra okn\u00e1 a adapt\u00edvny tempomat zv\u00e4\u010d\u0161uje vzdialenos\u0165 od ostatn\u00fdch \u00e1ut.<\/p>\n\n\n\n<figure class=\"wp-block-gallery has-nested-images columns-default is-cropped wp-block-gallery-5 is-layout-flex wp-block-gallery-is-layout-flex\">\n<figure class=\"wp-block-image\"><img decoding=\"async\" data-id=\"4253\" src=\"https:\/\/www.elektro-vozidla.sk\/wp-content\/uploads\/2022\/06\/image-39.png\" alt=\"\" class=\"wp-image-4253\"\/><\/figure>\n\n\n\n<figure class=\"wp-block-image size-large\"><img decoding=\"async\" loading=\"lazy\" width=\"945\" height=\"551\" data-id=\"3530\" src=\"https:\/\/web.gtischarging.sk\/wp-content\/uploads\/2022\/06\/image-41-1.png\" alt=\"\" class=\"wp-image-3530\" srcset=\"https:\/\/web.gtischarging.sk\/wp-content\/uploads\/2022\/06\/image-41-1.png 945w, https:\/\/web.gtischarging.sk\/wp-content\/uploads\/2022\/06\/image-41-1-300x175.png 300w, https:\/\/web.gtischarging.sk\/wp-content\/uploads\/2022\/06\/image-41-1-768x448.png 768w\" sizes=\"(max-width: 945px) 100vw, 945px\" \/><\/figure>\n<\/figure>\n\n\n\n<p>Ale \u010dere\u0161ni\u010dkou na torte pre\u00a0<strong>ORA \u201eBaletiacu ma\u010dku\u201c\u00a0<\/strong>je re\u017eim \u6696\u7537. Z \u010d\u00edn\u0161tiny sa d\u00e1 prelo\u017ei\u0165 ako \u201e<strong>re\u017eim mu\u017esk\u00e9ho tepla<\/strong>\u201c. Tento re\u017eim je ur\u010den\u00fd na zn\u00ed\u017eenie nepohodlia \u017eeny po\u010das men\u0161tru\u00e1cie. Pod\u013ea predstavite\u013eov zna\u010dky m\u00f4\u017eu \u017eeny po\u010das men\u0161tru\u00e1cie za\u017e\u00edva\u0165 pocit chladu a\u00a0zv\u00fd\u0161en\u00fa paniku, pri\u010dom tento \u0161peci\u00e1lny re\u017eim umo\u017e\u0148uje \u013eah\u0161ie prekona\u0165 tento diskomfort\u00a0 a zapn\u00fa\u0165 vyhrievanie sedadiel, \u010di zv\u00fd\u0161i\u0165 teplotu klimatiz\u00e1cie. <\/p>\n\n\n\n<p>Automobilka tvrd\u00ed, \u017ee doplnok \u201ezahreje telo a myse\u013e\u201c, a t\u00fdm zn\u00ed\u017ei nepohodlie v kritick\u00fdch d\u0148och. Samozrejme, n\u00e1zov tohto re\u017eimu a jeho \u00fa\u010del s\u00fa ve\u013emi \u0161pecifick\u00e9. Pam\u00e4tajte v\u0161ak, \u017ee m\u00e1me do\u010dinenia s \u201enemilosrdn\u00fdm\u201c \u010d\u00ednskym marketingom.<\/p>\n\n\n\n<p>Obzvl\u00e1\u0161\u0165 z\u00e1bavn\u00e9 s\u00fa&nbsp;<strong>n\u00e1zvy \u0161tyroch konfigur\u00e1ci\u00ed<\/strong>&nbsp;\u2013 vybavenie je pomenovan\u00e9 \u2026 na po\u010des\u0165 \u010cajkovsk\u00e9ho baletov: &nbsp;<strong>Alica v krajine z\u00e1zrakov, Lusk\u00e1\u010dik, \u0160\u00edpkov\u00e1 Ru\u017eenka<\/strong>&nbsp;a top verzia sa vol\u00e1&nbsp;<strong>Labutie jazero<\/strong>. \u010c\u00ednski predajcovia u\u017e otvorili objedn\u00e1vky a predaj&nbsp;<strong>Ora Ballet Cat<\/strong>&nbsp;sa u\u017e za\u010dal.<\/p>\n\n\n\n<p>V \u201cR\u00ed\u0161i stredu\u201d stoj\u00ed z\u00e1kladn\u00e1 verzia&nbsp;<strong>Ballet Cat<\/strong>&nbsp;svojich \u010d\u00ednskych z\u00e1kazn\u00edkov\/\u010dky 193 000 juanov ( pribli\u017ene&nbsp;<strong>27&nbsp;127 Eur&nbsp;<\/strong>pod\u013ea aktu\u00e1lneho kurz NBS). Mimochodom, u\u017e t\u00e1to verzia je vybaven\u00e1 adapt\u00edvnym tempomatom a&nbsp;kamerami s&nbsp;kruhov\u00fdm obzorom, no nem\u00e1 funkciu automatick\u00e9ho parkovania a jazdn\u00fd re\u017eim&nbsp;<strong>Lady<\/strong>. Pritom \u201e\u0161pi\u010dkov\u00e9\u201c vybavenie&nbsp;<strong>Ora Ballet Cat&nbsp;<\/strong>so v\u0161etk\u00fdm funk\u010dn\u00fdm vybaven\u00edm stoj\u00ed 223 000 juanov ( presne&nbsp;<strong>31 334<\/strong>&nbsp;<strong>Eur<\/strong>), \u010do nie je a\u017e tak\u00fd ve\u013ek\u00fd rozdiel.<\/p>\n\n\n\n<figure class=\"wp-block-gallery has-nested-images columns-default is-cropped wp-block-gallery-7 is-layout-flex wp-block-gallery-is-layout-flex\">\n<figure class=\"wp-block-image size-large\"><img decoding=\"async\" loading=\"lazy\" width=\"945\" height=\"632\" data-id=\"3532\" src=\"https:\/\/web.gtischarging.sk\/wp-content\/uploads\/2022\/06\/image-35-1.png\" alt=\"\" class=\"wp-image-3532\" srcset=\"https:\/\/web.gtischarging.sk\/wp-content\/uploads\/2022\/06\/image-35-1.png 945w, https:\/\/web.gtischarging.sk\/wp-content\/uploads\/2022\/06\/image-35-1-300x201.png 300w, https:\/\/web.gtischarging.sk\/wp-content\/uploads\/2022\/06\/image-35-1-768x514.png 768w\" sizes=\"(max-width: 945px) 100vw, 945px\" \/><\/figure>\n\n\n\n<figure class=\"wp-block-image size-large\"><img decoding=\"async\" loading=\"lazy\" width=\"945\" height=\"551\" data-id=\"3531\" src=\"https:\/\/web.gtischarging.sk\/wp-content\/uploads\/2022\/06\/image-33-1.png\" alt=\"\" class=\"wp-image-3531\" srcset=\"https:\/\/web.gtischarging.sk\/wp-content\/uploads\/2022\/06\/image-33-1.png 945w, https:\/\/web.gtischarging.sk\/wp-content\/uploads\/2022\/06\/image-33-1-300x175.png 300w, https:\/\/web.gtischarging.sk\/wp-content\/uploads\/2022\/06\/image-33-1-768x448.png 768w\" sizes=\"(max-width: 945px) 100vw, 945px\" \/><\/figure>\n\n\n\n<figure class=\"wp-block-image\"><img decoding=\"async\" data-id=\"4245\" src=\"https:\/\/www.elektro-vozidla.sk\/wp-content\/uploads\/2022\/06\/image-31.png\" alt=\"\" class=\"wp-image-4245\"\/><\/figure>\n<\/figure>\n\n\n\n<p>Kedy&nbsp;<strong><a href=\"https:\/\/www.gwm-global.com\/\">Great Wall<\/a><\/strong>&nbsp;pote\u0161\u00ed svojim modelom&nbsp;<strong>Ora Ballet Cat<\/strong>&nbsp;aj svojich fan\u00fa\u0161ikov a fan\u00fa\u0161i\u010dky na Slovensku, zatia\u013e nie je zn\u00e1me. Ale sleduj\u00fac vytrval\u00fa a \u00faporn\u00fa snahu na\u0161ich vl\u00e1dnych predstavite\u013eov o pln\u00fa deindustrializ\u00e1ciu Slovenska, je nepochybn\u00e9, \u017ee tento \u010das sa bl\u00ed\u017ei! My, naopak m\u00f4\u017eeme pon\u00faknu\u0165 solventn\u00fdm \u010d\u00ednskym priemyseln\u00edkom napr\u00edklad exkluz\u00edvny lov na medve\u010fa v n\u00e1ru\u010d\u00ed na\u0161ich origin\u00e1lne vykl\u010dovan\u00fdch h\u00f4r. Z\u00e1soby na\u0161ej fauny s\u00fa v tomto pr\u00edpade takmer rovnocenn\u00e9 s v\u00fdkonom \u010d\u00ednskych automobiliek.<\/p>\n\n\n\n<p>Zdroj videa: <br><a href=\"https:\/\/www.elektro-vozidla.sk\/great-wall-ora-ballet-cat-zvlast-pre-zeny\/\">elektro-vodzidla<\/a><\/p>\n","protected":false},"excerpt":{"rendered":"<p>Great Wall ORA Ballet Cat \u2013 zvl\u00e1\u0161\u0165 pre \u017eeny Great Wall\u00a0zd\u00e1 sa, \u017ee na\u0161iel recept na \u00faspech vo vysoko konkuren\u010dnom prostred\u00ed\u00a0 \u010d\u00ednskeho automobilov\u00e9ho priemyslu. Vytvoril podzna\u010dku\u00a0ORA, ktor\u00e1\u00a0 svojimi roztomil\u00fdmi elektrick\u00fdmi autami priam nadbieha \u017eensk\u00e9mu&#46;&#46;&#46;<\/p>\n","protected":false},"author":8,"featured_media":0,"parent":0,"menu_order":0,"comment_status":"closed","ping_status":"closed","template":"","meta":{"footnotes":""},"yoast_head":"<!-- This site is optimized with the Yoast SEO plugin v20.4 - https:\/\/yoast.com\/wordpress\/plugins\/seo\/ -->\n<title>Great Wall ORA - gtischarging.sk<\/title>\n<meta name=\"description\" content=\"Novo vytvoren\u00e1 podzna\u010dla Ora, ktor\u00e1 svojimi roztomil\u00fdmi elektrick\u00fdmi autami priam nadbieha \u017eensk\u00e9mu publiku.\" \/>\n<meta name=\"robots\" content=\"index, follow, max-snippet:-1, max-image-preview:large, max-video-preview:-1\" \/>\n<link rel=\"canonical\" href=\"https:\/\/web.gtischarging.sk\/index.php\/great-wall-ora\/\" \/>\n<meta property=\"og:locale\" content=\"cs_CZ\" \/>\n<meta property=\"og:type\" content=\"article\" \/>\n<meta property=\"og:title\" content=\"Great Wall ORA - gtischarging.sk\" \/>\n<meta property=\"og:description\" content=\"Novo vytvoren\u00e1 podzna\u010dla Ora, ktor\u00e1 svojimi roztomil\u00fdmi elektrick\u00fdmi autami priam nadbieha \u017eensk\u00e9mu publiku.\" \/>\n<meta property=\"og:url\" content=\"https:\/\/web.gtischarging.sk\/index.php\/great-wall-ora\/\" \/>\n<meta property=\"og:site_name\" content=\"gtischarging.sk\" \/>\n<meta property=\"article:publisher\" content=\"https:\/\/www.facebook.com\/gtischarging\" \/>\n<meta property=\"article:modified_time\" content=\"2022-06-21T09:37:27+00:00\" \/>\n<meta property=\"og:image\" content=\"https:\/\/web.gtischarging.sk\/wp-content\/uploads\/2022\/06\/image-17.png\" \/>\n<meta name=\"twitter:card\" content=\"summary_large_image\" \/>\n<meta name=\"twitter:label1\" content=\"Odhadovan\u00e1 doba \u010dten\u00ed\" \/>\n\t<meta name=\"twitter:data1\" content=\"9 minut\" \/>\n<script type=\"application\/ld+json\" class=\"yoast-schema-graph\">{\"@context\":\"https:\/\/schema.org\",\"@graph\":[{\"@type\":\"WebPage\",\"@id\":\"https:\/\/web.gtischarging.sk\/index.php\/great-wall-ora\/\",\"url\":\"https:\/\/web.gtischarging.sk\/index.php\/great-wall-ora\/\",\"name\":\"Great Wall ORA - gtischarging.sk\",\"isPartOf\":{\"@id\":\"https:\/\/web.gtischarging.sk\/#website\"},\"datePublished\":\"2022-06-21T09:37:24+00:00\",\"dateModified\":\"2022-06-21T09:37:27+00:00\",\"description\":\"Novo vytvoren\u00e1 podzna\u010dla Ora, ktor\u00e1 svojimi roztomil\u00fdmi elektrick\u00fdmi autami priam nadbieha \u017eensk\u00e9mu publiku.\",\"breadcrumb\":{\"@id\":\"https:\/\/web.gtischarging.sk\/index.php\/great-wall-ora\/#breadcrumb\"},\"inLanguage\":\"cs\",\"potentialAction\":[{\"@type\":\"ReadAction\",\"target\":[\"https:\/\/web.gtischarging.sk\/index.php\/great-wall-ora\/\"]}]},{\"@type\":\"BreadcrumbList\",\"@id\":\"https:\/\/web.gtischarging.sk\/index.php\/great-wall-ora\/#breadcrumb\",\"itemListElement\":[{\"@type\":\"ListItem\",\"position\":1,\"name\":\"Dom\u016f\",\"item\":\"https:\/\/web.gtischarging.sk\/\"},{\"@type\":\"ListItem\",\"position\":2,\"name\":\"Great Wall ORA\"}]},{\"@type\":\"WebSite\",\"@id\":\"https:\/\/web.gtischarging.sk\/#website\",\"url\":\"https:\/\/web.gtischarging.sk\/\",\"name\":\"gtischarging.sk\",\"description\":\"U n\u00e1s sta\u010d\u00ed prilo\u017ei\u0165 platobn\u00fa kartu\",\"publisher\":{\"@id\":\"https:\/\/web.gtischarging.sk\/#organization\"},\"potentialAction\":[{\"@type\":\"SearchAction\",\"target\":{\"@type\":\"EntryPoint\",\"urlTemplate\":\"https:\/\/web.gtischarging.sk\/?s={search_term_string}\"},\"query-input\":\"required name=search_term_string\"}],\"inLanguage\":\"cs\"},{\"@type\":\"Organization\",\"@id\":\"https:\/\/web.gtischarging.sk\/#organization\",\"name\":\"GTIS charging\",\"url\":\"https:\/\/web.gtischarging.sk\/\",\"logo\":{\"@type\":\"ImageObject\",\"inLanguage\":\"cs\",\"@id\":\"https:\/\/web.gtischarging.sk\/#\/schema\/logo\/image\/\",\"url\":\"https:\/\/web.gtischarging.sk\/wp-content\/uploads\/2020\/03\/logo-180px.png\",\"contentUrl\":\"https:\/\/web.gtischarging.sk\/wp-content\/uploads\/2020\/03\/logo-180px.png\",\"width\":180,\"height\":123,\"caption\":\"GTIS charging\"},\"image\":{\"@id\":\"https:\/\/web.gtischarging.sk\/#\/schema\/logo\/image\/\"},\"sameAs\":[\"https:\/\/www.facebook.com\/gtischarging\"]}]}<\/script>\n<!-- \/ Yoast SEO plugin. -->","yoast_head_json":{"title":"Great Wall ORA - gtischarging.sk","description":"Novo vytvoren\u00e1 podzna\u010dla Ora, ktor\u00e1 svojimi roztomil\u00fdmi elektrick\u00fdmi autami priam nadbieha \u017eensk\u00e9mu publiku.","robots":{"index":"index","follow":"follow","max-snippet":"max-snippet:-1","max-image-preview":"max-image-preview:large","max-video-preview":"max-video-preview:-1"},"canonical":"https:\/\/web.gtischarging.sk\/index.php\/great-wall-ora\/","og_locale":"cs_CZ","og_type":"article","og_title":"Great Wall ORA - gtischarging.sk","og_description":"Novo vytvoren\u00e1 podzna\u010dla Ora, ktor\u00e1 svojimi roztomil\u00fdmi elektrick\u00fdmi autami priam nadbieha \u017eensk\u00e9mu publiku.","og_url":"https:\/\/web.gtischarging.sk\/index.php\/great-wall-ora\/","og_site_name":"gtischarging.sk","article_publisher":"https:\/\/www.facebook.com\/gtischarging","article_modified_time":"2022-06-21T09:37:27+00:00","og_image":[{"url":"https:\/\/web.gtischarging.sk\/wp-content\/uploads\/2022\/06\/image-17.png"}],"twitter_card":"summary_large_image","twitter_misc":{"Odhadovan\u00e1 doba \u010dten\u00ed":"9 minut"},"schema":{"@context":"https:\/\/schema.org","@graph":[{"@type":"WebPage","@id":"https:\/\/web.gtischarging.sk\/index.php\/great-wall-ora\/","url":"https:\/\/web.gtischarging.sk\/index.php\/great-wall-ora\/","name":"Great Wall ORA - gtischarging.sk","isPartOf":{"@id":"https:\/\/web.gtischarging.sk\/#website"},"datePublished":"2022-06-21T09:37:24+00:00","dateModified":"2022-06-21T09:37:27+00:00","description":"Novo vytvoren\u00e1 podzna\u010dla Ora, ktor\u00e1 svojimi roztomil\u00fdmi elektrick\u00fdmi autami priam nadbieha \u017eensk\u00e9mu publiku.","breadcrumb":{"@id":"https:\/\/web.gtischarging.sk\/index.php\/great-wall-ora\/#breadcrumb"},"inLanguage":"cs","potentialAction":[{"@type":"ReadAction","target":["https:\/\/web.gtischarging.sk\/index.php\/great-wall-ora\/"]}]},{"@type":"BreadcrumbList","@id":"https:\/\/web.gtischarging.sk\/index.php\/great-wall-ora\/#breadcrumb","itemListElement":[{"@type":"ListItem","position":1,"name":"Dom\u016f","item":"https:\/\/web.gtischarging.sk\/"},{"@type":"ListItem","position":2,"name":"Great Wall ORA"}]},{"@type":"WebSite","@id":"https:\/\/web.gtischarging.sk\/#website","url":"https:\/\/web.gtischarging.sk\/","name":"gtischarging.sk","description":"U n\u00e1s sta\u010d\u00ed prilo\u017ei\u0165 platobn\u00fa kartu","publisher":{"@id":"https:\/\/web.gtischarging.sk\/#organization"},"potentialAction":[{"@type":"SearchAction","target":{"@type":"EntryPoint","urlTemplate":"https:\/\/web.gtischarging.sk\/?s={search_term_string}"},"query-input":"required name=search_term_string"}],"inLanguage":"cs"},{"@type":"Organization","@id":"https:\/\/web.gtischarging.sk\/#organization","name":"GTIS charging","url":"https:\/\/web.gtischarging.sk\/","logo":{"@type":"ImageObject","inLanguage":"cs","@id":"https:\/\/web.gtischarging.sk\/#\/schema\/logo\/image\/","url":"https:\/\/web.gtischarging.sk\/wp-content\/uploads\/2020\/03\/logo-180px.png","contentUrl":"https:\/\/web.gtischarging.sk\/wp-content\/uploads\/2020\/03\/logo-180px.png","width":180,"height":123,"caption":"GTIS charging"},"image":{"@id":"https:\/\/web.gtischarging.sk\/#\/schema\/logo\/image\/"},"sameAs":["https:\/\/www.facebook.com\/gtischarging"]}]}},"_links":{"self":[{"href":"https:\/\/web.gtischarging.sk\/index.php\/wp-json\/wp\/v2\/pages\/3523"}],"collection":[{"href":"https:\/\/web.gtischarging.sk\/index.php\/wp-json\/wp\/v2\/pages"}],"about":[{"href":"https:\/\/web.gtischarging.sk\/index.php\/wp-json\/wp\/v2\/types\/page"}],"author":[{"embeddable":true,"href":"https:\/\/web.gtischarging.sk\/index.php\/wp-json\/wp\/v2\/users\/8"}],"replies":[{"embeddable":true,"href":"https:\/\/web.gtischarging.sk\/index.php\/wp-json\/wp\/v2\/comments?post=3523"}],"version-history":[{"count":3,"href":"https:\/\/web.gtischarging.sk\/index.php\/wp-json\/wp\/v2\/pages\/3523\/revisions"}],"predecessor-version":[{"id":3535,"href":"https:\/\/web.gtischarging.sk\/index.php\/wp-json\/wp\/v2\/pages\/3523\/revisions\/3535"}],"wp:attachment":[{"href":"https:\/\/web.gtischarging.sk\/index.php\/wp-json\/wp\/v2\/media?parent=3523"}],"curies":[{"name":"wp","href":"https:\/\/api.w.org\/{rel}","templated":true}]}}