 {"id":3513,"date":"2022-06-21T11:39:25","date_gmt":"2022-06-21T09:39:25","guid":{"rendered":"https:\/\/web.gtischarging.sk\/?page_id=3513"},"modified":"2022-06-21T11:43:36","modified_gmt":"2022-06-21T09:43:36","slug":"changan-shenlan-sl03","status":"publish","type":"page","link":"https:\/\/web.gtischarging.sk\/index.php\/changan-shenlan-sl03\/","title":{"rendered":"Changan Shenlan SL03"},"content":{"rendered":"\n<figure class=\"wp-block-image size-full is-resized\"><img decoding=\"async\" loading=\"lazy\" src=\"https:\/\/web.gtischarging.sk\/wp-content\/uploads\/2022\/06\/image-42.png\" alt=\"\" class=\"wp-image-3514\" width=\"1064\" height=\"490\" srcset=\"https:\/\/web.gtischarging.sk\/wp-content\/uploads\/2022\/06\/image-42.png 945w, https:\/\/web.gtischarging.sk\/wp-content\/uploads\/2022\/06\/image-42-300x138.png 300w, https:\/\/web.gtischarging.sk\/wp-content\/uploads\/2022\/06\/image-42-768x354.png 768w\" sizes=\"(max-width: 1064px) 100vw, 1064px\" \/><\/figure>\n\n\n\n<h1 class=\"has-text-align-center wp-block-heading\">Changan Shenlan SL03 je pripraven\u00fd konkurova\u0165 Tesle Model 3<\/h1>\n\n\n\n<p>\u010c\u00ednsky \u0161t\u00e1tny koncern&nbsp;<strong>Changan<\/strong>&nbsp;u\u017e m\u00e1 dc\u00e9rske spolo\u010dnosti a spolo\u010dn\u00e9 zna\u010dky, ako s\u00fa :&nbsp;<strong>Oshan<\/strong>,&nbsp;<strong>Lumin<\/strong>, Kaicene a&nbsp;<strong>Avatar<\/strong>&nbsp;a ned\u00e1vno sa objavila \u010fal\u0161ia. Zna\u010dka&nbsp;<strong>Shenlan<\/strong>&nbsp;vznikla v marci a jej n\u00e1zov sa d\u00e1 z \u010d\u00edn\u0161tiny doslovne prelo\u017ei\u0165 ako \u201etmavomodr\u00e1\u201c. Prv\u00fdm modelom podzna\u010dky je&nbsp;<strong>Shenlan SL03<\/strong>, ktor\u00fd sa minul\u00fa jese\u0148 uk\u00e1zal ako koncep\u010dn\u00fd automobil s n\u00e1zvom&nbsp;<strong>Changan C385<\/strong>. Nepre\u0161iel ani rok a model je u\u017e pripraven\u00fd na s\u00e9riov\u00fa v\u00fdrobu. V automobilke&nbsp;<strong><a href=\"https:\/\/www.changan.com.cn\/\">Changan<\/a><\/strong>&nbsp;novinke ur\u010dili poslanie konkurova\u0165&nbsp;<strong>Tesle Model 3<\/strong>&nbsp;v \u010c\u00edne, ale nesk\u00f4r asi aj za jej hranicami.<\/p>\n\n\n\n<p><strong>Changan Shenlan SL03<\/strong>&nbsp;je \u010fal\u0161\u00edm spolo\u010dn\u00fdm projektom spolo\u010dnost\u00ed&nbsp;<strong>Changan New Energy<\/strong>,&nbsp;<strong>CATL<\/strong>&nbsp;a&nbsp;<strong>Huawei<\/strong>. T\u00e1to \u201etrojica\u201c funguje aj na&nbsp;<strong>Avatr<\/strong>&nbsp;a&nbsp;<strong>Changan Lumin<\/strong>. SL03 je polo\u017een\u00fd na platforme EPA1 a je umiestnen\u00fd ako kompaktn\u00fd mainstreamov\u00fd sedan. Jeho presn\u00e9 rozmery s\u00fa: d\u013a\u017eka &nbsp;<strong>4820 mm<\/strong>&nbsp;x \u0161\u00edrka&nbsp;<strong>1890 mm&nbsp;<\/strong>x v\u00fd\u0161ka&nbsp;<strong>1480 mm<\/strong>, s r\u00e1zvorom&nbsp;<strong>2900 mm<\/strong>. Ve\u013ekos\u0165ou je to takmer&nbsp;<strong>\u0160koda Superb<\/strong>, alebo je o 106 mm dlh\u0161\u00ed ako&nbsp;<strong>Tesla Model 3<\/strong>&nbsp;pri\u010dom jeho r\u00e1zvor je o 25 mm dlh\u0161\u00ed ako u americk\u00e9ho modelu. Stoj\u00ed za zmienku, \u017ee&nbsp;<strong>SL03<\/strong>&nbsp;sa bude zatia\u013e pon\u00faka\u0165 &nbsp;iba vo verzii s&nbsp;pohonom zadnej n\u00e1pravy &nbsp;<strong>RWD<\/strong>. M\u00e1 v\u0161ak tri varianty pohonnej jednotky: \u010disto elektrick\u00fd&nbsp;<strong>EV<\/strong>, s\u00e9riov\u00fd hybrid&nbsp;<strong>EREV<\/strong>&nbsp;( s motorov\u00fdm predl\u017eova\u010dom dojazdu) a elektrick\u00e9 vozidlo s vod\u00edkov\u00fdm elektrochemick\u00fdm gener\u00e1torom (&nbsp;<strong>FCEV<\/strong>&nbsp;\u2013 vod\u00edkov\u00fd elektromobil).<\/p>\n\n\n\n<figure class=\"wp-block-gallery has-nested-images columns-default is-cropped wp-block-gallery-1 is-layout-flex wp-block-gallery-is-layout-flex\">\n<figure class=\"wp-block-image size-large\"><img decoding=\"async\" loading=\"lazy\" width=\"945\" height=\"551\" data-id=\"3520\" src=\"https:\/\/web.gtischarging.sk\/wp-content\/uploads\/2022\/06\/image-52.png\" alt=\"\" class=\"wp-image-3520\" srcset=\"https:\/\/web.gtischarging.sk\/wp-content\/uploads\/2022\/06\/image-52.png 945w, https:\/\/web.gtischarging.sk\/wp-content\/uploads\/2022\/06\/image-52-300x175.png 300w, https:\/\/web.gtischarging.sk\/wp-content\/uploads\/2022\/06\/image-52-768x448.png 768w\" sizes=\"(max-width: 945px) 100vw, 945px\" \/><\/figure>\n\n\n\n<figure class=\"wp-block-image size-large\"><img decoding=\"async\" loading=\"lazy\" width=\"945\" height=\"551\" data-id=\"3519\" src=\"https:\/\/web.gtischarging.sk\/wp-content\/uploads\/2022\/06\/image-51-1.png\" alt=\"\" class=\"wp-image-3519\" srcset=\"https:\/\/web.gtischarging.sk\/wp-content\/uploads\/2022\/06\/image-51-1.png 945w, https:\/\/web.gtischarging.sk\/wp-content\/uploads\/2022\/06\/image-51-1-300x175.png 300w, https:\/\/web.gtischarging.sk\/wp-content\/uploads\/2022\/06\/image-51-1-768x448.png 768w\" sizes=\"(max-width: 945px) 100vw, 945px\" \/><\/figure>\n<\/figure>\n\n\n\n<p>V ozn\u00e1meniach sa objavili iba verzie&nbsp;<strong>EV<\/strong>&nbsp;a&nbsp;<strong>EREV<\/strong>&nbsp;SL03. Nie s\u00fa medzi nimi takmer \u017eiadne vidite\u013en\u00e9 rozdiely. \u0160t\u00fdl&nbsp;<strong>Shenlan SL03<\/strong>&nbsp;je dynamick\u00fd so \u0161portov\u00fdmi proporciami, tenk\u00fdmi svetlometmi a spojenou zadnou svetelnou li\u0161tou. SL03 m\u00e1 koles\u00e1 225\/55 R18 alebo 245\/45 R19. Elektromobil m\u00e1 \u0161tandardn\u00fa presklen\u00fa strechu a origin\u00e1lny dizajn zadnej \u010dasti karos\u00e9rie s ostrou stredovou plutvou. Obrysov\u00e9 svetl\u00e1 vpredu aj vzadu s\u00fa vyroben\u00e9 vo forme troch okvetn\u00fdch l\u00edstkov.<\/p>\n\n\n\n<p>Verzie EV aj EREV SL03 maj\u00fa rovnak\u00fa ve\u013ekos\u0165. Pohotovostn\u00e1 hmotnos\u0165 plne elektrick\u00fdch verzii&nbsp;<strong>SL03 EV<\/strong>&nbsp;je 1 725 a 1 825 kilogramov (max. hmotnos\u0165: 2 100 a 2 200 kg).Hmotnos\u0165 SL03 s mo\u017enos\u0165ou predl\u017eova\u010da dojazdu&nbsp;<strong>SL03 EREV<\/strong>&nbsp;je 1 760 kg (max. hmotnos\u0165: 2 135 kg).<\/p>\n\n\n\n<figure class=\"wp-block-gallery has-nested-images columns-default is-cropped wp-block-gallery-3 is-layout-flex wp-block-gallery-is-layout-flex\">\n<figure class=\"wp-block-image size-large\"><img decoding=\"async\" loading=\"lazy\" width=\"945\" height=\"551\" data-id=\"3518\" src=\"https:\/\/web.gtischarging.sk\/wp-content\/uploads\/2022\/06\/image-53-2.png\" alt=\"\" class=\"wp-image-3518\" srcset=\"https:\/\/web.gtischarging.sk\/wp-content\/uploads\/2022\/06\/image-53-2.png 945w, https:\/\/web.gtischarging.sk\/wp-content\/uploads\/2022\/06\/image-53-2-300x175.png 300w, https:\/\/web.gtischarging.sk\/wp-content\/uploads\/2022\/06\/image-53-2-768x448.png 768w\" sizes=\"(max-width: 945px) 100vw, 945px\" \/><\/figure>\n\n\n\n<figure class=\"wp-block-image\"><img decoding=\"async\" data-id=\"4274\" src=\"https:\/\/www.elektro-vozidla.sk\/wp-content\/uploads\/2022\/06\/image-55.png\" alt=\"\" class=\"wp-image-4274\"\/><\/figure>\n<\/figure>\n\n\n\n<p><strong>Verzie elektromobilu Changan Shenlan SL03<\/strong><\/p>\n\n\n\n<p>Pohonn\u00fa jednotku plne elektrick\u00e9ho&nbsp;<strong>Changan Shenlan SL03<\/strong>&nbsp;<strong>EV<\/strong>&nbsp;bud\u00fa tvori\u0165 dve v\u00fdkonov\u00e9 verzie s&nbsp;pohonom zadn\u00fdch kolies RWD. Z\u00e1kladn\u00e1&nbsp;<strong>SL03 EV<\/strong>&nbsp;m\u00e1 jeden elektromotor na zadnej n\u00e1prave s v\u00fdkonom&nbsp;<strong>160 kW<\/strong>&nbsp;(218 k) a trak\u010dnou bat\u00e9riou s&nbsp;kapacitou&nbsp;<strong>58 kWh<\/strong>, ktor\u00e1 sta\u010d\u00ed na certifikovan\u00fd dojazd&nbsp;<strong>515 km<\/strong>&nbsp;pod\u013ea \u010d\u00ednskeho cyklu CLTC. K dispoz\u00edcii je aj silnej\u0161ia verzia s&nbsp;motorom naladen\u00fdm na&nbsp;<strong>190 kW<\/strong>&nbsp;(258 k), ktor\u00e1 dostane bat\u00e9riu s kapacitou&nbsp;<strong>78 kWh<\/strong>&nbsp;a&nbsp;<strong>712 km&nbsp;<\/strong>dojazd, pri\u010dom \u010das zr\u00fdchlenia z 0 na 100 km\/h je&nbsp;<strong>5,9 sekundy<\/strong>. Pod\u013ea ozn\u00e1menia Shenlan&nbsp;<strong>SL03 EV<\/strong>&nbsp;spotrebuje iba&nbsp;<strong>12,3 kWh\/100 km<\/strong>. Oba tieto motory vyr\u00e1ba Changan New Energy. Jeho z\u00e1kladn\u00fd model dostane bat\u00e9riu LFP od CATL, pri\u010dom model s viacer\u00fdmi ko\u0148mi pod kapotou si osvoj\u00ed tern\u00e1rnu bat\u00e9riu (NMC) od Changan New Energy.<\/p>\n\n\n\n<p>Verzia s\u00e9riov\u00e9ho <a href=\"https:\/\/web.gtischarging.sk\/index.php\/autosalon\/plug-in-hybridy\/\">hybridu<\/a>&nbsp;<strong>EREV<\/strong>&nbsp;<strong>Changan Shenlan SL03<\/strong>&nbsp;dostala 1,5-litrov\u00fd (JL473QJ) atmosferick\u00fd benz\u00ednov\u00fd motor s v\u00fdkonom 70 kW (95 k). Pod\u013ea ozn\u00e1menia MIIT je spotreba paliva SL03 0,75 l\/100 km ( presnej\u0161ie na prv\u00fdch 100 km). Ke\u010f u\u017e hovor\u00edme o elektromotore, ten je st\u00e1le na zadnej n\u00e1prave a m\u00e1 v\u00fdkon&nbsp;<strong>160 kW<\/strong>&nbsp;(218 k). SL03 EREV dostal na palubu bat\u00e9riu LFP. Vyr\u00e1ba ho spolo\u010dnos\u0165 CALB, ktor\u00e1 je konkurentom CATL. Predt\u00fdm Shenlan zdie\u013eal, \u017ee&nbsp;<strong>SL03 EREV<\/strong>&nbsp;bude schopn\u00fd prejs\u0165 a\u017e&nbsp;<strong>1 200 km<\/strong>.<\/p>\n\n\n\n<p><strong>Changan Shenlan SL03&nbsp;<\/strong>bude ma\u0165 aj vod\u00edkov\u00fa verziu&nbsp;<strong>FCEV<\/strong>. Bohu\u017eia\u013e sa to nedostalo do ozn\u00e1men\u00ed \u010d\u00ednskeho ministerstva hospod\u00e1rstva MIIT. Dojazd&nbsp;<strong>FCEV&nbsp;<\/strong>dosahuje&nbsp;<strong>700 km<\/strong>, rovnako ako plne elektrick\u00fd model. Prim\u00e1rnou v\u00fdhodou vod\u00edkovej verzie je ale r\u00fdchle tankovanie. Pod\u013ea \u00fadajov spolo\u010dnosti naplnenie vod\u00edkovej n\u00e1dr\u017ee&nbsp;<strong>Shenlan<\/strong>&nbsp;<strong>SL03<\/strong>&nbsp;<strong>FCEV<\/strong>&nbsp;trv\u00e1 len 3 min\u00faty. Mimochodom, spotreba vod\u00edka m\u00e1 by\u0165 iba&nbsp;<strong>0,65 kg\/100 km<\/strong>. A t\u00e1to verzia dostala elektromotor s v\u00fdkonom<strong>&nbsp;190 kW<\/strong>.<\/p>\n\n\n<div class=\"wp-block-image\">\n<figure class=\"aligncenter\"><img decoding=\"async\" src=\"https:\/\/www.elektro-vozidla.sk\/wp-content\/uploads\/2022\/06\/image-54.png\" alt=\"\" class=\"wp-image-4273\"\/><figcaption><strong><em>Plne elektrick\u00fd SL03 EV od hybridn\u00e9ho modelu SL03 EREV sa d\u00e1 rozozna\u0165 iba pod\u013ea v\u00fdfukov\u00e9ho potrubia.<\/em><\/strong><\/figcaption><\/figure><\/div>\n\n\n<p><strong>V&nbsp;interi\u00e9ri<\/strong>&nbsp;vozidla nie s\u00fa takmer \u017eiadne anal\u00f3gov\u00e9 tla\u010didl\u00e1 a gomb\u00edky. Ovl\u00e1danie prevodovky m\u00e1 na starosti prav\u00e1 p\u00e1\u010dka na volante a dr\u017eiaky n\u00e1pojov na stredovom tuneli s\u00fa ukryt\u00e9 posuvnou lak\u0165ovou opierkou. Ve\u013ek\u00e1 obrazovka multimedi\u00e1lneho syst\u00e9mu (14,6 palca) sa m\u00f4\u017ee oto\u010di\u0165 o 15 stup\u0148ov smerom k&nbsp;vodi\u010dovi, alebo spolujazdcovi. Nato\u010denie obrazovky vykon\u00e1va &nbsp;servopohon, ktor\u00fd dostane pr\u00edkaz zo sn\u00edma\u010da: kto z&nbsp;predn\u00fdch pasa\u017eierov &nbsp;siahne po obrazovke rukou, na toho sa obrazovka mierne nato\u010d\u00ed.<\/p>\n\n\n\n<p>V z\u00e1kladnom bal\u00edku je tie\u017e head-up displej a medzi volite\u013en\u00fdmi mo\u017enos\u0165ami je adapt\u00edvny tempomat a&nbsp;syst\u00e9m pre auton\u00f3mne parkovanie. Spolo\u010dnos\u0165&nbsp;<strong>Changan<\/strong>&nbsp;navy\u0161e ubezpe\u010duje, \u017ee v bud\u00facnosti pon\u00fakne autopilota tretej \u00farovne: na jeho aktiv\u00e1ciu sta\u010d\u00ed aktualizova\u0165 softv\u00e9r, \u010do sa udeje \u201evzduchom\u201c .<\/p>\n\n\n\n<figure class=\"wp-block-gallery has-nested-images columns-default is-cropped wp-block-gallery-5 is-layout-flex wp-block-gallery-is-layout-flex\">\n<figure class=\"wp-block-image size-large\"><img decoding=\"async\" loading=\"lazy\" width=\"945\" height=\"551\" data-id=\"3517\" src=\"https:\/\/web.gtischarging.sk\/wp-content\/uploads\/2022\/06\/image-50.png\" alt=\"\" class=\"wp-image-3517\" srcset=\"https:\/\/web.gtischarging.sk\/wp-content\/uploads\/2022\/06\/image-50.png 945w, https:\/\/web.gtischarging.sk\/wp-content\/uploads\/2022\/06\/image-50-300x175.png 300w, https:\/\/web.gtischarging.sk\/wp-content\/uploads\/2022\/06\/image-50-768x448.png 768w\" sizes=\"(max-width: 945px) 100vw, 945px\" \/><\/figure>\n\n\n\n<figure class=\"wp-block-image size-large\"><img decoding=\"async\" loading=\"lazy\" width=\"945\" height=\"551\" data-id=\"3516\" src=\"https:\/\/web.gtischarging.sk\/wp-content\/uploads\/2022\/06\/image-49.png\" alt=\"\" class=\"wp-image-3516\" srcset=\"https:\/\/web.gtischarging.sk\/wp-content\/uploads\/2022\/06\/image-49.png 945w, https:\/\/web.gtischarging.sk\/wp-content\/uploads\/2022\/06\/image-49-300x175.png 300w, https:\/\/web.gtischarging.sk\/wp-content\/uploads\/2022\/06\/image-49-768x448.png 768w\" sizes=\"(max-width: 945px) 100vw, 945px\" \/><\/figure>\n\n\n\n<figure class=\"wp-block-image\"><img decoding=\"async\" data-id=\"4267\" src=\"https:\/\/www.elektro-vozidla.sk\/wp-content\/uploads\/2022\/06\/image-48.png\" alt=\"\" class=\"wp-image-4267\"\/><\/figure>\n<\/figure>\n\n\n\n<p>Elektrick\u00fd&nbsp;<strong>Shenlan SL03<\/strong>&nbsp;vst\u00fapi na \u010d\u00ednsky trh v tre\u0165om \u0161tvr\u0165roku 2022. Odhadovan\u00e1 uv\u00e1dzacia cena je 23 000 dol\u00e1rov ( alebo pribli\u017ene&nbsp;<strong>21&nbsp;409<\/strong>&nbsp;<strong>Eur<\/strong>&nbsp;pod\u013ea aktu\u00e1lneho kurzu NBS). Ak v\u00fdrobca dodr\u017e\u00ed predpokladan\u00fa cenu, potom m\u00e1 skuto\u010dne TESLA nov\u00fd probl\u00e9m \u2013 aj ke\u010f zatia\u013e iba na \u010d\u00ednskom trhu. Hoci, kto vie \u2013 usilovn\u00e1 snaha \u201cm\u00fadrych hl\u00e1v\u201d v EU a aj na\u0161om parlamente nevyhnutne pribli\u017euj\u00fa realitu \u010d\u00ednskych \u00e1ut na na\u0161ich cest\u00e1ch k plne re\u00e1lnej mo\u017enosti u\u017e v bl\u00edzkej dobe! Nech \u017eij\u00fa sankcie \u2013 pre rados\u0165 \u010d\u00ednskych v\u00fdrobcov a spotrebite\u013eov zbytku sveta!<\/p>\n\n\n\n<p>Pod zna\u010dkou&nbsp;<strong>Shenlan<\/strong>&nbsp;sa objavia \u010fal\u0161ie dva modely, pri\u010dom crossover sa o\u010dak\u00e1va u\u017e v roku 2023.<\/p>\n\n\n\n<p>Zdroj<br><a href=\"https:\/\/www.elektro-vozidla.sk\/changan-shenlan-sl03-je-pripraveny-konkurovat-tesle-model-3\/\">elektro-vozidla<\/a><\/p>\n","protected":false},"excerpt":{"rendered":"<p>Changan Shenlan SL03 je pripraven\u00fd konkurova\u0165 Tesle Model 3 \u010c\u00ednsky \u0161t\u00e1tny koncern&nbsp;Changan&nbsp;u\u017e m\u00e1 dc\u00e9rske spolo\u010dnosti a spolo\u010dn\u00e9 zna\u010dky, ako s\u00fa :&nbsp;Oshan,&nbsp;Lumin, Kaicene a&nbsp;Avatar&nbsp;a ned\u00e1vno sa objavila \u010fal\u0161ia. Zna\u010dka&nbsp;Shenlan&nbsp;vznikla v marci a jej n\u00e1zov sa&#46;&#46;&#46;<\/p>\n","protected":false},"author":8,"featured_media":0,"parent":0,"menu_order":0,"comment_status":"closed","ping_status":"closed","template":"","meta":{"footnotes":""},"yoast_head":"<!-- This site is optimized with the Yoast SEO plugin v20.4 - https:\/\/yoast.com\/wordpress\/plugins\/seo\/ -->\n<title>Changan Shenlan SL03 - gtischarging.sk<\/title>\n<meta name=\"description\" content=\"Prv\u00fdm modelom podzna\u010dky je\u00a0Shenlan SL03, ktor\u00fd sa minul\u00fa jese\u0148 uk\u00e1zal ako koncep\u010dn\u00fd automobil s n\u00e1zvom\u00a0Changan C385.\" \/>\n<meta name=\"robots\" content=\"index, follow, max-snippet:-1, max-image-preview:large, max-video-preview:-1\" \/>\n<link rel=\"canonical\" href=\"https:\/\/web.gtischarging.sk\/index.php\/changan-shenlan-sl03\/\" \/>\n<meta property=\"og:locale\" content=\"cs_CZ\" \/>\n<meta property=\"og:type\" content=\"article\" \/>\n<meta property=\"og:title\" content=\"Changan Shenlan SL03 - gtischarging.sk\" \/>\n<meta property=\"og:description\" content=\"Prv\u00fdm modelom podzna\u010dky je\u00a0Shenlan SL03, ktor\u00fd sa minul\u00fa jese\u0148 uk\u00e1zal ako koncep\u010dn\u00fd automobil s n\u00e1zvom\u00a0Changan C385.\" \/>\n<meta property=\"og:url\" content=\"https:\/\/web.gtischarging.sk\/index.php\/changan-shenlan-sl03\/\" \/>\n<meta property=\"og:site_name\" content=\"gtischarging.sk\" \/>\n<meta property=\"article:publisher\" content=\"https:\/\/www.facebook.com\/gtischarging\" \/>\n<meta property=\"article:modified_time\" content=\"2022-06-21T09:43:36+00:00\" \/>\n<meta property=\"og:image\" content=\"https:\/\/web.gtischarging.sk\/wp-content\/uploads\/2022\/06\/image-42.png\" \/>\n<meta name=\"twitter:card\" content=\"summary_large_image\" \/>\n<meta name=\"twitter:label1\" content=\"Odhadovan\u00e1 doba \u010dten\u00ed\" \/>\n\t<meta name=\"twitter:data1\" content=\"7 minut\" \/>\n<script type=\"application\/ld+json\" class=\"yoast-schema-graph\">{\"@context\":\"https:\/\/schema.org\",\"@graph\":[{\"@type\":\"WebPage\",\"@id\":\"https:\/\/web.gtischarging.sk\/index.php\/changan-shenlan-sl03\/\",\"url\":\"https:\/\/web.gtischarging.sk\/index.php\/changan-shenlan-sl03\/\",\"name\":\"Changan Shenlan SL03 - gtischarging.sk\",\"isPartOf\":{\"@id\":\"https:\/\/web.gtischarging.sk\/#website\"},\"datePublished\":\"2022-06-21T09:39:25+00:00\",\"dateModified\":\"2022-06-21T09:43:36+00:00\",\"description\":\"Prv\u00fdm modelom podzna\u010dky je\u00a0Shenlan SL03, ktor\u00fd sa minul\u00fa jese\u0148 uk\u00e1zal ako koncep\u010dn\u00fd automobil s n\u00e1zvom\u00a0Changan C385.\",\"breadcrumb\":{\"@id\":\"https:\/\/web.gtischarging.sk\/index.php\/changan-shenlan-sl03\/#breadcrumb\"},\"inLanguage\":\"cs\",\"potentialAction\":[{\"@type\":\"ReadAction\",\"target\":[\"https:\/\/web.gtischarging.sk\/index.php\/changan-shenlan-sl03\/\"]}]},{\"@type\":\"BreadcrumbList\",\"@id\":\"https:\/\/web.gtischarging.sk\/index.php\/changan-shenlan-sl03\/#breadcrumb\",\"itemListElement\":[{\"@type\":\"ListItem\",\"position\":1,\"name\":\"Dom\u016f\",\"item\":\"https:\/\/web.gtischarging.sk\/\"},{\"@type\":\"ListItem\",\"position\":2,\"name\":\"Changan Shenlan SL03\"}]},{\"@type\":\"WebSite\",\"@id\":\"https:\/\/web.gtischarging.sk\/#website\",\"url\":\"https:\/\/web.gtischarging.sk\/\",\"name\":\"gtischarging.sk\",\"description\":\"U n\u00e1s sta\u010d\u00ed prilo\u017ei\u0165 platobn\u00fa kartu\",\"publisher\":{\"@id\":\"https:\/\/web.gtischarging.sk\/#organization\"},\"potentialAction\":[{\"@type\":\"SearchAction\",\"target\":{\"@type\":\"EntryPoint\",\"urlTemplate\":\"https:\/\/web.gtischarging.sk\/?s={search_term_string}\"},\"query-input\":\"required name=search_term_string\"}],\"inLanguage\":\"cs\"},{\"@type\":\"Organization\",\"@id\":\"https:\/\/web.gtischarging.sk\/#organization\",\"name\":\"GTIS charging\",\"url\":\"https:\/\/web.gtischarging.sk\/\",\"logo\":{\"@type\":\"ImageObject\",\"inLanguage\":\"cs\",\"@id\":\"https:\/\/web.gtischarging.sk\/#\/schema\/logo\/image\/\",\"url\":\"https:\/\/web.gtischarging.sk\/wp-content\/uploads\/2020\/03\/logo-180px.png\",\"contentUrl\":\"https:\/\/web.gtischarging.sk\/wp-content\/uploads\/2020\/03\/logo-180px.png\",\"width\":180,\"height\":123,\"caption\":\"GTIS charging\"},\"image\":{\"@id\":\"https:\/\/web.gtischarging.sk\/#\/schema\/logo\/image\/\"},\"sameAs\":[\"https:\/\/www.facebook.com\/gtischarging\"]}]}<\/script>\n<!-- \/ Yoast SEO plugin. -->","yoast_head_json":{"title":"Changan Shenlan SL03 - gtischarging.sk","description":"Prv\u00fdm modelom podzna\u010dky je\u00a0Shenlan SL03, ktor\u00fd sa minul\u00fa jese\u0148 uk\u00e1zal ako koncep\u010dn\u00fd automobil s n\u00e1zvom\u00a0Changan C385.","robots":{"index":"index","follow":"follow","max-snippet":"max-snippet:-1","max-image-preview":"max-image-preview:large","max-video-preview":"max-video-preview:-1"},"canonical":"https:\/\/web.gtischarging.sk\/index.php\/changan-shenlan-sl03\/","og_locale":"cs_CZ","og_type":"article","og_title":"Changan Shenlan SL03 - gtischarging.sk","og_description":"Prv\u00fdm modelom podzna\u010dky je\u00a0Shenlan SL03, ktor\u00fd sa minul\u00fa jese\u0148 uk\u00e1zal ako koncep\u010dn\u00fd automobil s n\u00e1zvom\u00a0Changan C385.","og_url":"https:\/\/web.gtischarging.sk\/index.php\/changan-shenlan-sl03\/","og_site_name":"gtischarging.sk","article_publisher":"https:\/\/www.facebook.com\/gtischarging","article_modified_time":"2022-06-21T09:43:36+00:00","og_image":[{"url":"https:\/\/web.gtischarging.sk\/wp-content\/uploads\/2022\/06\/image-42.png"}],"twitter_card":"summary_large_image","twitter_misc":{"Odhadovan\u00e1 doba \u010dten\u00ed":"7 minut"},"schema":{"@context":"https:\/\/schema.org","@graph":[{"@type":"WebPage","@id":"https:\/\/web.gtischarging.sk\/index.php\/changan-shenlan-sl03\/","url":"https:\/\/web.gtischarging.sk\/index.php\/changan-shenlan-sl03\/","name":"Changan Shenlan SL03 - gtischarging.sk","isPartOf":{"@id":"https:\/\/web.gtischarging.sk\/#website"},"datePublished":"2022-06-21T09:39:25+00:00","dateModified":"2022-06-21T09:43:36+00:00","description":"Prv\u00fdm modelom podzna\u010dky je\u00a0Shenlan SL03, ktor\u00fd sa minul\u00fa jese\u0148 uk\u00e1zal ako koncep\u010dn\u00fd automobil s n\u00e1zvom\u00a0Changan C385.","breadcrumb":{"@id":"https:\/\/web.gtischarging.sk\/index.php\/changan-shenlan-sl03\/#breadcrumb"},"inLanguage":"cs","potentialAction":[{"@type":"ReadAction","target":["https:\/\/web.gtischarging.sk\/index.php\/changan-shenlan-sl03\/"]}]},{"@type":"BreadcrumbList","@id":"https:\/\/web.gtischarging.sk\/index.php\/changan-shenlan-sl03\/#breadcrumb","itemListElement":[{"@type":"ListItem","position":1,"name":"Dom\u016f","item":"https:\/\/web.gtischarging.sk\/"},{"@type":"ListItem","position":2,"name":"Changan Shenlan SL03"}]},{"@type":"WebSite","@id":"https:\/\/web.gtischarging.sk\/#website","url":"https:\/\/web.gtischarging.sk\/","name":"gtischarging.sk","description":"U n\u00e1s sta\u010d\u00ed prilo\u017ei\u0165 platobn\u00fa kartu","publisher":{"@id":"https:\/\/web.gtischarging.sk\/#organization"},"potentialAction":[{"@type":"SearchAction","target":{"@type":"EntryPoint","urlTemplate":"https:\/\/web.gtischarging.sk\/?s={search_term_string}"},"query-input":"required name=search_term_string"}],"inLanguage":"cs"},{"@type":"Organization","@id":"https:\/\/web.gtischarging.sk\/#organization","name":"GTIS charging","url":"https:\/\/web.gtischarging.sk\/","logo":{"@type":"ImageObject","inLanguage":"cs","@id":"https:\/\/web.gtischarging.sk\/#\/schema\/logo\/image\/","url":"https:\/\/web.gtischarging.sk\/wp-content\/uploads\/2020\/03\/logo-180px.png","contentUrl":"https:\/\/web.gtischarging.sk\/wp-content\/uploads\/2020\/03\/logo-180px.png","width":180,"height":123,"caption":"GTIS charging"},"image":{"@id":"https:\/\/web.gtischarging.sk\/#\/schema\/logo\/image\/"},"sameAs":["https:\/\/www.facebook.com\/gtischarging"]}]}},"_links":{"self":[{"href":"https:\/\/web.gtischarging.sk\/index.php\/wp-json\/wp\/v2\/pages\/3513"}],"collection":[{"href":"https:\/\/web.gtischarging.sk\/index.php\/wp-json\/wp\/v2\/pages"}],"about":[{"href":"https:\/\/web.gtischarging.sk\/index.php\/wp-json\/wp\/v2\/types\/page"}],"author":[{"embeddable":true,"href":"https:\/\/web.gtischarging.sk\/index.php\/wp-json\/wp\/v2\/users\/8"}],"replies":[{"embeddable":true,"href":"https:\/\/web.gtischarging.sk\/index.php\/wp-json\/wp\/v2\/comments?post=3513"}],"version-history":[{"count":5,"href":"https:\/\/web.gtischarging.sk\/index.php\/wp-json\/wp\/v2\/pages\/3513\/revisions"}],"predecessor-version":[{"id":3544,"href":"https:\/\/web.gtischarging.sk\/index.php\/wp-json\/wp\/v2\/pages\/3513\/revisions\/3544"}],"wp:attachment":[{"href":"https:\/\/web.gtischarging.sk\/index.php\/wp-json\/wp\/v2\/media?parent=3513"}],"curies":[{"name":"wp","href":"https:\/\/api.w.org\/{rel}","templated":true}]}}