 {"id":3023,"date":"2021-10-28T12:43:40","date_gmt":"2021-10-28T10:43:40","guid":{"rendered":"https:\/\/web.gtischarging.sk\/?page_id=3023"},"modified":"2021-10-28T12:43:42","modified_gmt":"2021-10-28T10:43:42","slug":"bmw-im2","status":"publish","type":"page","link":"https:\/\/web.gtischarging.sk\/index.php\/bmw-im2\/","title":{"rendered":"BMW iM2"},"content":{"rendered":"\n<div class=\"wp-block-image\"><figure class=\"aligncenter size-large\"><img decoding=\"async\" loading=\"lazy\" width=\"1024\" height=\"461\" src=\"https:\/\/web.gtischarging.sk\/wp-content\/uploads\/2021\/10\/bmw_im2_front-1-1024x461.jpg\" alt=\"\" class=\"wp-image-3025\" srcset=\"https:\/\/web.gtischarging.sk\/wp-content\/uploads\/2021\/10\/bmw_im2_front-1-1024x461.jpg 1024w, https:\/\/web.gtischarging.sk\/wp-content\/uploads\/2021\/10\/bmw_im2_front-1-300x135.jpg 300w, https:\/\/web.gtischarging.sk\/wp-content\/uploads\/2021\/10\/bmw_im2_front-1-768x346.jpg 768w, https:\/\/web.gtischarging.sk\/wp-content\/uploads\/2021\/10\/bmw_im2_front-1.jpg 1053w\" sizes=\"(max-width: 1024px) 100vw, 1024px\" \/><\/figure><\/div>\n\n\n\n<h1 class=\"has-text-align-center wp-block-heading\">Div\u00edzia M sa pri pr\u00edle\u017eitosti 50. naroden\u00edn v roku 2022 prepne na elektrick\u00fa energiu<\/h1>\n\n\n\n<p>Bolo to naozaj nevyhnutn\u00e9.\u00a0BMW, jeden z prv\u00fdch priekopn\u00edkov pr\u00e9miov\u00fdch progres\u00edvnych EV, je pod tlakom, aby elektrifikovalo cel\u00fd svoj rad.  Vr\u00e1tane \u0161portov\u00fdch vozidiel rortier div\u00edzie M.\u00a0To vysvet\u013euje, pre\u010do sa pozer\u00e1te na na\u0161e exkluz\u00edvne stv\u00e1rnenie bud\u00facoro\u010dn\u00e9ho pr\u00edsne tajn\u00e9ho nov\u00e9ho BMW iM2.\u00a0<\/p>\n\n\n\n<p>Je to plne elektrick\u00e1 verzia\u00a0G42\u00a02-s\u00e9rie, ktor\u00e1 sa m\u00e1 objavi\u0165 v roku 2022. Nov\u00fd iM2, vyvinut\u00fd pod k\u00f3dov\u00fdm ozna\u010den\u00edm Project Katharina, v podstate berie M2 CS, elektrizuje ho a pos\u00fava na \u010fal\u0161iu gener\u00e1ciu.\u00a0.<\/p>\n\n\n\n<h2 class=\"wp-block-heading\">BMW div\u00edzia M 50. v\u00fdro\u010die<\/h2>\n\n\n\n<p>Oddelenie r\u00fdchlej\u0161ej jazdy v Garchingu sa pripravuje na oslavu zlat\u00e9ho v\u00fdro\u010dia v roku 2022. Jeho prv\u00e9 elektrick\u00e9 vozidlo (EV) je pre neho vhodn\u00fdm dar\u010dekom k narodenin\u00e1m.\u00a0Vn\u00fatorne sa diskutovalo o tom, \u010di elektrifikova\u0165 men\u0161iu M2 (vykreslen\u00fa pod\u013ea n\u00e1\u0161ho umelca Andrei Avarvarii) alebo v\u00e4\u010d\u0161iu\u00a0dvojicu\u00a0M3\u00a0\/\u00a0M4. \u013dah\u0161ia hmotnos\u0165 a men\u0161ie rozmery hor\u00facej s\u00e9rie 2 s\u00fa aktu\u00e1lne ob\u013e\u00faben\u00e9.<\/p>\n\n\n\n<p>A \u010do je to za mon\u0161trum!\u00a0Jeden megawatt surov\u00e9ho v\u00fdkonu \u2013 to je 1 000 kW alebo 1 341 kon\u00ed.\u00a0Zamyslite sa na chv\u00ed\u013eu.\u00a0Tento \u00fa\u017easn\u00fd kraftwerk pozost\u00e1va zo \u0161tyroch elektromotorov, jeden na koleso.\u00a0Spolo\u010dne pon\u00fakaj\u00fa radik\u00e1lne pokro\u010dil\u00fa \u00farove\u0148 vektorovania kr\u00fatiaceho momentu. T\u00e1to bola doteraz dostupn\u00e1 iba pre aut\u00e1, ktor\u00e9 vid\u00edte v kreslen\u00fdch filmoch.\u00a0Tento variabiln\u00fd \u0161tvorcifern\u00fd v\u00fdkon na po\u017eiadanie podporuje najextr\u00e9mnej\u0161ia bat\u00e9riov\u00e1 technol\u00f3gia. T\u00e1to bola doteraz vymyslen\u00e1 v kampuse bud\u00facej energetiky skupiny BMW na predmest\u00ed Mn\u00edchova.<\/p>\n\n\n\n<div class=\"wp-block-image\"><figure class=\"aligncenter\"><img decoding=\"async\" src=\"https:\/\/car-images.bauersecure.com\/pagefiles\/102630\/1040x0\/bmw_im2_rear.jpg?scale=down\" alt=\"BMW iM2 m\u00e1 pr\u00eds\u0165 v roku 2022: exkluz\u00edvny render magaz\u00ednu CAR\"\/><\/figure><\/div>\n\n\n\n<p>Aj ke\u010f je to v\u0161etko st\u00e1le pr\u00edsne tajn\u00e9, spo\u013eahliv\u00e9 zdroje pre magaz\u00edn CAR uv\u00e1dzaj\u00fa, \u017ee Katharina u\u017e prekonala Nordschleife za menej ako sedem min\u00fat. T\u00fdm prekonala sotva podmotorovan\u00fd\u00a0M8 Competition\u00a0o viac ako 40 sek\u00fand a elektrick\u00fa M2 umiestnila na \u00fazemie Porsche Taycan Turbo S.\u00a0<\/p>\n\n\n\n<p>Zatia\u013e nevieme, ko\u013eko k\u00f4l dok\u00e1\u017ee bud\u00faci uber-BMW odbehn\u00fa\u0165, k\u00fdm ho zasiahne nadmern\u00e9 opotrebovanie pneumat\u00edk, probl\u00e9my s chladen\u00edm alebo r\u00fdchlo ustupuj\u00faci stav nabitia.&nbsp;Ale sp\u00f4sobom, ktor\u00fd je nepodstatn\u00fd, preto\u017ee k\u013e\u00fa\u010dov\u00fdm poslan\u00edm tohto pokro\u010dil\u00e9ho M2 je potvrdi\u0165, \u017ee vysok\u00fd v\u00fdkon bez emisi\u00ed a ovl\u00e1danie na \u00farovni M m\u00f4\u017eu \u00eds\u0165 ruka v ruke.<\/p>\n\n\n\n<h2 class=\"wp-block-heading\">V\u00fdkon, \u0161pecifik\u00e1cie BMW iM2<\/h2>\n\n\n\n<p>O\u010dak\u00e1va sa, \u017ee zr\u00fdchlenie z pevn\u00e9ho \u0161tartu rozdel\u00ed interval 2,0 a\u017e 2,5 s.&nbsp;Prinajmen\u0161om rovnako p\u00f4sobiv\u00e1 je brut\u00e1lna odozva na plyn pri r\u00fdchlosti, kedy m\u00f4\u017ee d\u00f4js\u0165 k pret\u00e1\u010daniu kolies na suchu aj nad 75 mph, hovoria zdroje.&nbsp;<\/p>\n\n\n\n<p>Na Katharine sa zatia\u013e pracuje a e\u0161te nie je schv\u00e1len\u00fd program.\u00a0Ale pod\u013ea inform\u00e1ci\u00ed zhroma\u017eden\u00fdch od anglick\u00e9ho \u0161pecialistu na hnacie \u00fastrojenstvo, ktor\u00fd sa podie\u013eal na v\u00fdskume a v\u00fdvoji, sa objavila s\u00e9ria o\u0161\u00fachan\u00fdch a relat\u00edvne asketick\u00fdch \u0161peci\u00e1lov z limitovanej ed\u00edcie.<\/p>\n\n\n\n<p>Zdroj<br><a href=\"https:\/\/www.carmagazine.co.uk\/spy-shots\/bmw\/im2\/\">carmagazine<\/a><\/p>\n","protected":false},"excerpt":{"rendered":"<p>Div\u00edzia M sa pri pr\u00edle\u017eitosti 50. naroden\u00edn v roku 2022 prepne na elektrick\u00fa energiu Bolo to naozaj nevyhnutn\u00e9.\u00a0BMW, jeden z prv\u00fdch priekopn\u00edkov pr\u00e9miov\u00fdch progres\u00edvnych EV, je pod tlakom, aby elektrifikovalo cel\u00fd svoj rad. Vr\u00e1tane&#46;&#46;&#46;<\/p>\n","protected":false},"author":8,"featured_media":0,"parent":0,"menu_order":0,"comment_status":"closed","ping_status":"closed","template":"","meta":{"footnotes":""},"yoast_head":"<!-- This site is optimized with the Yoast SEO plugin v20.4 - https:\/\/yoast.com\/wordpress\/plugins\/seo\/ -->\n<title>BMW iM2 - gtischarging.sk<\/title>\n<meta name=\"description\" content=\"BMW, jeden z prv\u00fdch priekopn\u00edkov pr\u00e9miov\u00fdch progres\u00edvnych EV, je pod tlakom, aby elektrifikovalo cel\u00fd svoj rad.\" \/>\n<meta name=\"robots\" content=\"index, follow, max-snippet:-1, max-image-preview:large, max-video-preview:-1\" \/>\n<link rel=\"canonical\" href=\"https:\/\/web.gtischarging.sk\/index.php\/bmw-im2\/\" \/>\n<meta property=\"og:locale\" content=\"cs_CZ\" \/>\n<meta property=\"og:type\" content=\"article\" \/>\n<meta property=\"og:title\" content=\"BMW iM2 - gtischarging.sk\" \/>\n<meta property=\"og:description\" content=\"BMW, jeden z prv\u00fdch priekopn\u00edkov pr\u00e9miov\u00fdch progres\u00edvnych EV, je pod tlakom, aby elektrifikovalo cel\u00fd svoj rad.\" \/>\n<meta property=\"og:url\" content=\"https:\/\/web.gtischarging.sk\/index.php\/bmw-im2\/\" \/>\n<meta property=\"og:site_name\" content=\"gtischarging.sk\" \/>\n<meta property=\"article:publisher\" content=\"https:\/\/www.facebook.com\/gtischarging\" \/>\n<meta property=\"article:modified_time\" content=\"2021-10-28T10:43:42+00:00\" \/>\n<meta property=\"og:image\" content=\"https:\/\/web.gtischarging.sk\/wp-content\/uploads\/2021\/10\/bmw_im2_front-1-1024x461.jpg\" \/>\n<meta name=\"twitter:card\" content=\"summary_large_image\" \/>\n<meta name=\"twitter:label1\" content=\"Odhadovan\u00e1 doba \u010dten\u00ed\" \/>\n\t<meta name=\"twitter:data1\" content=\"3 minuty\" \/>\n<script type=\"application\/ld+json\" class=\"yoast-schema-graph\">{\"@context\":\"https:\/\/schema.org\",\"@graph\":[{\"@type\":\"WebPage\",\"@id\":\"https:\/\/web.gtischarging.sk\/index.php\/bmw-im2\/\",\"url\":\"https:\/\/web.gtischarging.sk\/index.php\/bmw-im2\/\",\"name\":\"BMW iM2 - gtischarging.sk\",\"isPartOf\":{\"@id\":\"https:\/\/web.gtischarging.sk\/#website\"},\"datePublished\":\"2021-10-28T10:43:40+00:00\",\"dateModified\":\"2021-10-28T10:43:42+00:00\",\"description\":\"BMW, jeden z prv\u00fdch priekopn\u00edkov pr\u00e9miov\u00fdch progres\u00edvnych EV, je pod tlakom, aby elektrifikovalo cel\u00fd svoj rad.\",\"breadcrumb\":{\"@id\":\"https:\/\/web.gtischarging.sk\/index.php\/bmw-im2\/#breadcrumb\"},\"inLanguage\":\"cs\",\"potentialAction\":[{\"@type\":\"ReadAction\",\"target\":[\"https:\/\/web.gtischarging.sk\/index.php\/bmw-im2\/\"]}]},{\"@type\":\"BreadcrumbList\",\"@id\":\"https:\/\/web.gtischarging.sk\/index.php\/bmw-im2\/#breadcrumb\",\"itemListElement\":[{\"@type\":\"ListItem\",\"position\":1,\"name\":\"Dom\u016f\",\"item\":\"https:\/\/web.gtischarging.sk\/\"},{\"@type\":\"ListItem\",\"position\":2,\"name\":\"BMW iM2\"}]},{\"@type\":\"WebSite\",\"@id\":\"https:\/\/web.gtischarging.sk\/#website\",\"url\":\"https:\/\/web.gtischarging.sk\/\",\"name\":\"gtischarging.sk\",\"description\":\"U n\u00e1s sta\u010d\u00ed prilo\u017ei\u0165 platobn\u00fa kartu\",\"publisher\":{\"@id\":\"https:\/\/web.gtischarging.sk\/#organization\"},\"potentialAction\":[{\"@type\":\"SearchAction\",\"target\":{\"@type\":\"EntryPoint\",\"urlTemplate\":\"https:\/\/web.gtischarging.sk\/?s={search_term_string}\"},\"query-input\":\"required name=search_term_string\"}],\"inLanguage\":\"cs\"},{\"@type\":\"Organization\",\"@id\":\"https:\/\/web.gtischarging.sk\/#organization\",\"name\":\"GTIS charging\",\"url\":\"https:\/\/web.gtischarging.sk\/\",\"logo\":{\"@type\":\"ImageObject\",\"inLanguage\":\"cs\",\"@id\":\"https:\/\/web.gtischarging.sk\/#\/schema\/logo\/image\/\",\"url\":\"https:\/\/web.gtischarging.sk\/wp-content\/uploads\/2020\/03\/logo-180px.png\",\"contentUrl\":\"https:\/\/web.gtischarging.sk\/wp-content\/uploads\/2020\/03\/logo-180px.png\",\"width\":180,\"height\":123,\"caption\":\"GTIS charging\"},\"image\":{\"@id\":\"https:\/\/web.gtischarging.sk\/#\/schema\/logo\/image\/\"},\"sameAs\":[\"https:\/\/www.facebook.com\/gtischarging\"]}]}<\/script>\n<!-- \/ Yoast SEO plugin. -->","yoast_head_json":{"title":"BMW iM2 - gtischarging.sk","description":"BMW, jeden z prv\u00fdch priekopn\u00edkov pr\u00e9miov\u00fdch progres\u00edvnych EV, je pod tlakom, aby elektrifikovalo cel\u00fd svoj rad.","robots":{"index":"index","follow":"follow","max-snippet":"max-snippet:-1","max-image-preview":"max-image-preview:large","max-video-preview":"max-video-preview:-1"},"canonical":"https:\/\/web.gtischarging.sk\/index.php\/bmw-im2\/","og_locale":"cs_CZ","og_type":"article","og_title":"BMW iM2 - gtischarging.sk","og_description":"BMW, jeden z prv\u00fdch priekopn\u00edkov pr\u00e9miov\u00fdch progres\u00edvnych EV, je pod tlakom, aby elektrifikovalo cel\u00fd svoj rad.","og_url":"https:\/\/web.gtischarging.sk\/index.php\/bmw-im2\/","og_site_name":"gtischarging.sk","article_publisher":"https:\/\/www.facebook.com\/gtischarging","article_modified_time":"2021-10-28T10:43:42+00:00","og_image":[{"url":"https:\/\/web.gtischarging.sk\/wp-content\/uploads\/2021\/10\/bmw_im2_front-1-1024x461.jpg"}],"twitter_card":"summary_large_image","twitter_misc":{"Odhadovan\u00e1 doba \u010dten\u00ed":"3 minuty"},"schema":{"@context":"https:\/\/schema.org","@graph":[{"@type":"WebPage","@id":"https:\/\/web.gtischarging.sk\/index.php\/bmw-im2\/","url":"https:\/\/web.gtischarging.sk\/index.php\/bmw-im2\/","name":"BMW iM2 - gtischarging.sk","isPartOf":{"@id":"https:\/\/web.gtischarging.sk\/#website"},"datePublished":"2021-10-28T10:43:40+00:00","dateModified":"2021-10-28T10:43:42+00:00","description":"BMW, jeden z prv\u00fdch priekopn\u00edkov pr\u00e9miov\u00fdch progres\u00edvnych EV, je pod tlakom, aby elektrifikovalo cel\u00fd svoj rad.","breadcrumb":{"@id":"https:\/\/web.gtischarging.sk\/index.php\/bmw-im2\/#breadcrumb"},"inLanguage":"cs","potentialAction":[{"@type":"ReadAction","target":["https:\/\/web.gtischarging.sk\/index.php\/bmw-im2\/"]}]},{"@type":"BreadcrumbList","@id":"https:\/\/web.gtischarging.sk\/index.php\/bmw-im2\/#breadcrumb","itemListElement":[{"@type":"ListItem","position":1,"name":"Dom\u016f","item":"https:\/\/web.gtischarging.sk\/"},{"@type":"ListItem","position":2,"name":"BMW iM2"}]},{"@type":"WebSite","@id":"https:\/\/web.gtischarging.sk\/#website","url":"https:\/\/web.gtischarging.sk\/","name":"gtischarging.sk","description":"U n\u00e1s sta\u010d\u00ed prilo\u017ei\u0165 platobn\u00fa kartu","publisher":{"@id":"https:\/\/web.gtischarging.sk\/#organization"},"potentialAction":[{"@type":"SearchAction","target":{"@type":"EntryPoint","urlTemplate":"https:\/\/web.gtischarging.sk\/?s={search_term_string}"},"query-input":"required name=search_term_string"}],"inLanguage":"cs"},{"@type":"Organization","@id":"https:\/\/web.gtischarging.sk\/#organization","name":"GTIS charging","url":"https:\/\/web.gtischarging.sk\/","logo":{"@type":"ImageObject","inLanguage":"cs","@id":"https:\/\/web.gtischarging.sk\/#\/schema\/logo\/image\/","url":"https:\/\/web.gtischarging.sk\/wp-content\/uploads\/2020\/03\/logo-180px.png","contentUrl":"https:\/\/web.gtischarging.sk\/wp-content\/uploads\/2020\/03\/logo-180px.png","width":180,"height":123,"caption":"GTIS charging"},"image":{"@id":"https:\/\/web.gtischarging.sk\/#\/schema\/logo\/image\/"},"sameAs":["https:\/\/www.facebook.com\/gtischarging"]}]}},"_links":{"self":[{"href":"https:\/\/web.gtischarging.sk\/index.php\/wp-json\/wp\/v2\/pages\/3023"}],"collection":[{"href":"https:\/\/web.gtischarging.sk\/index.php\/wp-json\/wp\/v2\/pages"}],"about":[{"href":"https:\/\/web.gtischarging.sk\/index.php\/wp-json\/wp\/v2\/types\/page"}],"author":[{"embeddable":true,"href":"https:\/\/web.gtischarging.sk\/index.php\/wp-json\/wp\/v2\/users\/8"}],"replies":[{"embeddable":true,"href":"https:\/\/web.gtischarging.sk\/index.php\/wp-json\/wp\/v2\/comments?post=3023"}],"version-history":[{"count":1,"href":"https:\/\/web.gtischarging.sk\/index.php\/wp-json\/wp\/v2\/pages\/3023\/revisions"}],"predecessor-version":[{"id":3026,"href":"https:\/\/web.gtischarging.sk\/index.php\/wp-json\/wp\/v2\/pages\/3023\/revisions\/3026"}],"wp:attachment":[{"href":"https:\/\/web.gtischarging.sk\/index.php\/wp-json\/wp\/v2\/media?parent=3023"}],"curies":[{"name":"wp","href":"https:\/\/api.w.org\/{rel}","templated":true}]}}