 {"id":2249,"date":"2021-03-26T14:48:12","date_gmt":"2021-03-26T13:48:12","guid":{"rendered":"https:\/\/web.gtischarging.sk\/?page_id=2249"},"modified":"2021-03-26T14:48:13","modified_gmt":"2021-03-26T13:48:13","slug":"polestar-2","status":"publish","type":"page","link":"https:\/\/web.gtischarging.sk\/index.php\/polestar-2\/","title":{"rendered":"Polestar 2"},"content":{"rendered":"\n<div class=\"wp-block-image\"><figure class=\"aligncenter size-large\"><img decoding=\"async\" loading=\"lazy\" width=\"1024\" height=\"402\" src=\"https:\/\/web.gtischarging.sk\/wp-content\/uploads\/2021\/03\/06204ca6be5f46c955a53070f427392d-1024x402.jpg\" alt=\"\" class=\"wp-image-2250\" srcset=\"https:\/\/web.gtischarging.sk\/wp-content\/uploads\/2021\/03\/06204ca6be5f46c955a53070f427392d-1024x402.jpg 1024w, https:\/\/web.gtischarging.sk\/wp-content\/uploads\/2021\/03\/06204ca6be5f46c955a53070f427392d-300x118.jpg 300w, https:\/\/web.gtischarging.sk\/wp-content\/uploads\/2021\/03\/06204ca6be5f46c955a53070f427392d-768x302.jpg 768w, https:\/\/web.gtischarging.sk\/wp-content\/uploads\/2021\/03\/06204ca6be5f46c955a53070f427392d-1536x603.jpg 1536w, https:\/\/web.gtischarging.sk\/wp-content\/uploads\/2021\/03\/06204ca6be5f46c955a53070f427392d-2048x804.jpg 2048w\" sizes=\"(max-width: 1024px) 100vw, 1024px\" \/><\/figure><\/div>\n\n\n\n<h1 class=\"has-text-align-center wp-block-heading\">Elektrick\u00fd fastback Polestar 2 \u2013 pol\u00e1rna hviezda segmentu<\/h1>\n\n\n\n<p>Nezamie\u0148ajte si ho s&nbsp;<strong>Volvom<\/strong>, aj ke\u010f maj\u00fa toho mnoho spolo\u010dn\u00e9ho, \u200b\u200bale zna\u010dky s\u00fa rozdielne.&nbsp;<strong>Polestar<\/strong>&nbsp;je elektrick\u00e1 zna\u010dka, ktor\u00e1 sa predt\u00fdm dlhodobo venovala optimaliz\u00e1cii a ladeniu automobilov Volvo. V roku 2015 &nbsp;spolo\u010dnos\u0165 &nbsp;Volvo \u00faplne k\u00fapila \u201ePol\u00e1rnu hviezdu\u201c, hoci sama sa od roku 2010 rozv\u00edjala za peniaze \u010d\u00ednskej spolo\u010dnosti&nbsp;<strong>Geely.<\/strong>&nbsp;A akviz\u00edcia zjavne nebola za zaroben\u00e9 peniaze, ale zo zdrojov materskej spolo\u010dnosti Geely, preto\u017ee o \u010fal\u0161om osude tejto \u201e pol\u00e1rnej hviezdy\u201c rozhodol \u010d\u00ednsky gigant. P\u00ed\u0161e sa rok 2017 a prezident koncernu&nbsp;&nbsp;<strong>Geely<\/strong>, s\u00fadruh&nbsp;<strong>Li Shufu<\/strong>, ktor\u00fd riadi v\u0161etky kupen\u00e9 zna\u010dky, &nbsp;vydal nasleduj\u00face rozhodnutie: \u201ePolestaru ur\u010dujem, aby sa venoval elektrick\u00fdm \u0161portov\u00fdm automobilom. Za\u010dnime prv\u00fdm modelom, z ktor\u00e9ho urob\u00edme&nbsp;<strong>hybrid<\/strong>&nbsp;a nazveme ho ne\u010dakane:&nbsp;<strong>Polestar 1<\/strong>. A aby toho nebolo m\u00e1lo, nov\u00e1 div\u00edzia Polestar Engineering sa bude zaobera\u0165 optimaliz\u00e1ciou pr\u00e9miov\u00e9ho segmentu. \u201c \u010cas plynul a&nbsp;bl\u00ed\u017eil sa k vydaniu nie\u010doho nov\u00e9ho. A t\u00e1to novinka sa stala &nbsp;druh\u00fdm autom elektrickej zna\u010dky, s \u00faplne nelogick\u00fdm n\u00e1zvom:&nbsp;<strong>Polestar 2.<\/strong> <\/p>\n\n\n\n<p>Na rozdiel od svojho star\u0161ieho brata nie je novinka postaven\u00e1 na platforme SPA, na ktorej s\u00fa postaven\u00e9 v\u0161etky modely radu Volvo 90 a 60, ale z\u00edskala nov\u00fa platformu CMA \u2013 Compact Modular Architecture. Je na nej postaven\u00fd \u0161v\u00e9dsky crossover&nbsp;<strong>XC40<\/strong>, ktor\u00fd &nbsp;spolo\u010dne vyvinuli spolo\u010dnosti&nbsp;<strong>Volvo&nbsp;<\/strong>a<strong>&nbsp;Geely<\/strong>. To znamen\u00e1, \u017ee Polestar je d\u00e1 sa poveda\u0165 startupom elektrick\u00fdch vozidiel Volvo. Spolo\u010dnosti zjavne nech\u00fdba ani kapit\u00e1l, ani in\u017einieri a dizajn\u00e9ri a sk\u00fasenost\u00ed u&nbsp;oboch spolo\u010dnost\u00ed je tie\u017e &nbsp;dos\u0165.<\/p>\n\n\n\n<figure class=\"wp-block-gallery columns-2 is-cropped wp-block-gallery-1 is-layout-flex wp-block-gallery-is-layout-flex\"><ul class=\"blocks-gallery-grid\"><li class=\"blocks-gallery-item\"><figure><img decoding=\"async\" src=\"https:\/\/www.elektro-vozidla.sk\/wp-content\/uploads\/2021\/03\/image-9.png\" alt=\"\" data-id=\"1993\" class=\"wp-image-1993\"\/><\/figure><\/li><li class=\"blocks-gallery-item\"><figure><img decoding=\"async\" loading=\"lazy\" width=\"605\" height=\"403\" src=\"https:\/\/web.gtischarging.sk\/wp-content\/uploads\/2021\/03\/image-7.png\" alt=\"\" data-id=\"2251\" data-full-url=\"https:\/\/web.gtischarging.sk\/wp-content\/uploads\/2021\/03\/image-7.png\" data-link=\"https:\/\/web.gtischarging.sk\/?attachment_id=2251\" class=\"wp-image-2251\" srcset=\"https:\/\/web.gtischarging.sk\/wp-content\/uploads\/2021\/03\/image-7.png 605w, https:\/\/web.gtischarging.sk\/wp-content\/uploads\/2021\/03\/image-7-300x200.png 300w\" sizes=\"(max-width: 605px) 100vw, 605px\" \/><\/figure><\/li><\/ul><\/figure>\n\n\n\n<p> S\u00fa s\u00fa\u010das\u0165ou obrovskej nadn\u00e1rodnej skupiny&nbsp;<strong>Geely Auto Group<\/strong>&nbsp;a mnoh\u00fdmi mozgami pracuj\u00facimi na tomto automobile s\u00fa b\u00fdval\u00ed zamestnanci spolo\u010dnosti&nbsp;<strong>Volvo Cars<\/strong>, ktor\u00ed vyu\u017eili pr\u00edle\u017eitos\u0165 pracova\u0165 pre nov\u00fa spolo\u010dnos\u0165&nbsp;<strong>Polestar<\/strong>&nbsp;. A tie\u017e dostali pr\u00edle\u017eitos\u0165 zosta\u0165&nbsp;<strong>vo \u0160v\u00e9dsku<\/strong>, kde sa nach\u00e1dza&nbsp;<strong>s\u00eddlo \u201ePol\u00e1rnej hviezdy\u201c<\/strong>, hoci samotn\u00e9&nbsp;<strong>automobily s\u00fa vyroben\u00e9 v \u010c\u00edne<\/strong>.<\/p>\n\n\n\n<h4 class=\"wp-block-heading\"><strong>Technick\u00e9 charakteristiky<\/strong><\/h4>\n\n\n\n<p>Prototyp konceptu Volvo 40.2 presne predpovedal vzh\u013ead modelu&nbsp;<strong>Polestar 2<\/strong>. Elektromobil je ve\u013ekos\u0165ou bl\u00edzky \u0160kode Octavii. D\u013a\u017eka \u2013&nbsp;<strong>4607 mm<\/strong>, \u0161\u00edrka \u2013&nbsp;<strong>1800 mm<\/strong>, v\u00fd\u0161ka \u2013&nbsp;<strong>1478 mm<\/strong>&nbsp;a&nbsp;r\u00e1zvor os\u00ed &nbsp;\u2013&nbsp;<strong>2735 mm.<\/strong>&nbsp;Medzi jeho exteri\u00e9rov\u00e9 prvky patria svetlomety Pixel LED, bo\u010dn\u00e9 okn\u00e1 bez r\u00e1mu a osvetlen\u00e9 logo.<\/p>\n\n\n\n<p>P\u00e4\u0165dverov\u00fd&nbsp;<strong>Polestar 2<\/strong>&nbsp;je nielen prv\u00fdm elektromobilom, ale aj prv\u00fdm masov\u00fdm modelom mladej zna\u010dky, preto\u017ee hybridn\u00e9 \u0161portov\u00e9 kup\u00e9&nbsp;<strong>Polestar 1<\/strong>&nbsp;(600 k, 1 000 Nm) by sa malo pova\u017eova\u0165 sk\u00f4r &nbsp;za &nbsp;demon\u0161tr\u00e1tor dizajnu a technol\u00f3gie. Pohon v\u0161etk\u00fdch kolies fastbacku je zabezpe\u010den\u00fd dvoma elektromotormi na oboch n\u00e1prav\u00e1ch s celkov\u00fdm v\u00fdkonom&nbsp;<strong>304 kW<\/strong>&nbsp;(408 k) a&nbsp;sum\u00e1rnym kr\u00fatiacim momentom&nbsp;<strong>660 Nm<\/strong>. Elektromobil zr\u00fdch\u013euje z 0 na 100 km \/ h za menej ako p\u00e4\u0165 sek\u00fand (&nbsp;<strong>4,7 sekundy<\/strong>). Bat\u00e9ria s kapacitou&nbsp;<strong>78 kWh<\/strong>&nbsp;by mala pri cykle WLTP poskytn\u00fa\u0165 cestovn\u00fd dojazd&nbsp;<strong>500 km<\/strong>.<\/p>\n\n\n\n<figure class=\"wp-block-gallery columns-2 is-cropped wp-block-gallery-3 is-layout-flex wp-block-gallery-is-layout-flex\"><ul class=\"blocks-gallery-grid\"><li class=\"blocks-gallery-item\"><figure><img decoding=\"async\" src=\"https:\/\/www.elektro-vozidla.sk\/wp-content\/uploads\/2021\/03\/image-11.png\" alt=\"\" data-id=\"1995\" class=\"wp-image-1995\"\/><\/figure><\/li><li class=\"blocks-gallery-item\"><figure><img decoding=\"async\" loading=\"lazy\" width=\"960\" height=\"640\" src=\"https:\/\/web.gtischarging.sk\/wp-content\/uploads\/2021\/03\/v2Es1_4vMa8nPl2b2tibrOr8QWU-960.jpg\" alt=\"\" data-id=\"2257\" data-full-url=\"https:\/\/web.gtischarging.sk\/wp-content\/uploads\/2021\/03\/v2Es1_4vMa8nPl2b2tibrOr8QWU-960.jpg\" data-link=\"https:\/\/web.gtischarging.sk\/?attachment_id=2257\" class=\"wp-image-2257\" srcset=\"https:\/\/web.gtischarging.sk\/wp-content\/uploads\/2021\/03\/v2Es1_4vMa8nPl2b2tibrOr8QWU-960.jpg 960w, https:\/\/web.gtischarging.sk\/wp-content\/uploads\/2021\/03\/v2Es1_4vMa8nPl2b2tibrOr8QWU-960-300x200.jpg 300w, https:\/\/web.gtischarging.sk\/wp-content\/uploads\/2021\/03\/v2Es1_4vMa8nPl2b2tibrOr8QWU-960-768x512.jpg 768w\" sizes=\"(max-width: 960px) 100vw, 960px\" \/><\/figure><\/li><\/ul><\/figure>\n\n\n\n<p>Automobil&nbsp; postaven\u00fd na platforme CMA m\u00e1 \u0161tandardn\u00fd podvozok, ktor\u00fd je ale mo\u017en\u00e9 upgradova\u0165 pomocou volite\u013en\u00e9ho paketu Performance Pack, ktor\u00fd obsahuje tlmi\u010de Ohlins, brzdy so strme\u0148om Brembo a&nbsp;origin\u00e1lne &nbsp;20 \u201c koles\u00e1.<\/p>\n\n\n\n<h4 class=\"wp-block-heading\"><strong>Interi\u00e9r<\/strong><\/h4>\n\n\n\n<p>Interi\u00e9r in\u0161pirovan\u00fd Volvom je vybaven\u00fd 12,3-palcov\u00fdm digit\u00e1lnym pr\u00edstrojov\u00fdm panelom a nov\u00fdm syst\u00e9mom infotainmentu syst\u00e9mu Android HMI od spolo\u010dnosti Google a 11,15 -palcovou vertik\u00e1lnou obrazovkou.<\/p>\n\n\n\n<p>\u201eNavrhli sme veg\u00e1nsky interi\u00e9r s progres\u00edvnymi text\u00edliami, ktor\u00e9 oslovia z\u00e1kazn\u00edkov oh\u013eadupln\u00fdch k \u017eivotn\u00e9mu prostrediu,\u201c hovor\u00ed hlavn\u00fd dizajn\u00e9r Maximilian Missoni.<\/p>\n\n\n\n<figure class=\"wp-block-gallery columns-3 is-cropped wp-block-gallery-5 is-layout-flex wp-block-gallery-is-layout-flex\"><ul class=\"blocks-gallery-grid\"><li class=\"blocks-gallery-item\"><figure><img decoding=\"async\" src=\"https:\/\/www.elektro-vozidla.sk\/wp-content\/uploads\/2021\/03\/image-13.png\" alt=\"\" data-id=\"1997\" class=\"wp-image-1997\"\/><\/figure><\/li><li class=\"blocks-gallery-item\"><figure><img decoding=\"async\" loading=\"lazy\" width=\"644\" height=\"362\" src=\"https:\/\/web.gtischarging.sk\/wp-content\/uploads\/2021\/03\/image-12-1.png\" alt=\"\" data-id=\"2252\" data-link=\"https:\/\/web.gtischarging.sk\/?attachment_id=2252\" class=\"wp-image-2252\" srcset=\"https:\/\/web.gtischarging.sk\/wp-content\/uploads\/2021\/03\/image-12-1.png 644w, https:\/\/web.gtischarging.sk\/wp-content\/uploads\/2021\/03\/image-12-1-300x169.png 300w\" sizes=\"(max-width: 644px) 100vw, 644px\" \/><\/figure><\/li><li class=\"blocks-gallery-item\"><figure><img decoding=\"async\" loading=\"lazy\" width=\"1024\" height=\"559\" src=\"https:\/\/web.gtischarging.sk\/wp-content\/uploads\/2021\/03\/645f10b387ab42b9b87ba9f91160e485.jpg\" alt=\"\" data-id=\"2253\" data-link=\"https:\/\/web.gtischarging.sk\/?attachment_id=2253\" class=\"wp-image-2253\" srcset=\"https:\/\/web.gtischarging.sk\/wp-content\/uploads\/2021\/03\/645f10b387ab42b9b87ba9f91160e485.jpg 1024w, https:\/\/web.gtischarging.sk\/wp-content\/uploads\/2021\/03\/645f10b387ab42b9b87ba9f91160e485-300x164.jpg 300w, https:\/\/web.gtischarging.sk\/wp-content\/uploads\/2021\/03\/645f10b387ab42b9b87ba9f91160e485-768x419.jpg 768w\" sizes=\"(max-width: 1024px) 100vw, 1024px\" \/><\/figure><\/li><\/ul><\/figure>\n\n\n\n<p><strong>Cena<\/strong><\/p>\n\n\n\n<p>V\u00fdroba modelu Polestar 2 sa za\u010dala v \u010c\u00edne v roku 2020. Prv\u00e9 aut\u00e1 pri\u0161li do Eur\u00f3py za\u010diatkom roku 2021. Z\u00e1kladn\u00e1 cena je stanoven\u00e1 na&nbsp;<strong>39 900 Eur<\/strong>, hoci prv\u00fdch 12 mesiacov bude &nbsp;na trh prich\u00e1dza\u0165 1.vydanie za&nbsp;<strong>59&nbsp;900 Eur<\/strong>.<\/p>\n\n\n\n<figure class=\"wp-block-embed is-type-video is-provider-youtube wp-block-embed-youtube wp-embed-aspect-16-9 wp-has-aspect-ratio\"><div class=\"wp-block-embed__wrapper\">\n<div class=\"video-container\"><iframe loading=\"lazy\" title=\"\u041a\u0418\u0422\u0410\u0419\u0421\u041a\u0410\u042f VOLVO \u2013 \u041f\u0420\u041e\u0420\u042b\u0412 \u0413\u041e\u0414\u0410. \u041d\u041e\u0412\u042b\u0419 POLESTAR 2 (\u0411\u042e\u0414\u0416\u0415\u0422\u041d\u042b\u0419 \u041e\u0414\u041d\u041e\u041a\u041b\u0410\u0421\u0421\u041d\u0418\u041a TESLA 2021)\" width=\"500\" height=\"281\" src=\"https:\/\/www.youtube.com\/embed\/MTrtU5YggH4?feature=oembed&#038;wmode=opaque\" frameborder=\"0\" allow=\"accelerometer; autoplay; clipboard-write; encrypted-media; gyroscope; picture-in-picture\" allowfullscreen><\/iframe><\/div>\n<\/div><\/figure>\n\n\n\n<p>Zdroj:<br><a href=\"https:\/\/www.drive2.ru\/b\/581567984888185118\/\">elektro-vozidla.sk<\/a><\/p>\n","protected":false},"excerpt":{"rendered":"<p>Elektrick\u00fd fastback Polestar 2 \u2013 pol\u00e1rna hviezda segmentu Nezamie\u0148ajte si ho s&nbsp;Volvom, aj ke\u010f maj\u00fa toho mnoho spolo\u010dn\u00e9ho, \u200b\u200bale zna\u010dky s\u00fa rozdielne.&nbsp;Polestar&nbsp;je elektrick\u00e1 zna\u010dka, ktor\u00e1 sa predt\u00fdm dlhodobo venovala optimaliz\u00e1cii a ladeniu automobilov Volvo.&#46;&#46;&#46;<\/p>\n","protected":false},"author":8,"featured_media":0,"parent":0,"menu_order":0,"comment_status":"closed","ping_status":"closed","template":"","meta":{"footnotes":""},"yoast_head":"<!-- This site is optimized with the Yoast SEO plugin v20.4 - https:\/\/yoast.com\/wordpress\/plugins\/seo\/ -->\n<title>Polestar 2 - gtischarging.sk<\/title>\n<meta name=\"robots\" content=\"index, follow, max-snippet:-1, max-image-preview:large, max-video-preview:-1\" \/>\n<link rel=\"canonical\" href=\"https:\/\/web.gtischarging.sk\/index.php\/polestar-2\/\" \/>\n<meta property=\"og:locale\" content=\"cs_CZ\" \/>\n<meta property=\"og:type\" content=\"article\" \/>\n<meta property=\"og:title\" content=\"Polestar 2 - gtischarging.sk\" \/>\n<meta property=\"og:description\" content=\"Elektrick\u00fd fastback Polestar 2 \u2013 pol\u00e1rna hviezda segmentu Nezamie\u0148ajte si ho s&nbsp;Volvom, aj ke\u010f maj\u00fa toho mnoho spolo\u010dn\u00e9ho, \u200b\u200bale zna\u010dky s\u00fa rozdielne.&nbsp;Polestar&nbsp;je elektrick\u00e1 zna\u010dka, ktor\u00e1 sa predt\u00fdm dlhodobo venovala optimaliz\u00e1cii a ladeniu automobilov Volvo.&#046;&#046;&#046;\" \/>\n<meta property=\"og:url\" content=\"https:\/\/web.gtischarging.sk\/index.php\/polestar-2\/\" \/>\n<meta property=\"og:site_name\" content=\"gtischarging.sk\" \/>\n<meta property=\"article:publisher\" content=\"https:\/\/www.facebook.com\/gtischarging\" \/>\n<meta property=\"article:modified_time\" content=\"2021-03-26T13:48:13+00:00\" \/>\n<meta property=\"og:image\" content=\"https:\/\/web.gtischarging.sk\/wp-content\/uploads\/2021\/03\/06204ca6be5f46c955a53070f427392d-1024x402.jpg\" \/>\n<meta name=\"twitter:card\" content=\"summary_large_image\" \/>\n<meta name=\"twitter:label1\" content=\"Odhadovan\u00e1 doba \u010dten\u00ed\" \/>\n\t<meta name=\"twitter:data1\" content=\"4 minuty\" \/>\n<script type=\"application\/ld+json\" class=\"yoast-schema-graph\">{\"@context\":\"https:\/\/schema.org\",\"@graph\":[{\"@type\":\"WebPage\",\"@id\":\"https:\/\/web.gtischarging.sk\/index.php\/polestar-2\/\",\"url\":\"https:\/\/web.gtischarging.sk\/index.php\/polestar-2\/\",\"name\":\"Polestar 2 - gtischarging.sk\",\"isPartOf\":{\"@id\":\"https:\/\/web.gtischarging.sk\/#website\"},\"datePublished\":\"2021-03-26T13:48:12+00:00\",\"dateModified\":\"2021-03-26T13:48:13+00:00\",\"breadcrumb\":{\"@id\":\"https:\/\/web.gtischarging.sk\/index.php\/polestar-2\/#breadcrumb\"},\"inLanguage\":\"cs\",\"potentialAction\":[{\"@type\":\"ReadAction\",\"target\":[\"https:\/\/web.gtischarging.sk\/index.php\/polestar-2\/\"]}]},{\"@type\":\"BreadcrumbList\",\"@id\":\"https:\/\/web.gtischarging.sk\/index.php\/polestar-2\/#breadcrumb\",\"itemListElement\":[{\"@type\":\"ListItem\",\"position\":1,\"name\":\"Dom\u016f\",\"item\":\"https:\/\/web.gtischarging.sk\/\"},{\"@type\":\"ListItem\",\"position\":2,\"name\":\"Polestar 2\"}]},{\"@type\":\"WebSite\",\"@id\":\"https:\/\/web.gtischarging.sk\/#website\",\"url\":\"https:\/\/web.gtischarging.sk\/\",\"name\":\"gtischarging.sk\",\"description\":\"U n\u00e1s sta\u010d\u00ed prilo\u017ei\u0165 platobn\u00fa kartu\",\"publisher\":{\"@id\":\"https:\/\/web.gtischarging.sk\/#organization\"},\"potentialAction\":[{\"@type\":\"SearchAction\",\"target\":{\"@type\":\"EntryPoint\",\"urlTemplate\":\"https:\/\/web.gtischarging.sk\/?s={search_term_string}\"},\"query-input\":\"required name=search_term_string\"}],\"inLanguage\":\"cs\"},{\"@type\":\"Organization\",\"@id\":\"https:\/\/web.gtischarging.sk\/#organization\",\"name\":\"GTIS charging\",\"url\":\"https:\/\/web.gtischarging.sk\/\",\"logo\":{\"@type\":\"ImageObject\",\"inLanguage\":\"cs\",\"@id\":\"https:\/\/web.gtischarging.sk\/#\/schema\/logo\/image\/\",\"url\":\"https:\/\/web.gtischarging.sk\/wp-content\/uploads\/2020\/03\/logo-180px.png\",\"contentUrl\":\"https:\/\/web.gtischarging.sk\/wp-content\/uploads\/2020\/03\/logo-180px.png\",\"width\":180,\"height\":123,\"caption\":\"GTIS charging\"},\"image\":{\"@id\":\"https:\/\/web.gtischarging.sk\/#\/schema\/logo\/image\/\"},\"sameAs\":[\"https:\/\/www.facebook.com\/gtischarging\"]}]}<\/script>\n<!-- \/ Yoast SEO plugin. -->","yoast_head_json":{"title":"Polestar 2 - gtischarging.sk","robots":{"index":"index","follow":"follow","max-snippet":"max-snippet:-1","max-image-preview":"max-image-preview:large","max-video-preview":"max-video-preview:-1"},"canonical":"https:\/\/web.gtischarging.sk\/index.php\/polestar-2\/","og_locale":"cs_CZ","og_type":"article","og_title":"Polestar 2 - gtischarging.sk","og_description":"Elektrick\u00fd fastback Polestar 2 \u2013 pol\u00e1rna hviezda segmentu Nezamie\u0148ajte si ho s&nbsp;Volvom, aj ke\u010f maj\u00fa toho mnoho spolo\u010dn\u00e9ho, \u200b\u200bale zna\u010dky s\u00fa rozdielne.&nbsp;Polestar&nbsp;je elektrick\u00e1 zna\u010dka, ktor\u00e1 sa predt\u00fdm dlhodobo venovala optimaliz\u00e1cii a ladeniu automobilov Volvo.&#46;&#46;&#46;","og_url":"https:\/\/web.gtischarging.sk\/index.php\/polestar-2\/","og_site_name":"gtischarging.sk","article_publisher":"https:\/\/www.facebook.com\/gtischarging","article_modified_time":"2021-03-26T13:48:13+00:00","og_image":[{"url":"https:\/\/web.gtischarging.sk\/wp-content\/uploads\/2021\/03\/06204ca6be5f46c955a53070f427392d-1024x402.jpg"}],"twitter_card":"summary_large_image","twitter_misc":{"Odhadovan\u00e1 doba \u010dten\u00ed":"4 minuty"},"schema":{"@context":"https:\/\/schema.org","@graph":[{"@type":"WebPage","@id":"https:\/\/web.gtischarging.sk\/index.php\/polestar-2\/","url":"https:\/\/web.gtischarging.sk\/index.php\/polestar-2\/","name":"Polestar 2 - gtischarging.sk","isPartOf":{"@id":"https:\/\/web.gtischarging.sk\/#website"},"datePublished":"2021-03-26T13:48:12+00:00","dateModified":"2021-03-26T13:48:13+00:00","breadcrumb":{"@id":"https:\/\/web.gtischarging.sk\/index.php\/polestar-2\/#breadcrumb"},"inLanguage":"cs","potentialAction":[{"@type":"ReadAction","target":["https:\/\/web.gtischarging.sk\/index.php\/polestar-2\/"]}]},{"@type":"BreadcrumbList","@id":"https:\/\/web.gtischarging.sk\/index.php\/polestar-2\/#breadcrumb","itemListElement":[{"@type":"ListItem","position":1,"name":"Dom\u016f","item":"https:\/\/web.gtischarging.sk\/"},{"@type":"ListItem","position":2,"name":"Polestar 2"}]},{"@type":"WebSite","@id":"https:\/\/web.gtischarging.sk\/#website","url":"https:\/\/web.gtischarging.sk\/","name":"gtischarging.sk","description":"U n\u00e1s sta\u010d\u00ed prilo\u017ei\u0165 platobn\u00fa kartu","publisher":{"@id":"https:\/\/web.gtischarging.sk\/#organization"},"potentialAction":[{"@type":"SearchAction","target":{"@type":"EntryPoint","urlTemplate":"https:\/\/web.gtischarging.sk\/?s={search_term_string}"},"query-input":"required name=search_term_string"}],"inLanguage":"cs"},{"@type":"Organization","@id":"https:\/\/web.gtischarging.sk\/#organization","name":"GTIS charging","url":"https:\/\/web.gtischarging.sk\/","logo":{"@type":"ImageObject","inLanguage":"cs","@id":"https:\/\/web.gtischarging.sk\/#\/schema\/logo\/image\/","url":"https:\/\/web.gtischarging.sk\/wp-content\/uploads\/2020\/03\/logo-180px.png","contentUrl":"https:\/\/web.gtischarging.sk\/wp-content\/uploads\/2020\/03\/logo-180px.png","width":180,"height":123,"caption":"GTIS charging"},"image":{"@id":"https:\/\/web.gtischarging.sk\/#\/schema\/logo\/image\/"},"sameAs":["https:\/\/www.facebook.com\/gtischarging"]}]}},"_links":{"self":[{"href":"https:\/\/web.gtischarging.sk\/index.php\/wp-json\/wp\/v2\/pages\/2249"}],"collection":[{"href":"https:\/\/web.gtischarging.sk\/index.php\/wp-json\/wp\/v2\/pages"}],"about":[{"href":"https:\/\/web.gtischarging.sk\/index.php\/wp-json\/wp\/v2\/types\/page"}],"author":[{"embeddable":true,"href":"https:\/\/web.gtischarging.sk\/index.php\/wp-json\/wp\/v2\/users\/8"}],"replies":[{"embeddable":true,"href":"https:\/\/web.gtischarging.sk\/index.php\/wp-json\/wp\/v2\/comments?post=2249"}],"version-history":[{"count":4,"href":"https:\/\/web.gtischarging.sk\/index.php\/wp-json\/wp\/v2\/pages\/2249\/revisions"}],"predecessor-version":[{"id":2290,"href":"https:\/\/web.gtischarging.sk\/index.php\/wp-json\/wp\/v2\/pages\/2249\/revisions\/2290"}],"wp:attachment":[{"href":"https:\/\/web.gtischarging.sk\/index.php\/wp-json\/wp\/v2\/media?parent=2249"}],"curies":[{"name":"wp","href":"https:\/\/api.w.org\/{rel}","templated":true}]}}