 {"id":1442,"date":"2020-10-22T22:12:33","date_gmt":"2020-10-22T20:12:33","guid":{"rendered":"https:\/\/web.gtischarging.sk\/?page_id=1442"},"modified":"2020-10-27T07:51:26","modified_gmt":"2020-10-27T06:51:26","slug":"dacia-spring","status":"publish","type":"page","link":"https:\/\/web.gtischarging.sk\/index.php\/dacia-spring\/","title":{"rendered":"Dacia Spring"},"content":{"rendered":"\n<div class=\"wp-block-image\"><figure class=\"aligncenter size-large is-resized\"><img decoding=\"async\" loading=\"lazy\" src=\"https:\/\/web.gtischarging.sk\/wp-content\/uploads\/2020\/10\/dacia-title.png\" alt=\"\" class=\"wp-image-1452\" width=\"815\" height=\"422\" srcset=\"https:\/\/web.gtischarging.sk\/wp-content\/uploads\/2020\/10\/dacia-title.png 605w, https:\/\/web.gtischarging.sk\/wp-content\/uploads\/2020\/10\/dacia-title-300x155.png 300w\" sizes=\"(max-width: 815px) 100vw, 815px\" \/><\/figure><\/div>\n\n\n\n<h2 class=\"has-text-align-center wp-block-heading\">Dacia Spring Electric \u2013 svie\u017ei elektrick\u00fd z\u00e1van <\/h2>\n\n\n\n<p>Tak sme sa do\u010dkali! &nbsp;Dacia Spring je vlastne europeizovan\u00fd Renault City K-ZE, ktor\u00fd sa v \u010c\u00edne vyr\u00e1ba a pred\u00e1va u\u017e viac ako rok. Ke\u010f\u017ee sa mu v&nbsp;t\u00fdch kon\u010din\u00e1ch zjavne dar\u00ed, nasledoval od koncernu Renault logick\u00fd krok \u2013 uviedol tento elektromobil aj na trh \u201estar\u00e9ho sveta\u201c.<\/p>\n\n\n\n<p>Ke\u010f\u017ee dizajn\u00e9ri chodia s&nbsp;otvoren\u00fdmi o\u010dami po svete, namie\u0161ali tomuto aut\u00ed\u010dku zmes toho, \u010do dnes \u201ezaber\u00e1\u201c. A&nbsp;zadanie na mal\u00fd, mestsk\u00fd, svie\u017ei elektromobil sk\u013abili do modern\u00e9ho celku, ktor\u00fd ani pri svojej ( pomerne dostupnej) cene, nikoho neuraz\u00ed. Nov\u00fd elektromobil od Renaultu m\u00e1 v\u0161etky \u0161ance sta\u0165 sa skuto\u010dne popul\u00e1rnym mestsk\u00fdm (a pr\u00edmestsk\u00fdm) elektromobilom, preto\u017ee jeho cena bude ( pod\u013ea predbe\u017en\u00fdch inform\u00e1cii) pribli\u017ene 10 000 \u20ac ( samozrejme po zoh\u013eadnen\u00ed dot\u00e1cii). Zatia\u013e \u017eiadny in\u00fd v\u00fdrobca nepon\u00fakol podobn\u00fa cenov\u00fa hladinu pre nov\u00e9 elektrick\u00e9 vozidlo. A t\u00e1to cena definit\u00edvne vyra\u010fuje cenov\u00fa kartu z r\u00fak odporcov elektrick\u00fdch vozidiel. Teraz nebud\u00fa m\u00f4c\u0165 poveda\u0165, \u017ee ceny elektromobilov s\u00fa vysok\u00e9. To je v\u0161etko, tento \u010das sa skon\u010dil.<\/p>\n\n\n\n<figure class=\"wp-block-table aligncenter\"><table class=\"\"><tbody><tr><td><img decoding=\"async\" loading=\"lazy\" width=\"800\" height=\"533\" class=\"wp-image-1449\" style=\"width: 400px;\" src=\"https:\/\/web.gtischarging.sk\/wp-content\/uploads\/2020\/10\/dacia5.jpeg\" alt=\"\" srcset=\"https:\/\/web.gtischarging.sk\/wp-content\/uploads\/2020\/10\/dacia5.jpeg 800w, https:\/\/web.gtischarging.sk\/wp-content\/uploads\/2020\/10\/dacia5-300x200.jpeg 300w, https:\/\/web.gtischarging.sk\/wp-content\/uploads\/2020\/10\/dacia5-768x512.jpeg 768w\" sizes=\"(max-width: 800px) 100vw, 800px\" \/><\/td><td><img decoding=\"async\" loading=\"lazy\" width=\"800\" height=\"533\" class=\"wp-image-1451\" style=\"width: 400px;\" src=\"https:\/\/web.gtischarging.sk\/wp-content\/uploads\/2020\/10\/dacia7.jpeg\" alt=\"\" srcset=\"https:\/\/web.gtischarging.sk\/wp-content\/uploads\/2020\/10\/dacia7.jpeg 800w, https:\/\/web.gtischarging.sk\/wp-content\/uploads\/2020\/10\/dacia7-300x200.jpeg 300w, https:\/\/web.gtischarging.sk\/wp-content\/uploads\/2020\/10\/dacia7-768x512.jpeg 768w\" sizes=\"(max-width: 800px) 100vw, 800px\" \/><\/td><\/tr><\/tbody><\/table><\/figure>\n\n\n\n<p><strong><em>\u0422\u0435chnick\u00e9 charakteristiky:<\/em><\/strong><\/p>\n\n\n\n<p>Dacia Spring Electric je svojou ve\u013ekos\u0165ou prakticky zhodn\u00fd s Renault Sandero Stepway .<\/p>\n\n\n\n<ul><li>V\u00fdkon elektromotora \u2013&nbsp;<strong><em>33 kW (44 k.)<\/em><\/strong><\/li><li>Kapacita bat\u00e9rie&nbsp;<strong><em>26,8 kWh<\/em><\/strong><\/li><li>Dojazd \u2013&nbsp;<strong><em>225 km<\/em><\/strong>&nbsp; (v cykle WLTP) a&nbsp;<strong><em>295 km&nbsp;&nbsp;<\/em><\/strong>v meste (WLTP).<\/li><li>Z\u00e1ruka na bat\u00e9riu&nbsp;<strong><em>8 rokov ,&nbsp;<\/em><\/strong>alebo<strong><em>&nbsp;120 000 km<\/em><\/strong><\/li><\/ul>\n\n\n\n<p>Prostredn\u00edctvom vstavanej palubnej nab\u00edja\u010dky (6,6 kW) sa auto nabije sa menej ako 5 hod\u00edn. V pr\u00edpade, \u017ee si z\u00e1kazn\u00edk priplat\u00ed za podporu r\u00fdchlonab\u00edjania v\u00fdkonom 30 kW, m\u00f4\u017ee sa \u010das nab\u00edjania zn\u00ed\u017ei\u0165 na menej ako hodinu (z 0 na 80 %).<\/p>\n\n\n\n<p>V\u00fdrobca d\u00e1va n\u00e1povedu, ako zv\u00fd\u0161i\u0165 dojazd &nbsp;takmer o 10%. Za t\u00fdmto \u00fa\u010delom bude mo\u017en\u00e9 jednoducho zapn\u00fa\u0165 re\u017eim \u201eECO\u201c, pri\u010dom v\u00fdkon motora bude obmedzen\u00fd na 23 kW (namiesto 33 kW) a maxim\u00e1lna r\u00fdchlos\u0165 je 100 km \/ h. Tento re\u017eim bude v z\u00e1sade optim\u00e1lny pr\u00e1ve pre pohyb v meste.<\/p>\n\n\n\n<figure class=\"wp-block-table aligncenter\"><table class=\"\"><tbody><tr><td><img decoding=\"async\" loading=\"lazy\" width=\"800\" height=\"533\" class=\"wp-image-1445\" style=\"width: 400px;\" src=\"https:\/\/web.gtischarging.sk\/wp-content\/uploads\/2020\/10\/dacia1.jpeg\" alt=\"\" srcset=\"https:\/\/web.gtischarging.sk\/wp-content\/uploads\/2020\/10\/dacia1.jpeg 800w, https:\/\/web.gtischarging.sk\/wp-content\/uploads\/2020\/10\/dacia1-300x200.jpeg 300w, https:\/\/web.gtischarging.sk\/wp-content\/uploads\/2020\/10\/dacia1-768x512.jpeg 768w\" sizes=\"(max-width: 800px) 100vw, 800px\" \/><\/td><td><img decoding=\"async\" loading=\"lazy\" width=\"520\" height=\"780\" class=\"wp-image-1447\" style=\"width: 180px;\" src=\"https:\/\/web.gtischarging.sk\/wp-content\/uploads\/2020\/10\/dacia3.jpeg\" alt=\"\" srcset=\"https:\/\/web.gtischarging.sk\/wp-content\/uploads\/2020\/10\/dacia3.jpeg 520w, https:\/\/web.gtischarging.sk\/wp-content\/uploads\/2020\/10\/dacia3-200x300.jpeg 200w\" sizes=\"(max-width: 520px) 100vw, 520px\" \/><\/td><td><img decoding=\"async\" loading=\"lazy\" width=\"800\" height=\"533\" class=\"wp-image-1445\" style=\"width: 400px;\" src=\"https:\/\/web.gtischarging.sk\/wp-content\/uploads\/2020\/10\/dacia1.jpeg\" alt=\"\" srcset=\"https:\/\/web.gtischarging.sk\/wp-content\/uploads\/2020\/10\/dacia1.jpeg 800w, https:\/\/web.gtischarging.sk\/wp-content\/uploads\/2020\/10\/dacia1-300x200.jpeg 300w, https:\/\/web.gtischarging.sk\/wp-content\/uploads\/2020\/10\/dacia1-768x512.jpeg 768w\" sizes=\"(max-width: 800px) 100vw, 800px\" \/><\/td><\/tr><\/tbody><\/table><\/figure>\n\n\n\n<p>\u017de bol tento elektromobil t\u00fdm povestn\u00fdm \u201e trafen\u00edm klinca po hlavi\u010dke \u201c sved\u010d\u00ed aj \u00fadaj uverejnen\u00fd v&nbsp;<a href=\"https:\/\/www.teslamagazin.sk\/dacia-spring-cena-madarsko\/\">Tesla magaz\u00edne<\/a>. Pod\u013ea ofici\u00e1lnej webovej str\u00e1nky ma\u010farsk\u00e9ho zast\u00fapenia zna\u010dky Dacia je&nbsp;<a href=\"https:\/\/www.teslamagazin.sk\/tag\/cena-elektromobilov\/\">cena<\/a>&nbsp;prv\u00fdch 100 kusov vyhraden\u00fdch &nbsp;pre tamoj\u0161\u00ed trh 6 490 000 HUF, \u010do je v prepo\u010dte 17 800 \u20ac. Po zapo\u010d\u00edtan\u00ed &nbsp;miestnych dot\u00e1cii potom tento&nbsp;<a href=\"https:\/\/www.teslamagazin.sk\/category\/elektromobilita\/elektromobily\/\">elektromobil<\/a>&nbsp;vyjde v prepo\u010dte na necel\u00fdch 11 000 \u20ac. Niet preto divu, \u017ee spom\u00ednan\u00fd po\u010det je u\u017e kompletne zarezervovan\u00fd. No, za\u010d\u00edna to by\u0165 na trhu elektromobilov zauj\u00edmav\u00e9. Dacia Spring Electric nebude asi iba jarn\u00fdm v\u00e1nkom, ale mo\u017eno aj riadnou b\u00farkou v segmente.<\/p>\n\n\n\n<figure class=\"wp-block-embed-youtube aligncenter wp-block-embed is-type-video is-provider-youtube wp-embed-aspect-16-9 wp-has-aspect-ratio\"><div class=\"wp-block-embed__wrapper\">\n<div class=\"video-container\"><iframe loading=\"lazy\" title=\"New Dacia Spring | 100% Electric | Revolution!\" width=\"500\" height=\"281\" src=\"https:\/\/www.youtube.com\/embed\/3KlfUe4sO4A?feature=oembed&#038;wmode=opaque\" frameborder=\"0\" allow=\"accelerometer; autoplay; clipboard-write; encrypted-media; gyroscope; picture-in-picture\" allowfullscreen><\/iframe><\/div>\n<\/div><\/figure>\n\n\n\n<p>Zdroj:<br><a href=\"https:\/\/zen.yandex.ru\/media\/iap_zts\/mirovaia-premera-reno-predstavil-ponastoiascemu-narodnyi-elektromobil-i-velikolepnyi-konkurent-tesla-i-folksvagenu-5f8978e6f18baa2479125590\">yandex<\/a><\/p>\n","protected":false},"excerpt":{"rendered":"<p>Dacia Spring Electric \u2013 svie\u017ei elektrick\u00fd z\u00e1van Tak sme sa do\u010dkali! &nbsp;Dacia Spring je vlastne europeizovan\u00fd Renault City K-ZE, ktor\u00fd sa v \u010c\u00edne vyr\u00e1ba a pred\u00e1va u\u017e viac ako rok. Ke\u010f\u017ee sa mu v&nbsp;t\u00fdch&#46;&#46;&#46;<\/p>\n","protected":false},"author":8,"featured_media":0,"parent":0,"menu_order":0,"comment_status":"closed","ping_status":"closed","template":"","meta":{"footnotes":""},"yoast_head":"<!-- This site is optimized with the Yoast SEO plugin v20.4 - https:\/\/yoast.com\/wordpress\/plugins\/seo\/ -->\n<title>Dacia Spring - gtischarging.sk<\/title>\n<meta name=\"robots\" content=\"index, follow, max-snippet:-1, max-image-preview:large, max-video-preview:-1\" \/>\n<link rel=\"canonical\" href=\"https:\/\/web.gtischarging.sk\/index.php\/dacia-spring\/\" \/>\n<meta property=\"og:locale\" content=\"cs_CZ\" \/>\n<meta property=\"og:type\" content=\"article\" \/>\n<meta property=\"og:title\" content=\"Dacia Spring - gtischarging.sk\" \/>\n<meta property=\"og:description\" content=\"Dacia Spring Electric \u2013 svie\u017ei elektrick\u00fd z\u00e1van Tak sme sa do\u010dkali! &nbsp;Dacia Spring je vlastne europeizovan\u00fd Renault City K-ZE, ktor\u00fd sa v \u010c\u00edne vyr\u00e1ba a pred\u00e1va u\u017e viac ako rok. Ke\u010f\u017ee sa mu v&nbsp;t\u00fdch&#046;&#046;&#046;\" \/>\n<meta property=\"og:url\" content=\"https:\/\/web.gtischarging.sk\/index.php\/dacia-spring\/\" \/>\n<meta property=\"og:site_name\" content=\"gtischarging.sk\" \/>\n<meta property=\"article:publisher\" content=\"https:\/\/www.facebook.com\/gtischarging\" \/>\n<meta property=\"article:modified_time\" content=\"2020-10-27T06:51:26+00:00\" \/>\n<meta property=\"og:image\" content=\"https:\/\/web.gtischarging.sk\/wp-content\/uploads\/2020\/10\/dacia-title.png\" \/>\n<meta name=\"twitter:card\" content=\"summary_large_image\" \/>\n<meta name=\"twitter:label1\" content=\"Odhadovan\u00e1 doba \u010dten\u00ed\" \/>\n\t<meta name=\"twitter:data1\" content=\"2 minuty\" \/>\n<script type=\"application\/ld+json\" class=\"yoast-schema-graph\">{\"@context\":\"https:\/\/schema.org\",\"@graph\":[{\"@type\":\"WebPage\",\"@id\":\"https:\/\/web.gtischarging.sk\/index.php\/dacia-spring\/\",\"url\":\"https:\/\/web.gtischarging.sk\/index.php\/dacia-spring\/\",\"name\":\"Dacia Spring - gtischarging.sk\",\"isPartOf\":{\"@id\":\"https:\/\/web.gtischarging.sk\/#website\"},\"datePublished\":\"2020-10-22T20:12:33+00:00\",\"dateModified\":\"2020-10-27T06:51:26+00:00\",\"breadcrumb\":{\"@id\":\"https:\/\/web.gtischarging.sk\/index.php\/dacia-spring\/#breadcrumb\"},\"inLanguage\":\"cs\",\"potentialAction\":[{\"@type\":\"ReadAction\",\"target\":[\"https:\/\/web.gtischarging.sk\/index.php\/dacia-spring\/\"]}]},{\"@type\":\"BreadcrumbList\",\"@id\":\"https:\/\/web.gtischarging.sk\/index.php\/dacia-spring\/#breadcrumb\",\"itemListElement\":[{\"@type\":\"ListItem\",\"position\":1,\"name\":\"Dom\u016f\",\"item\":\"https:\/\/web.gtischarging.sk\/\"},{\"@type\":\"ListItem\",\"position\":2,\"name\":\"Dacia Spring\"}]},{\"@type\":\"WebSite\",\"@id\":\"https:\/\/web.gtischarging.sk\/#website\",\"url\":\"https:\/\/web.gtischarging.sk\/\",\"name\":\"gtischarging.sk\",\"description\":\"U n\u00e1s sta\u010d\u00ed prilo\u017ei\u0165 platobn\u00fa kartu\",\"publisher\":{\"@id\":\"https:\/\/web.gtischarging.sk\/#organization\"},\"potentialAction\":[{\"@type\":\"SearchAction\",\"target\":{\"@type\":\"EntryPoint\",\"urlTemplate\":\"https:\/\/web.gtischarging.sk\/?s={search_term_string}\"},\"query-input\":\"required name=search_term_string\"}],\"inLanguage\":\"cs\"},{\"@type\":\"Organization\",\"@id\":\"https:\/\/web.gtischarging.sk\/#organization\",\"name\":\"GTIS charging\",\"url\":\"https:\/\/web.gtischarging.sk\/\",\"logo\":{\"@type\":\"ImageObject\",\"inLanguage\":\"cs\",\"@id\":\"https:\/\/web.gtischarging.sk\/#\/schema\/logo\/image\/\",\"url\":\"https:\/\/web.gtischarging.sk\/wp-content\/uploads\/2020\/03\/logo-180px.png\",\"contentUrl\":\"https:\/\/web.gtischarging.sk\/wp-content\/uploads\/2020\/03\/logo-180px.png\",\"width\":180,\"height\":123,\"caption\":\"GTIS charging\"},\"image\":{\"@id\":\"https:\/\/web.gtischarging.sk\/#\/schema\/logo\/image\/\"},\"sameAs\":[\"https:\/\/www.facebook.com\/gtischarging\"]}]}<\/script>\n<!-- \/ Yoast SEO plugin. -->","yoast_head_json":{"title":"Dacia Spring - gtischarging.sk","robots":{"index":"index","follow":"follow","max-snippet":"max-snippet:-1","max-image-preview":"max-image-preview:large","max-video-preview":"max-video-preview:-1"},"canonical":"https:\/\/web.gtischarging.sk\/index.php\/dacia-spring\/","og_locale":"cs_CZ","og_type":"article","og_title":"Dacia Spring - gtischarging.sk","og_description":"Dacia Spring Electric \u2013 svie\u017ei elektrick\u00fd z\u00e1van Tak sme sa do\u010dkali! &nbsp;Dacia Spring je vlastne europeizovan\u00fd Renault City K-ZE, ktor\u00fd sa v \u010c\u00edne vyr\u00e1ba a pred\u00e1va u\u017e viac ako rok. Ke\u010f\u017ee sa mu v&nbsp;t\u00fdch&#46;&#46;&#46;","og_url":"https:\/\/web.gtischarging.sk\/index.php\/dacia-spring\/","og_site_name":"gtischarging.sk","article_publisher":"https:\/\/www.facebook.com\/gtischarging","article_modified_time":"2020-10-27T06:51:26+00:00","og_image":[{"url":"https:\/\/web.gtischarging.sk\/wp-content\/uploads\/2020\/10\/dacia-title.png"}],"twitter_card":"summary_large_image","twitter_misc":{"Odhadovan\u00e1 doba \u010dten\u00ed":"2 minuty"},"schema":{"@context":"https:\/\/schema.org","@graph":[{"@type":"WebPage","@id":"https:\/\/web.gtischarging.sk\/index.php\/dacia-spring\/","url":"https:\/\/web.gtischarging.sk\/index.php\/dacia-spring\/","name":"Dacia Spring - gtischarging.sk","isPartOf":{"@id":"https:\/\/web.gtischarging.sk\/#website"},"datePublished":"2020-10-22T20:12:33+00:00","dateModified":"2020-10-27T06:51:26+00:00","breadcrumb":{"@id":"https:\/\/web.gtischarging.sk\/index.php\/dacia-spring\/#breadcrumb"},"inLanguage":"cs","potentialAction":[{"@type":"ReadAction","target":["https:\/\/web.gtischarging.sk\/index.php\/dacia-spring\/"]}]},{"@type":"BreadcrumbList","@id":"https:\/\/web.gtischarging.sk\/index.php\/dacia-spring\/#breadcrumb","itemListElement":[{"@type":"ListItem","position":1,"name":"Dom\u016f","item":"https:\/\/web.gtischarging.sk\/"},{"@type":"ListItem","position":2,"name":"Dacia Spring"}]},{"@type":"WebSite","@id":"https:\/\/web.gtischarging.sk\/#website","url":"https:\/\/web.gtischarging.sk\/","name":"gtischarging.sk","description":"U n\u00e1s sta\u010d\u00ed prilo\u017ei\u0165 platobn\u00fa kartu","publisher":{"@id":"https:\/\/web.gtischarging.sk\/#organization"},"potentialAction":[{"@type":"SearchAction","target":{"@type":"EntryPoint","urlTemplate":"https:\/\/web.gtischarging.sk\/?s={search_term_string}"},"query-input":"required name=search_term_string"}],"inLanguage":"cs"},{"@type":"Organization","@id":"https:\/\/web.gtischarging.sk\/#organization","name":"GTIS charging","url":"https:\/\/web.gtischarging.sk\/","logo":{"@type":"ImageObject","inLanguage":"cs","@id":"https:\/\/web.gtischarging.sk\/#\/schema\/logo\/image\/","url":"https:\/\/web.gtischarging.sk\/wp-content\/uploads\/2020\/03\/logo-180px.png","contentUrl":"https:\/\/web.gtischarging.sk\/wp-content\/uploads\/2020\/03\/logo-180px.png","width":180,"height":123,"caption":"GTIS charging"},"image":{"@id":"https:\/\/web.gtischarging.sk\/#\/schema\/logo\/image\/"},"sameAs":["https:\/\/www.facebook.com\/gtischarging"]}]}},"_links":{"self":[{"href":"https:\/\/web.gtischarging.sk\/index.php\/wp-json\/wp\/v2\/pages\/1442"}],"collection":[{"href":"https:\/\/web.gtischarging.sk\/index.php\/wp-json\/wp\/v2\/pages"}],"about":[{"href":"https:\/\/web.gtischarging.sk\/index.php\/wp-json\/wp\/v2\/types\/page"}],"author":[{"embeddable":true,"href":"https:\/\/web.gtischarging.sk\/index.php\/wp-json\/wp\/v2\/users\/8"}],"replies":[{"embeddable":true,"href":"https:\/\/web.gtischarging.sk\/index.php\/wp-json\/wp\/v2\/comments?post=1442"}],"version-history":[{"count":4,"href":"https:\/\/web.gtischarging.sk\/index.php\/wp-json\/wp\/v2\/pages\/1442\/revisions"}],"predecessor-version":[{"id":1488,"href":"https:\/\/web.gtischarging.sk\/index.php\/wp-json\/wp\/v2\/pages\/1442\/revisions\/1488"}],"wp:attachment":[{"href":"https:\/\/web.gtischarging.sk\/index.php\/wp-json\/wp\/v2\/media?parent=1442"}],"curies":[{"name":"wp","href":"https:\/\/api.w.org\/{rel}","templated":true}]}}