 {"id":1233,"date":"2020-09-03T07:42:21","date_gmt":"2020-09-03T05:42:21","guid":{"rendered":"https:\/\/web.gtischarging.sk\/?page_id=1233"},"modified":"2020-09-03T07:48:47","modified_gmt":"2020-09-03T05:48:47","slug":"enyaq-iv","status":"publish","type":"page","link":"https:\/\/web.gtischarging.sk\/index.php\/enyaq-iv\/","title":{"rendered":"Enyaq iV"},"content":{"rendered":"\n<div class=\"wp-block-image\"><figure class=\"aligncenter size-large\"><img decoding=\"async\" loading=\"lazy\" width=\"1024\" height=\"486\" src=\"https:\/\/web.gtischarging.sk\/wp-content\/uploads\/2020\/09\/skoda-title-1-1024x486.jpg\" alt=\"\" class=\"wp-image-1244\" srcset=\"https:\/\/web.gtischarging.sk\/wp-content\/uploads\/2020\/09\/skoda-title-1-1024x486.jpg 1024w, https:\/\/web.gtischarging.sk\/wp-content\/uploads\/2020\/09\/skoda-title-1-300x142.jpg 300w, https:\/\/web.gtischarging.sk\/wp-content\/uploads\/2020\/09\/skoda-title-1-768x365.jpg 768w, https:\/\/web.gtischarging.sk\/wp-content\/uploads\/2020\/09\/skoda-title-1.jpg 1439w\" sizes=\"(max-width: 1024px) 100vw, 1024px\" \/><\/figure><\/div>\n\n\n\n<h1 class=\"has-text-align-center wp-block-heading\">\u0160koda predstavila elektrick\u00fd crossover Enyaq iV<\/h1>\n\n\n\n<p>Trochu nesk\u00f4r ako in\u00ed, ale predsa. Akoby dizajn\u00e9ri a&nbsp;in\u017einieri v&nbsp;\u0160kodovke najsk\u00f4r zbierali \u00fadaje o&nbsp;konkurencii, sledovali a&nbsp;vyhodnocovali trendy v&nbsp;kon\u0161trukcii elektromobilov a&nbsp;a\u017e potom pon\u00fakli produkt, ktor\u00fd ur\u010dite zaujme nielen fan\u00fa\u0161ikov zna\u010dky. &nbsp;V Prahe sa konala premi\u00e9ra crossoveru&nbsp;<a href=\"https:\/\/www.skoda-auto.sk\/news\/news-detail\/skoda-enyaq\">\u0160koda Enyaq iV<\/a>. Jedn\u00e1 sa o prv\u00fd s\u00e9riov\u00fd elektromobil \u010deskej zna\u010dky zalo\u017een\u00fd na novej platforme MEB, vytvorenej \u0161peci\u00e1lne pre \u201ezelen\u00e9\u201c modely.<\/p>\n\n\n\n<div class=\"wp-block-image\"><figure class=\"aligncenter\"><img decoding=\"async\" src=\"https:\/\/www.elektro-vozidla.sk\/wp-content\/uploads\/2020\/09\/image-1.png\" alt=\"\" class=\"wp-image-764\"\/><\/figure><\/div>\n\n\n\n<p><strong>Technick\u00e9 charakteristiky<\/strong><\/p>\n\n\n\n<p>\u0160koda Enyaq je svojou ve\u013ekos\u0165ou o nie\u010do kompaktnej\u0161ia ako stredne ve\u013ek\u00fd model Kodiaq: d\u013a\u017eka \u2013 4649 mm, \u0161\u00edrka \u2013 1879 mm, v\u00fd\u0161ka \u2013 1616 mm s r\u00e1zvorom n\u00e1prav 2765 mm. Objem bato\u017einov\u00e9ho priestoru v p\u00e4\u0165miestnej konfigur\u00e1cii je 585 litrov.<\/p>\n\n\n\n<p>Elektromobil je vybaven\u00fd kolesami s priemerom 18 a\u017e 21 palcov a falo\u0161nou mrie\u017ekou chladi\u010da so skryt\u00fdmi LED di\u00f3dami.<\/p>\n\n\n\n<figure class=\"wp-block-table aligncenter\"><table class=\"\"><tbody><tr><td><img decoding=\"async\" loading=\"lazy\" width=\"605\" height=\"402\" class=\"wp-image-1248\" style=\"width: 290px;\" src=\"https:\/\/web.gtischarging.sk\/wp-content\/uploads\/2020\/09\/skoda22.png\" alt=\"\" srcset=\"https:\/\/web.gtischarging.sk\/wp-content\/uploads\/2020\/09\/skoda22.png 605w, https:\/\/web.gtischarging.sk\/wp-content\/uploads\/2020\/09\/skoda22-300x199.png 300w\" sizes=\"(max-width: 605px) 100vw, 605px\" \/><\/td><td><img decoding=\"async\" loading=\"lazy\" width=\"605\" height=\"332\" class=\"wp-image-1249\" style=\"width: 350px;\" src=\"https:\/\/web.gtischarging.sk\/wp-content\/uploads\/2020\/09\/skoda2.png\" alt=\"\" srcset=\"https:\/\/web.gtischarging.sk\/wp-content\/uploads\/2020\/09\/skoda2.png 605w, https:\/\/web.gtischarging.sk\/wp-content\/uploads\/2020\/09\/skoda2-300x165.png 300w\" sizes=\"(max-width: 605px) 100vw, 605px\" \/><\/td><td><img decoding=\"async\" loading=\"lazy\" width=\"626\" height=\"352\" class=\"wp-image-1247\" style=\"width: 350px;\" src=\"https:\/\/web.gtischarging.sk\/wp-content\/uploads\/2020\/09\/skoda333.png\" alt=\"\" srcset=\"https:\/\/web.gtischarging.sk\/wp-content\/uploads\/2020\/09\/skoda333.png 626w, https:\/\/web.gtischarging.sk\/wp-content\/uploads\/2020\/09\/skoda333-300x169.png 300w\" sizes=\"(max-width: 626px) 100vw, 626px\" \/><\/td><\/tr><\/tbody><\/table><\/figure>\n\n\n\n<p>Hlavn\u00e9 parametre piatich verzi\u00ed Enyaqu odhalil v\u00fdrobca e\u0161te v j\u00fali, ale na premi\u00e9re sa definit\u00edvne potvrdili. Automobil m\u00e1 tri varianty s pohonom zadn\u00fdch kolies a dve s pohonom v\u0161etk\u00fdch kolies. Z\u00e1kladn\u00e1 verzia modelu Enyaq 50 iV je vybaven\u00e1 elektromotorom s v\u00fdkonom 148 kon\u00ed (maxim\u00e1lny kr\u00fatiaci moment elektromotora dosahuje 220 Nm) a bat\u00e9riou s celkovou kapacitou 55 kWh (vyu\u017eite\u013en\u00e1 kapacita 52 kWh), \u010do autu umo\u017en\u00ed prejs\u0165 340 km v cykle WLTP. Crossover Enyaq 60 iV je o nie\u010do v\u00fdkonnej\u0161\u00ed \u2013 m\u00e1 132 kW (179 k), 310 Nm, jeho bat\u00e9ria je v\u00e4\u010d\u0161ia (62\/58 kWh), rovnako ako aj dojazd (390 km). Enyaq 80 iV m\u00e1 v\u00fdkon 150 kW (204 \u201ekon\u00ed\u201c&nbsp; a 310 Nm), pri\u010dom bat\u00e9ria s v\u00fdkonom 82\/77 kWh zabezpe\u010d\u00ed dojazd 510 km na jedno nabitie.<\/p>\n\n\n\n<div class=\"wp-block-image\"><figure class=\"aligncenter\"><img decoding=\"async\" src=\"https:\/\/www.elektro-vozidla.sk\/wp-content\/uploads\/2020\/09\/image-5.png\" alt=\"\" class=\"wp-image-768\"\/><\/figure><\/div>\n\n\n\n<p>Dvojmotorov\u00e9 modely s pohonom v\u0161etk\u00fdch kolies s\u00fa pon\u00fakan\u00e9 v&nbsp;dvoch variantoch: &nbsp;Enyaq 80x iV pon\u00faka v\u00fdkon 195 kW (265 k., 425 Nm) a Enyaq RS iV 225 kW (306 k., 460 Nm), pri\u010dom s bat\u00e9riou&nbsp; o&nbsp;kapacite 82 kWh najazdia rovnako \u2013 460 km. \u0160pi\u010dkov\u00fd Enayq RS m\u00e1 maxim\u00e1lnu r\u00fdchlos\u0165 180 km \/ h, stovku z miesta zvl\u00e1dne &nbsp;za 6,2 s. Je schopn\u00fd \u0165aha\u0165 aj pr\u00edves s hmotnos\u0165ou do 1,4 tony. Na aute je volite\u013ene nain\u0161talovan\u00e9 \u0165a\u017en\u00e9 zariadenie s elektrick\u00fdm skl\u00e1pan\u00edm.<\/p>\n\n\n\n<div class=\"wp-block-image\"><figure class=\"aligncenter\"><img decoding=\"async\" src=\"https:\/\/www.elektro-vozidla.sk\/wp-content\/uploads\/2020\/09\/image-6.png\" alt=\"\" class=\"wp-image-769\"\/><\/figure><\/div>\n\n\n\n<p><strong>Interi\u00e9r<\/strong><\/p>\n\n\n\n<p>Enyaq je vybaven\u00fd Matrix LED svetlometmi, head-up displejom s roz\u0161\u00edrenou realitou a a\u017e deviatimi airbagmi.<\/p>\n\n\n\n<div class=\"wp-block-image\"><figure class=\"aligncenter\"><img decoding=\"async\" src=\"https:\/\/www.elektro-vozidla.sk\/wp-content\/uploads\/2020\/09\/image-13.png\" alt=\"\" class=\"wp-image-776\"\/><\/figure><\/div>\n\n\n\n<p>Medzi syst\u00e9mami akt\u00edvnej bezpe\u010dnosti je asistent odbo\u010dovania do\u013eava cez protiid\u00facu prem\u00e1vku (za pr\u00edtomnosti bl\u00ed\u017eiaceho sa auta Enyaq&nbsp;s\u00e1m zabrzd\u00ed) a varovanie pred nebezpe\u010denstvom otvorenia dver\u00ed, ak senzory zaznamenaj\u00fa pribl\u00ed\u017eenie cyklistu, alebo motocyklistu spoza automobilu.<\/p>\n\n\n\n<figure class=\"wp-block-table aligncenter\"><table class=\"\"><tbody><tr><td><img decoding=\"async\" loading=\"lazy\" width=\"660\" height=\"371\" class=\"wp-image-1239\" style=\"width: 350px;\" src=\"https:\/\/web.gtischarging.sk\/wp-content\/uploads\/2020\/09\/skoda111.png\" alt=\"\" srcset=\"https:\/\/web.gtischarging.sk\/wp-content\/uploads\/2020\/09\/skoda111.png 660w, https:\/\/web.gtischarging.sk\/wp-content\/uploads\/2020\/09\/skoda111-300x169.png 300w\" sizes=\"(max-width: 660px) 100vw, 660px\" \/><\/td><td><img decoding=\"async\" loading=\"lazy\" width=\"643\" height=\"361\" class=\"wp-image-1240\" style=\"width: 350px;\" src=\"https:\/\/web.gtischarging.sk\/wp-content\/uploads\/2020\/09\/skoda112.png\" alt=\"\" srcset=\"https:\/\/web.gtischarging.sk\/wp-content\/uploads\/2020\/09\/skoda112.png 643w, https:\/\/web.gtischarging.sk\/wp-content\/uploads\/2020\/09\/skoda112-300x168.png 300w\" sizes=\"(max-width: 643px) 100vw, 643px\" \/><\/td><td><img decoding=\"async\" loading=\"lazy\" width=\"634\" height=\"357\" class=\"wp-image-1241\" style=\"width: 350px;\" src=\"https:\/\/web.gtischarging.sk\/wp-content\/uploads\/2020\/09\/skoda113.png\" alt=\"\" srcset=\"https:\/\/web.gtischarging.sk\/wp-content\/uploads\/2020\/09\/skoda113.png 634w, https:\/\/web.gtischarging.sk\/wp-content\/uploads\/2020\/09\/skoda113-300x169.png 300w\" sizes=\"(max-width: 634px) 100vw, 634px\" \/><\/td><\/tr><\/tbody><\/table><\/figure>\n\n\n\n<p>Z nov\u00fdch rie\u0161en\u00ed \u0160koda Simply Clever dostalo auto u\u017e aj prvky elektrick\u00e9ho vozidla: \u010disti\u010d nab\u00edjacieho k\u00e1bla, z\u00e1str\u010dka chr\u00e1niaca kontakty pred vlhkos\u0165ou, priehradka na ulo\u017eenie k\u00e1bla pod podlahou bato\u017einov\u00e9ho priestoru. D\u00e1\u017ednik, \u0161krabka na \u013ead, vreck\u00e1 na smartphony v operadl\u00e1ch sedadiel zostali na svojich miestach. S\u00fa tu aj dve bezdr\u00f4tov\u00e9 nab\u00edja\u010dky .<\/p>\n\n\n\n<figure class=\"wp-block-table aligncenter\"><table class=\"\"><tbody><tr><td><img decoding=\"async\" loading=\"lazy\" width=\"667\" height=\"375\" class=\"wp-image-1237\" style=\"width: 350px;\" src=\"https:\/\/web.gtischarging.sk\/wp-content\/uploads\/2020\/09\/skoda11.png\" alt=\"\" srcset=\"https:\/\/web.gtischarging.sk\/wp-content\/uploads\/2020\/09\/skoda11.png 667w, https:\/\/web.gtischarging.sk\/wp-content\/uploads\/2020\/09\/skoda11-300x169.png 300w\" sizes=\"(max-width: 667px) 100vw, 667px\" \/><\/td><td><img decoding=\"async\" loading=\"lazy\" width=\"631\" height=\"355\" class=\"wp-image-1238\" style=\"width: 350px;\" src=\"https:\/\/web.gtischarging.sk\/wp-content\/uploads\/2020\/09\/skoda12.png\" alt=\"\" srcset=\"https:\/\/web.gtischarging.sk\/wp-content\/uploads\/2020\/09\/skoda12.png 631w, https:\/\/web.gtischarging.sk\/wp-content\/uploads\/2020\/09\/skoda12-300x169.png 300w\" sizes=\"(max-width: 631px) 100vw, 631px\" \/><\/td><\/tr><\/tbody><\/table><\/figure>\n\n\n\n<p>Enyaq pon\u00fakne rozsiahly v\u00fdber opcii jednotlivo, aj v bal\u00edkoch. Uhloprie\u010dka centr\u00e1lneho multimedi\u00e1lneho displeja dosahuje 13 palcov \u2013 \u010do je rekord pre zna\u010dku. Multim\u00e9di\u00e1 poskytuj\u00fa pr\u00edstup na internet a poskytuj\u00fa mno\u017estvo pr\u00edle\u017eitost\u00ed na synchroniz\u00e1ciu so smartf\u00f3nom majite\u013ea. V oblo\u017een\u00ed interi\u00e9ru elektromobilu sa pou\u017e\u00edvaj\u00fa ekologick\u00e9 materi\u00e1ly.<\/p>\n\n\n\n<figure class=\"wp-block-table aligncenter\"><table class=\"\"><tbody><tr><td><img decoding=\"async\" loading=\"lazy\" width=\"605\" height=\"348\" class=\"wp-image-1235\" style=\"width: 350px;\" src=\"https:\/\/web.gtischarging.sk\/wp-content\/uploads\/2020\/09\/skoda-2.png\" alt=\"\" srcset=\"https:\/\/web.gtischarging.sk\/wp-content\/uploads\/2020\/09\/skoda-2.png 605w, https:\/\/web.gtischarging.sk\/wp-content\/uploads\/2020\/09\/skoda-2-300x173.png 300w\" sizes=\"(max-width: 605px) 100vw, 605px\" \/><\/td><td><img decoding=\"async\" loading=\"lazy\" width=\"626\" height=\"352\" class=\"wp-image-1234\" style=\"width: 350px;\" src=\"https:\/\/web.gtischarging.sk\/wp-content\/uploads\/2020\/09\/skoda-1.png\" alt=\"\" srcset=\"https:\/\/web.gtischarging.sk\/wp-content\/uploads\/2020\/09\/skoda-1.png 626w, https:\/\/web.gtischarging.sk\/wp-content\/uploads\/2020\/09\/skoda-1-300x169.png 300w\" sizes=\"(max-width: 626px) 100vw, 626px\" \/><\/td><\/tr><\/tbody><\/table><\/figure>\n\n\n\n<p><strong>Cena a v\u00fdbavy<\/strong><\/p>\n\n\n\n<p>Model sa dostane na trh najsk\u00f4r v Eur\u00f3pe, v roku 2021. Uv\u00edtacia ed\u00edcia Founder\u2019s Edition vyjde na jar v n\u00e1klade 1 895 k\u00f3pi\u00ed (rok zalo\u017eenia spolo\u010dnosti). Tieto vozidl\u00e1 bud\u00fa vybaven\u00e9 maskou Crystal Face so svietiacou mrie\u017ekou chladi\u010da, ktor\u00e1 ukr\u00fdva 130 LED di\u00f3d.Tieto m\u00f4\u017eu uk\u00e1za\u0165 animovan\u00fd pozdrav na priv\u00edtanie, alebo rozl\u00fa\u010dku, ke\u010f sa majite\u013e pribl\u00ed\u017ei k&nbsp;autu, alebo po zatvoren\u00ed vozidla. Rovnak\u00e9 di\u00f3dov\u00e9 pole je \u0161tandardne nain\u0161talovan\u00e9 vo verzii RS iV a vo verzi\u00e1ch 80 iV a 80x iV je to volite\u013en\u00e1 opcia. Zakladate\u013esk\u00e1 ed\u00edcia obsahuje ko\u017een\u00e9 \u010dal\u00fanenie ecoSuite Design Selection a 21-palcov\u00e9 koles\u00e1.<\/p>\n\n\n\n<p>Na \u010desk\u00fd trh vst\u00fapi s cenou za\u010d\u00ednaj\u00facou na 1 059 900 K\u010d (v prepo\u010dte cca 40 400 \u20ac).<\/p>\n\n\n\n<p>Zdroj:<br>elektro-vozidla.sk<\/p>\n","protected":false},"excerpt":{"rendered":"<p>\u0160koda predstavila elektrick\u00fd crossover Enyaq iV Trochu nesk\u00f4r ako in\u00ed, ale predsa. Akoby dizajn\u00e9ri a&nbsp;in\u017einieri v&nbsp;\u0160kodovke najsk\u00f4r zbierali \u00fadaje o&nbsp;konkurencii, sledovali a&nbsp;vyhodnocovali trendy v&nbsp;kon\u0161trukcii elektromobilov a&nbsp;a\u017e potom pon\u00fakli produkt, ktor\u00fd ur\u010dite zaujme nielen fan\u00fa\u0161ikov&#46;&#46;&#46;<\/p>\n","protected":false},"author":8,"featured_media":0,"parent":0,"menu_order":0,"comment_status":"closed","ping_status":"closed","template":"","meta":{"footnotes":""},"yoast_head":"<!-- This site is optimized with the Yoast SEO plugin v20.4 - https:\/\/yoast.com\/wordpress\/plugins\/seo\/ -->\n<title>Enyaq iV - gtischarging.sk<\/title>\n<meta name=\"robots\" content=\"index, follow, max-snippet:-1, max-image-preview:large, max-video-preview:-1\" \/>\n<link rel=\"canonical\" href=\"https:\/\/web.gtischarging.sk\/index.php\/enyaq-iv\/\" \/>\n<meta property=\"og:locale\" content=\"cs_CZ\" \/>\n<meta property=\"og:type\" content=\"article\" \/>\n<meta property=\"og:title\" content=\"Enyaq iV - gtischarging.sk\" \/>\n<meta property=\"og:description\" content=\"\u0160koda predstavila elektrick\u00fd crossover Enyaq iV Trochu nesk\u00f4r ako in\u00ed, ale predsa. Akoby dizajn\u00e9ri a&nbsp;in\u017einieri v&nbsp;\u0160kodovke najsk\u00f4r zbierali \u00fadaje o&nbsp;konkurencii, sledovali a&nbsp;vyhodnocovali trendy v&nbsp;kon\u0161trukcii elektromobilov a&nbsp;a\u017e potom pon\u00fakli produkt, ktor\u00fd ur\u010dite zaujme nielen fan\u00fa\u0161ikov&#046;&#046;&#046;\" \/>\n<meta property=\"og:url\" content=\"https:\/\/web.gtischarging.sk\/index.php\/enyaq-iv\/\" \/>\n<meta property=\"og:site_name\" content=\"gtischarging.sk\" \/>\n<meta property=\"article:publisher\" content=\"https:\/\/www.facebook.com\/gtischarging\" \/>\n<meta property=\"article:modified_time\" content=\"2020-09-03T05:48:47+00:00\" \/>\n<meta property=\"og:image\" content=\"https:\/\/web.gtischarging.sk\/wp-content\/uploads\/2020\/09\/skoda-title-1-1024x486.jpg\" \/>\n<meta name=\"twitter:card\" content=\"summary_large_image\" \/>\n<meta name=\"twitter:label1\" content=\"Odhadovan\u00e1 doba \u010dten\u00ed\" \/>\n\t<meta name=\"twitter:data1\" content=\"4 minuty\" \/>\n<script type=\"application\/ld+json\" class=\"yoast-schema-graph\">{\"@context\":\"https:\/\/schema.org\",\"@graph\":[{\"@type\":\"WebPage\",\"@id\":\"https:\/\/web.gtischarging.sk\/index.php\/enyaq-iv\/\",\"url\":\"https:\/\/web.gtischarging.sk\/index.php\/enyaq-iv\/\",\"name\":\"Enyaq iV - gtischarging.sk\",\"isPartOf\":{\"@id\":\"https:\/\/web.gtischarging.sk\/#website\"},\"datePublished\":\"2020-09-03T05:42:21+00:00\",\"dateModified\":\"2020-09-03T05:48:47+00:00\",\"breadcrumb\":{\"@id\":\"https:\/\/web.gtischarging.sk\/index.php\/enyaq-iv\/#breadcrumb\"},\"inLanguage\":\"cs\",\"potentialAction\":[{\"@type\":\"ReadAction\",\"target\":[\"https:\/\/web.gtischarging.sk\/index.php\/enyaq-iv\/\"]}]},{\"@type\":\"BreadcrumbList\",\"@id\":\"https:\/\/web.gtischarging.sk\/index.php\/enyaq-iv\/#breadcrumb\",\"itemListElement\":[{\"@type\":\"ListItem\",\"position\":1,\"name\":\"Dom\u016f\",\"item\":\"https:\/\/web.gtischarging.sk\/\"},{\"@type\":\"ListItem\",\"position\":2,\"name\":\"Enyaq iV\"}]},{\"@type\":\"WebSite\",\"@id\":\"https:\/\/web.gtischarging.sk\/#website\",\"url\":\"https:\/\/web.gtischarging.sk\/\",\"name\":\"gtischarging.sk\",\"description\":\"U n\u00e1s sta\u010d\u00ed prilo\u017ei\u0165 platobn\u00fa kartu\",\"publisher\":{\"@id\":\"https:\/\/web.gtischarging.sk\/#organization\"},\"potentialAction\":[{\"@type\":\"SearchAction\",\"target\":{\"@type\":\"EntryPoint\",\"urlTemplate\":\"https:\/\/web.gtischarging.sk\/?s={search_term_string}\"},\"query-input\":\"required name=search_term_string\"}],\"inLanguage\":\"cs\"},{\"@type\":\"Organization\",\"@id\":\"https:\/\/web.gtischarging.sk\/#organization\",\"name\":\"GTIS charging\",\"url\":\"https:\/\/web.gtischarging.sk\/\",\"logo\":{\"@type\":\"ImageObject\",\"inLanguage\":\"cs\",\"@id\":\"https:\/\/web.gtischarging.sk\/#\/schema\/logo\/image\/\",\"url\":\"https:\/\/web.gtischarging.sk\/wp-content\/uploads\/2020\/03\/logo-180px.png\",\"contentUrl\":\"https:\/\/web.gtischarging.sk\/wp-content\/uploads\/2020\/03\/logo-180px.png\",\"width\":180,\"height\":123,\"caption\":\"GTIS charging\"},\"image\":{\"@id\":\"https:\/\/web.gtischarging.sk\/#\/schema\/logo\/image\/\"},\"sameAs\":[\"https:\/\/www.facebook.com\/gtischarging\"]}]}<\/script>\n<!-- \/ Yoast SEO plugin. -->","yoast_head_json":{"title":"Enyaq iV - gtischarging.sk","robots":{"index":"index","follow":"follow","max-snippet":"max-snippet:-1","max-image-preview":"max-image-preview:large","max-video-preview":"max-video-preview:-1"},"canonical":"https:\/\/web.gtischarging.sk\/index.php\/enyaq-iv\/","og_locale":"cs_CZ","og_type":"article","og_title":"Enyaq iV - gtischarging.sk","og_description":"\u0160koda predstavila elektrick\u00fd crossover Enyaq iV Trochu nesk\u00f4r ako in\u00ed, ale predsa. Akoby dizajn\u00e9ri a&nbsp;in\u017einieri v&nbsp;\u0160kodovke najsk\u00f4r zbierali \u00fadaje o&nbsp;konkurencii, sledovali a&nbsp;vyhodnocovali trendy v&nbsp;kon\u0161trukcii elektromobilov a&nbsp;a\u017e potom pon\u00fakli produkt, ktor\u00fd ur\u010dite zaujme nielen fan\u00fa\u0161ikov&#46;&#46;&#46;","og_url":"https:\/\/web.gtischarging.sk\/index.php\/enyaq-iv\/","og_site_name":"gtischarging.sk","article_publisher":"https:\/\/www.facebook.com\/gtischarging","article_modified_time":"2020-09-03T05:48:47+00:00","og_image":[{"url":"https:\/\/web.gtischarging.sk\/wp-content\/uploads\/2020\/09\/skoda-title-1-1024x486.jpg"}],"twitter_card":"summary_large_image","twitter_misc":{"Odhadovan\u00e1 doba \u010dten\u00ed":"4 minuty"},"schema":{"@context":"https:\/\/schema.org","@graph":[{"@type":"WebPage","@id":"https:\/\/web.gtischarging.sk\/index.php\/enyaq-iv\/","url":"https:\/\/web.gtischarging.sk\/index.php\/enyaq-iv\/","name":"Enyaq iV - gtischarging.sk","isPartOf":{"@id":"https:\/\/web.gtischarging.sk\/#website"},"datePublished":"2020-09-03T05:42:21+00:00","dateModified":"2020-09-03T05:48:47+00:00","breadcrumb":{"@id":"https:\/\/web.gtischarging.sk\/index.php\/enyaq-iv\/#breadcrumb"},"inLanguage":"cs","potentialAction":[{"@type":"ReadAction","target":["https:\/\/web.gtischarging.sk\/index.php\/enyaq-iv\/"]}]},{"@type":"BreadcrumbList","@id":"https:\/\/web.gtischarging.sk\/index.php\/enyaq-iv\/#breadcrumb","itemListElement":[{"@type":"ListItem","position":1,"name":"Dom\u016f","item":"https:\/\/web.gtischarging.sk\/"},{"@type":"ListItem","position":2,"name":"Enyaq iV"}]},{"@type":"WebSite","@id":"https:\/\/web.gtischarging.sk\/#website","url":"https:\/\/web.gtischarging.sk\/","name":"gtischarging.sk","description":"U n\u00e1s sta\u010d\u00ed prilo\u017ei\u0165 platobn\u00fa kartu","publisher":{"@id":"https:\/\/web.gtischarging.sk\/#organization"},"potentialAction":[{"@type":"SearchAction","target":{"@type":"EntryPoint","urlTemplate":"https:\/\/web.gtischarging.sk\/?s={search_term_string}"},"query-input":"required name=search_term_string"}],"inLanguage":"cs"},{"@type":"Organization","@id":"https:\/\/web.gtischarging.sk\/#organization","name":"GTIS charging","url":"https:\/\/web.gtischarging.sk\/","logo":{"@type":"ImageObject","inLanguage":"cs","@id":"https:\/\/web.gtischarging.sk\/#\/schema\/logo\/image\/","url":"https:\/\/web.gtischarging.sk\/wp-content\/uploads\/2020\/03\/logo-180px.png","contentUrl":"https:\/\/web.gtischarging.sk\/wp-content\/uploads\/2020\/03\/logo-180px.png","width":180,"height":123,"caption":"GTIS charging"},"image":{"@id":"https:\/\/web.gtischarging.sk\/#\/schema\/logo\/image\/"},"sameAs":["https:\/\/www.facebook.com\/gtischarging"]}]}},"_links":{"self":[{"href":"https:\/\/web.gtischarging.sk\/index.php\/wp-json\/wp\/v2\/pages\/1233"}],"collection":[{"href":"https:\/\/web.gtischarging.sk\/index.php\/wp-json\/wp\/v2\/pages"}],"about":[{"href":"https:\/\/web.gtischarging.sk\/index.php\/wp-json\/wp\/v2\/types\/page"}],"author":[{"embeddable":true,"href":"https:\/\/web.gtischarging.sk\/index.php\/wp-json\/wp\/v2\/users\/8"}],"replies":[{"embeddable":true,"href":"https:\/\/web.gtischarging.sk\/index.php\/wp-json\/wp\/v2\/comments?post=1233"}],"version-history":[{"count":5,"href":"https:\/\/web.gtischarging.sk\/index.php\/wp-json\/wp\/v2\/pages\/1233\/revisions"}],"predecessor-version":[{"id":1251,"href":"https:\/\/web.gtischarging.sk\/index.php\/wp-json\/wp\/v2\/pages\/1233\/revisions\/1251"}],"wp:attachment":[{"href":"https:\/\/web.gtischarging.sk\/index.php\/wp-json\/wp\/v2\/media?parent=1233"}],"curies":[{"name":"wp","href":"https:\/\/api.w.org\/{rel}","templated":true}]}}