 {"id":1209,"date":"2020-08-13T08:07:48","date_gmt":"2020-08-13T06:07:48","guid":{"rendered":"https:\/\/web.gtischarging.sk\/?page_id=1209"},"modified":"2020-08-13T08:07:49","modified_gmt":"2020-08-13T06:07:49","slug":"cinske-baterie","status":"publish","type":"page","link":"https:\/\/web.gtischarging.sk\/index.php\/cinske-baterie\/","title":{"rendered":"\u010c\u00ednske bat\u00e9rie"},"content":{"rendered":"\n<div class=\"wp-block-image\"><figure class=\"aligncenter\"><img decoding=\"async\" src=\"https:\/\/www.elektro-vozidla.sk\/wp-content\/uploads\/2020\/06\/obr%C3%A1zok-73.png\" alt=\"\"\/><\/figure><\/div>\n\n\n\n<h1 class=\"has-text-align-center wp-block-heading\">\u010c\u00ednske bat\u00e9rie na 1,2 mili\u00f3na kilometrov<\/h1>\n\n\n\n<p>V\u00fdvoj v&nbsp;oblasti bat\u00e9rii pre elektromobily ide m\u00edlov\u00fdmi krokmi dopredu. \u010c\u00ednske spolo\u010dnosti podnikaj\u00face v tejto oblasti s\u00fa pripraven\u00e9 vytvori\u0165 viac ako seri\u00f3znu konkurenciu japonsk\u00fdm v\u00fdrobcom bat\u00e9ri\u00ed pre elektrick\u00e9 vozidl\u00e1<\/p>\n\n\n\n<p>\u010c\u00ednska spolo\u010dnos\u0165 Honeycomb Energy ofici\u00e1lne predstavila svoje nab\u00edjacie bat\u00e9rie novej gener\u00e1cie pre elektrick\u00e9 vozidl\u00e1. Jedn\u00e1 sa o dva nov\u00e9 v\u00fdrobky, ich s\u00e9riov\u00e1 v\u00fdroba sa za\u010dne v roku 2021.<\/p>\n\n\n\n<p>Je potrebn\u00e9 poznamena\u0165, \u017ee Honeycomb Energy nie je v \u017eiadnom pr\u00edpade nov\u00e1\u010dikom na trhu: spolo\u010dnos\u0165 vykon\u00e1va v\u00fdskum v tejto oblasti od roku 2012. V roku 2018 sa stala nez\u00e1visl\u00fdm dod\u00e1vate\u013eom nab\u00edjate\u013en\u00fdch bat\u00e9ri\u00ed. Spolo\u010dnos\u0165 predstavila dva moduly: jeden s kapacitou 115 Ah a hustotou energie 245 W \/ kg, druh\u00fd s kapacitou 226 Ah a hustotou energie 240 W \/ kg. Pou\u017eitie druh\u00e9ho modulu v\u00e1m umo\u017e\u0148uje dosiahnu\u0165 dosah 880 km na jedno nabitie. Z\u00e1kladn\u00e1 kon\u0161trukcia je v\u0161ak rovnak\u00e1 v oboch pr\u00edpadoch a&nbsp;umo\u017e\u0148uje bat\u00e9rii garantova\u0165 a\u017e 15 ro\u010dn\u00fa \u017eivotnos\u0165 a&nbsp;n\u00e1beh minim\u00e1lne 1,2 mili\u00f3na kilometrov. Spolo\u010dnos\u0165 Tesla sa usiluje dosiahnu\u0165 pribli\u017ene rovnak\u00fd v\u00fdkon: jej nov\u00e1 bat\u00e9ria vyvinut\u00e1 spolo\u010dne s \u010d\u00ednskym partnerom by mala poskytn\u00fa\u0165 zdroj s&nbsp;garantovan\u00fdm n\u00e1behom 1,6 mili\u00f3na kilometrov.<\/p>\n\n\n\n<div class=\"wp-block-image\"><figure class=\"aligncenter\"><img decoding=\"async\" src=\"https:\/\/www.elektro-vozidla.sk\/wp-content\/uploads\/2020\/06\/obr%C3%A1zok-74.png\" alt=\"\" class=\"wp-image-146\"\/><\/figure><\/div>\n\n\n\n<p>Medzi \u010fal\u0161ie v\u00fdhody inov\u00e1ci\u00ed Honeycomb Energy patr\u00ed vyl\u00fa\u010denie kobaltu z chemick\u00e9ho zlo\u017eenia, vysok\u00e1 v\u00fddr\u017e (2500 cyklov vyb\u00edjania \/ nab\u00edjania), bezpe\u010dnos\u0165 a odolnos\u0165 vo\u010di vonkaj\u0161\u00edm vplyvom. Tieto boli potvrden\u00e9 sk\u00fa\u0161kami po\u010das ktor\u00fdch obe bat\u00e9rie boli opakovane testovan\u00e9 na odolnos\u0165 proti vysok\u00fdm teplot\u00e1m 150 \u00b0 C.<\/p>\n\n\n\n<p>Zdroj:<br><a href=\"https:\/\/www.autotimesnews.com\/new-chinese-battery-for-electric-cars-mileage-880-km-and-a-resource-of-15-years\/\">autotimesnews<\/a><\/p>\n","protected":false},"excerpt":{"rendered":"<p>\u010c\u00ednske bat\u00e9rie na 1,2 mili\u00f3na kilometrov V\u00fdvoj v&nbsp;oblasti bat\u00e9rii pre elektromobily ide m\u00edlov\u00fdmi krokmi dopredu. \u010c\u00ednske spolo\u010dnosti podnikaj\u00face v tejto oblasti s\u00fa pripraven\u00e9 vytvori\u0165 viac ako seri\u00f3znu konkurenciu japonsk\u00fdm v\u00fdrobcom bat\u00e9ri\u00ed pre elektrick\u00e9 vozidl\u00e1&#46;&#46;&#46;<\/p>\n","protected":false},"author":8,"featured_media":0,"parent":0,"menu_order":0,"comment_status":"closed","ping_status":"closed","template":"","meta":{"footnotes":""},"yoast_head":"<!-- This site is optimized with the Yoast SEO plugin v20.4 - https:\/\/yoast.com\/wordpress\/plugins\/seo\/ -->\n<title>\u010c\u00ednske bat\u00e9rie - gtischarging.sk<\/title>\n<meta name=\"robots\" content=\"index, follow, max-snippet:-1, max-image-preview:large, max-video-preview:-1\" \/>\n<link rel=\"canonical\" href=\"https:\/\/web.gtischarging.sk\/index.php\/cinske-baterie\/\" \/>\n<meta property=\"og:locale\" content=\"cs_CZ\" \/>\n<meta property=\"og:type\" content=\"article\" \/>\n<meta property=\"og:title\" content=\"\u010c\u00ednske bat\u00e9rie - gtischarging.sk\" \/>\n<meta property=\"og:description\" content=\"\u010c\u00ednske bat\u00e9rie na 1,2 mili\u00f3na kilometrov V\u00fdvoj v&nbsp;oblasti bat\u00e9rii pre elektromobily ide m\u00edlov\u00fdmi krokmi dopredu. \u010c\u00ednske spolo\u010dnosti podnikaj\u00face v tejto oblasti s\u00fa pripraven\u00e9 vytvori\u0165 viac ako seri\u00f3znu konkurenciu japonsk\u00fdm v\u00fdrobcom bat\u00e9ri\u00ed pre elektrick\u00e9 vozidl\u00e1&#046;&#046;&#046;\" \/>\n<meta property=\"og:url\" content=\"https:\/\/web.gtischarging.sk\/index.php\/cinske-baterie\/\" \/>\n<meta property=\"og:site_name\" content=\"gtischarging.sk\" \/>\n<meta property=\"article:publisher\" content=\"https:\/\/www.facebook.com\/gtischarging\" \/>\n<meta property=\"article:modified_time\" content=\"2020-08-13T06:07:49+00:00\" \/>\n<meta property=\"og:image\" content=\"https:\/\/www.elektro-vozidla.sk\/wp-content\/uploads\/2020\/06\/obr%C3%A1zok-73.png\" \/>\n<meta name=\"twitter:card\" content=\"summary_large_image\" \/>\n<meta name=\"twitter:label1\" content=\"Odhadovan\u00e1 doba \u010dten\u00ed\" \/>\n\t<meta name=\"twitter:data1\" content=\"1 minuta\" \/>\n<script type=\"application\/ld+json\" class=\"yoast-schema-graph\">{\"@context\":\"https:\/\/schema.org\",\"@graph\":[{\"@type\":\"WebPage\",\"@id\":\"https:\/\/web.gtischarging.sk\/index.php\/cinske-baterie\/\",\"url\":\"https:\/\/web.gtischarging.sk\/index.php\/cinske-baterie\/\",\"name\":\"\u010c\u00ednske bat\u00e9rie - gtischarging.sk\",\"isPartOf\":{\"@id\":\"https:\/\/web.gtischarging.sk\/#website\"},\"datePublished\":\"2020-08-13T06:07:48+00:00\",\"dateModified\":\"2020-08-13T06:07:49+00:00\",\"breadcrumb\":{\"@id\":\"https:\/\/web.gtischarging.sk\/index.php\/cinske-baterie\/#breadcrumb\"},\"inLanguage\":\"cs\",\"potentialAction\":[{\"@type\":\"ReadAction\",\"target\":[\"https:\/\/web.gtischarging.sk\/index.php\/cinske-baterie\/\"]}]},{\"@type\":\"BreadcrumbList\",\"@id\":\"https:\/\/web.gtischarging.sk\/index.php\/cinske-baterie\/#breadcrumb\",\"itemListElement\":[{\"@type\":\"ListItem\",\"position\":1,\"name\":\"Dom\u016f\",\"item\":\"https:\/\/web.gtischarging.sk\/\"},{\"@type\":\"ListItem\",\"position\":2,\"name\":\"\u010c\u00ednske bat\u00e9rie\"}]},{\"@type\":\"WebSite\",\"@id\":\"https:\/\/web.gtischarging.sk\/#website\",\"url\":\"https:\/\/web.gtischarging.sk\/\",\"name\":\"gtischarging.sk\",\"description\":\"U n\u00e1s sta\u010d\u00ed prilo\u017ei\u0165 platobn\u00fa kartu\",\"publisher\":{\"@id\":\"https:\/\/web.gtischarging.sk\/#organization\"},\"potentialAction\":[{\"@type\":\"SearchAction\",\"target\":{\"@type\":\"EntryPoint\",\"urlTemplate\":\"https:\/\/web.gtischarging.sk\/?s={search_term_string}\"},\"query-input\":\"required name=search_term_string\"}],\"inLanguage\":\"cs\"},{\"@type\":\"Organization\",\"@id\":\"https:\/\/web.gtischarging.sk\/#organization\",\"name\":\"GTIS charging\",\"url\":\"https:\/\/web.gtischarging.sk\/\",\"logo\":{\"@type\":\"ImageObject\",\"inLanguage\":\"cs\",\"@id\":\"https:\/\/web.gtischarging.sk\/#\/schema\/logo\/image\/\",\"url\":\"https:\/\/web.gtischarging.sk\/wp-content\/uploads\/2020\/03\/logo-180px.png\",\"contentUrl\":\"https:\/\/web.gtischarging.sk\/wp-content\/uploads\/2020\/03\/logo-180px.png\",\"width\":180,\"height\":123,\"caption\":\"GTIS charging\"},\"image\":{\"@id\":\"https:\/\/web.gtischarging.sk\/#\/schema\/logo\/image\/\"},\"sameAs\":[\"https:\/\/www.facebook.com\/gtischarging\"]}]}<\/script>\n<!-- \/ Yoast SEO plugin. -->","yoast_head_json":{"title":"\u010c\u00ednske bat\u00e9rie - gtischarging.sk","robots":{"index":"index","follow":"follow","max-snippet":"max-snippet:-1","max-image-preview":"max-image-preview:large","max-video-preview":"max-video-preview:-1"},"canonical":"https:\/\/web.gtischarging.sk\/index.php\/cinske-baterie\/","og_locale":"cs_CZ","og_type":"article","og_title":"\u010c\u00ednske bat\u00e9rie - gtischarging.sk","og_description":"\u010c\u00ednske bat\u00e9rie na 1,2 mili\u00f3na kilometrov V\u00fdvoj v&nbsp;oblasti bat\u00e9rii pre elektromobily ide m\u00edlov\u00fdmi krokmi dopredu. \u010c\u00ednske spolo\u010dnosti podnikaj\u00face v tejto oblasti s\u00fa pripraven\u00e9 vytvori\u0165 viac ako seri\u00f3znu konkurenciu japonsk\u00fdm v\u00fdrobcom bat\u00e9ri\u00ed pre elektrick\u00e9 vozidl\u00e1&#46;&#46;&#46;","og_url":"https:\/\/web.gtischarging.sk\/index.php\/cinske-baterie\/","og_site_name":"gtischarging.sk","article_publisher":"https:\/\/www.facebook.com\/gtischarging","article_modified_time":"2020-08-13T06:07:49+00:00","og_image":[{"url":"https:\/\/www.elektro-vozidla.sk\/wp-content\/uploads\/2020\/06\/obr%C3%A1zok-73.png"}],"twitter_card":"summary_large_image","twitter_misc":{"Odhadovan\u00e1 doba \u010dten\u00ed":"1 minuta"},"schema":{"@context":"https:\/\/schema.org","@graph":[{"@type":"WebPage","@id":"https:\/\/web.gtischarging.sk\/index.php\/cinske-baterie\/","url":"https:\/\/web.gtischarging.sk\/index.php\/cinske-baterie\/","name":"\u010c\u00ednske bat\u00e9rie - gtischarging.sk","isPartOf":{"@id":"https:\/\/web.gtischarging.sk\/#website"},"datePublished":"2020-08-13T06:07:48+00:00","dateModified":"2020-08-13T06:07:49+00:00","breadcrumb":{"@id":"https:\/\/web.gtischarging.sk\/index.php\/cinske-baterie\/#breadcrumb"},"inLanguage":"cs","potentialAction":[{"@type":"ReadAction","target":["https:\/\/web.gtischarging.sk\/index.php\/cinske-baterie\/"]}]},{"@type":"BreadcrumbList","@id":"https:\/\/web.gtischarging.sk\/index.php\/cinske-baterie\/#breadcrumb","itemListElement":[{"@type":"ListItem","position":1,"name":"Dom\u016f","item":"https:\/\/web.gtischarging.sk\/"},{"@type":"ListItem","position":2,"name":"\u010c\u00ednske bat\u00e9rie"}]},{"@type":"WebSite","@id":"https:\/\/web.gtischarging.sk\/#website","url":"https:\/\/web.gtischarging.sk\/","name":"gtischarging.sk","description":"U n\u00e1s sta\u010d\u00ed prilo\u017ei\u0165 platobn\u00fa kartu","publisher":{"@id":"https:\/\/web.gtischarging.sk\/#organization"},"potentialAction":[{"@type":"SearchAction","target":{"@type":"EntryPoint","urlTemplate":"https:\/\/web.gtischarging.sk\/?s={search_term_string}"},"query-input":"required name=search_term_string"}],"inLanguage":"cs"},{"@type":"Organization","@id":"https:\/\/web.gtischarging.sk\/#organization","name":"GTIS charging","url":"https:\/\/web.gtischarging.sk\/","logo":{"@type":"ImageObject","inLanguage":"cs","@id":"https:\/\/web.gtischarging.sk\/#\/schema\/logo\/image\/","url":"https:\/\/web.gtischarging.sk\/wp-content\/uploads\/2020\/03\/logo-180px.png","contentUrl":"https:\/\/web.gtischarging.sk\/wp-content\/uploads\/2020\/03\/logo-180px.png","width":180,"height":123,"caption":"GTIS charging"},"image":{"@id":"https:\/\/web.gtischarging.sk\/#\/schema\/logo\/image\/"},"sameAs":["https:\/\/www.facebook.com\/gtischarging"]}]}},"_links":{"self":[{"href":"https:\/\/web.gtischarging.sk\/index.php\/wp-json\/wp\/v2\/pages\/1209"}],"collection":[{"href":"https:\/\/web.gtischarging.sk\/index.php\/wp-json\/wp\/v2\/pages"}],"about":[{"href":"https:\/\/web.gtischarging.sk\/index.php\/wp-json\/wp\/v2\/types\/page"}],"author":[{"embeddable":true,"href":"https:\/\/web.gtischarging.sk\/index.php\/wp-json\/wp\/v2\/users\/8"}],"replies":[{"embeddable":true,"href":"https:\/\/web.gtischarging.sk\/index.php\/wp-json\/wp\/v2\/comments?post=1209"}],"version-history":[{"count":1,"href":"https:\/\/web.gtischarging.sk\/index.php\/wp-json\/wp\/v2\/pages\/1209\/revisions"}],"predecessor-version":[{"id":1210,"href":"https:\/\/web.gtischarging.sk\/index.php\/wp-json\/wp\/v2\/pages\/1209\/revisions\/1210"}],"wp:attachment":[{"href":"https:\/\/web.gtischarging.sk\/index.php\/wp-json\/wp\/v2\/media?parent=1209"}],"curies":[{"name":"wp","href":"https:\/\/api.w.org\/{rel}","templated":true}]}}