 {"id":105,"date":"2020-03-05T22:44:50","date_gmt":"2020-03-05T21:44:50","guid":{"rendered":"https:\/\/web.gtischarging.sk\/?page_id=105"},"modified":"2020-11-06T14:01:44","modified_gmt":"2020-11-06T13:01:44","slug":"sposob-platby","status":"publish","type":"page","link":"https:\/\/web.gtischarging.sk\/index.php\/sposob-platby\/","title":{"rendered":"Sp\u00f4sob platby"},"content":{"rendered":"\n<h2 class=\"has-text-align-center wp-block-heading\">Ako pou\u017e\u00edva\u0165 nab\u00edjaciu stanicu GTIS charging SK<\/h2>\n\n\n\n<figure class=\"wp-block-table\"><table><tbody><tr><td><img decoding=\"async\" loading=\"lazy\" width=\"976\" height=\"797\" class=\"wp-image-1377\" style=\"width: 400px;\" src=\"https:\/\/web.gtischarging.sk\/wp-content\/uploads\/2020\/10\/platba.jpg\" alt=\"\" srcset=\"https:\/\/web.gtischarging.sk\/wp-content\/uploads\/2020\/10\/platba.jpg 976w, https:\/\/web.gtischarging.sk\/wp-content\/uploads\/2020\/10\/platba-300x245.jpg 300w, https:\/\/web.gtischarging.sk\/wp-content\/uploads\/2020\/10\/platba-768x627.jpg 768w\" sizes=\"(max-width: 976px) 100vw, 976px\" \/><\/td><td class=\"has-text-align-center\" data-align=\"center\"> Stav nab\u00edjacej stanice je indikovan\u00fd RGB LED indik\u00e1torom stavu (umiestnen\u00fdm na bo\u010dnej strane stanice pod nab\u00edjacou z\u00e1suvkou) s&nbsp;tromi mo\u017en\u00fdmi farebn\u00fdmi indik\u00e1tormi : <br><strong style=\"color:blue\">Modr\u00e1<\/strong> \u2013 Pripraven\u00e1<br><strong style=\"color:green\">Zelen\u00e1<\/strong> \u2013 Nab\u00edja<br><strong style=\"color:red\">\u010cerven\u00e1 <\/strong>\u2013 Porucha<\/td><td><img decoding=\"async\" loading=\"lazy\" width=\"1141\" height=\"1102\" class=\"wp-image-1382\" style=\"width: 350px;\" src=\"https:\/\/web.gtischarging.sk\/wp-content\/uploads\/2020\/10\/Untitled-3.jpg\" alt=\"\" srcset=\"https:\/\/web.gtischarging.sk\/wp-content\/uploads\/2020\/10\/Untitled-3.jpg 1141w, https:\/\/web.gtischarging.sk\/wp-content\/uploads\/2020\/10\/Untitled-3-300x290.jpg 300w, https:\/\/web.gtischarging.sk\/wp-content\/uploads\/2020\/10\/Untitled-3-1024x989.jpg 1024w, https:\/\/web.gtischarging.sk\/wp-content\/uploads\/2020\/10\/Untitled-3-768x742.jpg 768w\" sizes=\"(max-width: 1141px) 100vw, 1141px\" \/><\/td><\/tr><\/tbody><\/table><\/figure>\n\n\n\n<h4 class=\"has-text-align-center wp-block-heading\">Postup nab\u00edjania elektromobilu od pripojenia a\u017e po zaplatenie<\/h4>\n\n\n\n<p><strong><em>Krok 1<\/em><\/strong><br>Na RGB LED, na bo\u010dnej strane stanice svieti modr\u00e1 farba, nab\u00edjac\u00ed k\u00e1bel pripojte do nab\u00edjacej  z\u00e1suvky dob\u00edjacej stanice a&nbsp;nab\u00edjacieho portu elektromobilu (prebieha komunik\u00e1cia medzi stanicou a&nbsp;elektromobilom).<\/p>\n\n\n\n<p><strong><em>Krok 2<\/em><\/strong><br>V&nbsp;priebehu nieko\u013ek\u00fdch sek\u00fand sa na prednej strane dob\u00edjacej stanice rozblik\u00e1 pod \u010d\u00edta\u010dkou  platobn\u00e9ho termin\u00e1lu RGB LED modrou farbou, \u010do je v\u00fdzva k&nbsp;prilo\u017eeniu debetnej, alebo  kreditnej karty k&nbsp;\u010d\u00edta\u010dke platobn\u00e9ho termin\u00e1lu.<br>BEZKONTATN\u00c1 PLATBA KARTOU: VISA, MasterCard. SMARTF\u00d3NOM : Apple PAY, GOOGLE PAY. <\/p>\n\n\n\n<p><strong><em>Krok 3<\/em><\/strong><br>Platobn\u00fa kartu pridr\u017ete pri \u010d\u00edta\u010dke k\u00fdm nezaznie kr\u00e1tky zvukov\u00fd sign\u00e1l a&nbsp;k\u00fdm RGB LED na  prednej strane stanice neza\u010dne blika\u0165 zelenou farbou \u2013 platobn\u00e1 karta je akceptovan\u00e1  (predautoriz\u00e1cia platby prebehla \u00faspe\u0161ne). V&nbsp;pr\u00edpade, \u017ee RGB LED blik\u00e1 \u010dervenou farbou  skontrolujte typ pou\u017eitej karty, dobu expir\u00e1cie karty, pr\u00edp. aplik\u00e1ciu mobilnej platby  v&nbsp;telef\u00f3ne. <\/p>\n\n\n\n<p><strong><em>Krok 4<\/em><\/strong><br>V&nbsp;priebehu nieko\u013ek\u00fdch sek\u00fand od akcept\u00e1cie platobnej transakcie sa automaticky spust\u00ed  nab\u00edjanie, na bo\u010dnej strane stanice za\u010dne RGB LED pulzova\u0165 zelenou farbou. <\/p>\n\n\n\n<p><strong><em>Krok 5<\/em><\/strong><br>Nab\u00edjanie prebieha dovtedy, k\u00fdm manu\u00e1lne neukon\u010d\u00edte nab\u00edjanie, alebo do \u00fapln\u00e9ho nabitia  kapacity bat\u00e9rie elektromobilu, alebo do vy\u010derpania finan\u010dnej \u010diastky predautoriz\u00e1cie platby.  V&nbsp;pr\u00edpade nebezpe\u010denstva zatla\u010dte STOP tla\u010didlo, nab\u00edjanie sa aj v&nbsp;tomto pr\u00edpade ukon\u010d\u00ed.  Po ukon\u010den\u00ed nab\u00edjania RGB LED na bo\u010dnej strane stanice svieti modrou farbou (stanica  pripraven\u00e1). <\/p>\n\n\n\n<p><strong><em>Krok 6<\/em><\/strong><br>Ak svieti, alebo blik\u00e1 RGB LED na bo\u010dnej strane stanice \u010dervenou farbou skontrolujte \u010di nie je  zatla\u010den\u00e9 STOP tla\u010didlo (ak je, vytiahnite ho pooto\u010den\u00edm). Ak nie je zatla\u010den\u00e9, volajte servis. <\/p>\n\n\n\n<p><em><strong>Krok 7<\/strong><\/em><br>Doklad o&nbsp;zrealizovanej platbe za \u00fa\u010delom nabitia elektromobilu n\u00e1jdete na webovej str\u00e1nke  GTIS Charging v&nbsp;sekcii &gt;&gt; <a href=\"https:\/\/www.gtischarging.sk\/doklad\">\u00da\u010cTENKA<\/a> &lt;&lt;. <\/p>\n\n\n\n<figure class=\"wp-block-embed-youtube aligncenter wp-block-embed is-type-video is-provider-youtube wp-embed-aspect-16-9 wp-has-aspect-ratio\"><div class=\"wp-block-embed__wrapper\">\n<div class=\"video-container\"><iframe loading=\"lazy\" title=\"N\u00e1vod ako pou\u017e\u00edva\u0165 nab\u00edjaciu stanicu\" width=\"500\" height=\"281\" src=\"https:\/\/www.youtube.com\/embed\/8BuUpzRYVgQ?feature=oembed&#038;wmode=opaque\" frameborder=\"0\" allow=\"accelerometer; autoplay; clipboard-write; encrypted-media; gyroscope; picture-in-picture\" allowfullscreen><\/iframe><\/div>\n<\/div><\/figure>\n","protected":false},"excerpt":{"rendered":"<p>Ako pou\u017e\u00edva\u0165 nab\u00edjaciu stanicu GTIS charging SK Stav nab\u00edjacej stanice je indikovan\u00fd RGB LED indik\u00e1torom stavu (umiestnen\u00fdm na bo\u010dnej strane stanice pod nab\u00edjacou z\u00e1suvkou) s&nbsp;tromi mo\u017en\u00fdmi farebn\u00fdmi indik\u00e1tormi : Modr\u00e1 \u2013 Pripraven\u00e1Zelen\u00e1 \u2013 Nab\u00edja\u010cerven\u00e1&#46;&#46;&#46;<\/p>\n","protected":false},"author":2,"featured_media":0,"parent":0,"menu_order":0,"comment_status":"closed","ping_status":"closed","template":"","meta":{"footnotes":""},"yoast_head":"<!-- This site is optimized with the Yoast SEO plugin v20.4 - https:\/\/yoast.com\/wordpress\/plugins\/seo\/ -->\n<title>Sp\u00f4sob platby - gtischarging.sk<\/title>\n<meta name=\"robots\" content=\"index, follow, max-snippet:-1, max-image-preview:large, max-video-preview:-1\" \/>\n<link rel=\"canonical\" href=\"https:\/\/web.gtischarging.sk\/index.php\/sposob-platby\/\" \/>\n<meta property=\"og:locale\" content=\"cs_CZ\" \/>\n<meta property=\"og:type\" content=\"article\" \/>\n<meta property=\"og:title\" content=\"Sp\u00f4sob platby - gtischarging.sk\" \/>\n<meta property=\"og:description\" content=\"Ako pou\u017e\u00edva\u0165 nab\u00edjaciu stanicu GTIS charging SK Stav nab\u00edjacej stanice je indikovan\u00fd RGB LED indik\u00e1torom stavu (umiestnen\u00fdm na bo\u010dnej strane stanice pod nab\u00edjacou z\u00e1suvkou) s&nbsp;tromi mo\u017en\u00fdmi farebn\u00fdmi indik\u00e1tormi : Modr\u00e1 \u2013 Pripraven\u00e1Zelen\u00e1 \u2013 Nab\u00edja\u010cerven\u00e1&#046;&#046;&#046;\" \/>\n<meta property=\"og:url\" content=\"https:\/\/web.gtischarging.sk\/index.php\/sposob-platby\/\" \/>\n<meta property=\"og:site_name\" content=\"gtischarging.sk\" \/>\n<meta property=\"article:publisher\" content=\"https:\/\/www.facebook.com\/gtischarging\" \/>\n<meta property=\"article:modified_time\" content=\"2020-11-06T13:01:44+00:00\" \/>\n<meta property=\"og:image\" content=\"https:\/\/web.gtischarging.sk\/wp-content\/uploads\/2020\/10\/platba.jpg\" \/>\n<meta name=\"twitter:card\" content=\"summary_large_image\" \/>\n<meta name=\"twitter:label1\" content=\"Odhadovan\u00e1 doba \u010dten\u00ed\" \/>\n\t<meta name=\"twitter:data1\" content=\"2 minuty\" \/>\n<script type=\"application\/ld+json\" class=\"yoast-schema-graph\">{\"@context\":\"https:\/\/schema.org\",\"@graph\":[{\"@type\":\"WebPage\",\"@id\":\"https:\/\/web.gtischarging.sk\/index.php\/sposob-platby\/\",\"url\":\"https:\/\/web.gtischarging.sk\/index.php\/sposob-platby\/\",\"name\":\"Sp\u00f4sob platby - gtischarging.sk\",\"isPartOf\":{\"@id\":\"https:\/\/web.gtischarging.sk\/#website\"},\"datePublished\":\"2020-03-05T21:44:50+00:00\",\"dateModified\":\"2020-11-06T13:01:44+00:00\",\"breadcrumb\":{\"@id\":\"https:\/\/web.gtischarging.sk\/index.php\/sposob-platby\/#breadcrumb\"},\"inLanguage\":\"cs\",\"potentialAction\":[{\"@type\":\"ReadAction\",\"target\":[\"https:\/\/web.gtischarging.sk\/index.php\/sposob-platby\/\"]}]},{\"@type\":\"BreadcrumbList\",\"@id\":\"https:\/\/web.gtischarging.sk\/index.php\/sposob-platby\/#breadcrumb\",\"itemListElement\":[{\"@type\":\"ListItem\",\"position\":1,\"name\":\"Dom\u016f\",\"item\":\"https:\/\/web.gtischarging.sk\/\"},{\"@type\":\"ListItem\",\"position\":2,\"name\":\"Sp\u00f4sob platby\"}]},{\"@type\":\"WebSite\",\"@id\":\"https:\/\/web.gtischarging.sk\/#website\",\"url\":\"https:\/\/web.gtischarging.sk\/\",\"name\":\"gtischarging.sk\",\"description\":\"U n\u00e1s sta\u010d\u00ed prilo\u017ei\u0165 platobn\u00fa kartu\",\"publisher\":{\"@id\":\"https:\/\/web.gtischarging.sk\/#organization\"},\"potentialAction\":[{\"@type\":\"SearchAction\",\"target\":{\"@type\":\"EntryPoint\",\"urlTemplate\":\"https:\/\/web.gtischarging.sk\/?s={search_term_string}\"},\"query-input\":\"required name=search_term_string\"}],\"inLanguage\":\"cs\"},{\"@type\":\"Organization\",\"@id\":\"https:\/\/web.gtischarging.sk\/#organization\",\"name\":\"GTIS charging\",\"url\":\"https:\/\/web.gtischarging.sk\/\",\"logo\":{\"@type\":\"ImageObject\",\"inLanguage\":\"cs\",\"@id\":\"https:\/\/web.gtischarging.sk\/#\/schema\/logo\/image\/\",\"url\":\"https:\/\/web.gtischarging.sk\/wp-content\/uploads\/2020\/03\/logo-180px.png\",\"contentUrl\":\"https:\/\/web.gtischarging.sk\/wp-content\/uploads\/2020\/03\/logo-180px.png\",\"width\":180,\"height\":123,\"caption\":\"GTIS charging\"},\"image\":{\"@id\":\"https:\/\/web.gtischarging.sk\/#\/schema\/logo\/image\/\"},\"sameAs\":[\"https:\/\/www.facebook.com\/gtischarging\"]}]}<\/script>\n<!-- \/ Yoast SEO plugin. -->","yoast_head_json":{"title":"Sp\u00f4sob platby - gtischarging.sk","robots":{"index":"index","follow":"follow","max-snippet":"max-snippet:-1","max-image-preview":"max-image-preview:large","max-video-preview":"max-video-preview:-1"},"canonical":"https:\/\/web.gtischarging.sk\/index.php\/sposob-platby\/","og_locale":"cs_CZ","og_type":"article","og_title":"Sp\u00f4sob platby - gtischarging.sk","og_description":"Ako pou\u017e\u00edva\u0165 nab\u00edjaciu stanicu GTIS charging SK Stav nab\u00edjacej stanice je indikovan\u00fd RGB LED indik\u00e1torom stavu (umiestnen\u00fdm na bo\u010dnej strane stanice pod nab\u00edjacou z\u00e1suvkou) s&nbsp;tromi mo\u017en\u00fdmi farebn\u00fdmi indik\u00e1tormi : Modr\u00e1 \u2013 Pripraven\u00e1Zelen\u00e1 \u2013 Nab\u00edja\u010cerven\u00e1&#46;&#46;&#46;","og_url":"https:\/\/web.gtischarging.sk\/index.php\/sposob-platby\/","og_site_name":"gtischarging.sk","article_publisher":"https:\/\/www.facebook.com\/gtischarging","article_modified_time":"2020-11-06T13:01:44+00:00","og_image":[{"url":"https:\/\/web.gtischarging.sk\/wp-content\/uploads\/2020\/10\/platba.jpg"}],"twitter_card":"summary_large_image","twitter_misc":{"Odhadovan\u00e1 doba \u010dten\u00ed":"2 minuty"},"schema":{"@context":"https:\/\/schema.org","@graph":[{"@type":"WebPage","@id":"https:\/\/web.gtischarging.sk\/index.php\/sposob-platby\/","url":"https:\/\/web.gtischarging.sk\/index.php\/sposob-platby\/","name":"Sp\u00f4sob platby - gtischarging.sk","isPartOf":{"@id":"https:\/\/web.gtischarging.sk\/#website"},"datePublished":"2020-03-05T21:44:50+00:00","dateModified":"2020-11-06T13:01:44+00:00","breadcrumb":{"@id":"https:\/\/web.gtischarging.sk\/index.php\/sposob-platby\/#breadcrumb"},"inLanguage":"cs","potentialAction":[{"@type":"ReadAction","target":["https:\/\/web.gtischarging.sk\/index.php\/sposob-platby\/"]}]},{"@type":"BreadcrumbList","@id":"https:\/\/web.gtischarging.sk\/index.php\/sposob-platby\/#breadcrumb","itemListElement":[{"@type":"ListItem","position":1,"name":"Dom\u016f","item":"https:\/\/web.gtischarging.sk\/"},{"@type":"ListItem","position":2,"name":"Sp\u00f4sob platby"}]},{"@type":"WebSite","@id":"https:\/\/web.gtischarging.sk\/#website","url":"https:\/\/web.gtischarging.sk\/","name":"gtischarging.sk","description":"U n\u00e1s sta\u010d\u00ed prilo\u017ei\u0165 platobn\u00fa kartu","publisher":{"@id":"https:\/\/web.gtischarging.sk\/#organization"},"potentialAction":[{"@type":"SearchAction","target":{"@type":"EntryPoint","urlTemplate":"https:\/\/web.gtischarging.sk\/?s={search_term_string}"},"query-input":"required name=search_term_string"}],"inLanguage":"cs"},{"@type":"Organization","@id":"https:\/\/web.gtischarging.sk\/#organization","name":"GTIS charging","url":"https:\/\/web.gtischarging.sk\/","logo":{"@type":"ImageObject","inLanguage":"cs","@id":"https:\/\/web.gtischarging.sk\/#\/schema\/logo\/image\/","url":"https:\/\/web.gtischarging.sk\/wp-content\/uploads\/2020\/03\/logo-180px.png","contentUrl":"https:\/\/web.gtischarging.sk\/wp-content\/uploads\/2020\/03\/logo-180px.png","width":180,"height":123,"caption":"GTIS charging"},"image":{"@id":"https:\/\/web.gtischarging.sk\/#\/schema\/logo\/image\/"},"sameAs":["https:\/\/www.facebook.com\/gtischarging"]}]}},"_links":{"self":[{"href":"https:\/\/web.gtischarging.sk\/index.php\/wp-json\/wp\/v2\/pages\/105"}],"collection":[{"href":"https:\/\/web.gtischarging.sk\/index.php\/wp-json\/wp\/v2\/pages"}],"about":[{"href":"https:\/\/web.gtischarging.sk\/index.php\/wp-json\/wp\/v2\/types\/page"}],"author":[{"embeddable":true,"href":"https:\/\/web.gtischarging.sk\/index.php\/wp-json\/wp\/v2\/users\/2"}],"replies":[{"embeddable":true,"href":"https:\/\/web.gtischarging.sk\/index.php\/wp-json\/wp\/v2\/comments?post=105"}],"version-history":[{"count":19,"href":"https:\/\/web.gtischarging.sk\/index.php\/wp-json\/wp\/v2\/pages\/105\/revisions"}],"predecessor-version":[{"id":1512,"href":"https:\/\/web.gtischarging.sk\/index.php\/wp-json\/wp\/v2\/pages\/105\/revisions\/1512"}],"wp:attachment":[{"href":"https:\/\/web.gtischarging.sk\/index.php\/wp-json\/wp\/v2\/media?parent=105"}],"curies":[{"name":"wp","href":"https:\/\/api.w.org\/{rel}","templated":true}]}}