 {"id":1026,"date":"2020-07-15T22:28:05","date_gmt":"2020-07-15T20:28:05","guid":{"rendered":"https:\/\/web.gtischarging.sk\/?page_id=1026"},"modified":"2020-07-15T22:28:32","modified_gmt":"2020-07-15T20:28:32","slug":"changan-benni-ec260","status":"publish","type":"page","link":"https:\/\/web.gtischarging.sk\/index.php\/changan-benni-ec260\/","title":{"rendered":"Changan Benni EC260"},"content":{"rendered":"\n<div class=\"wp-block-image\"><figure class=\"aligncenter\"><img decoding=\"async\" src=\"https:\/\/www.elektro-vozidla.sk\/wp-content\/uploads\/2020\/06\/obr%C3%A1zok.png\" alt=\"\"\/><\/figure><\/div>\n\n\n\n<h2 class=\"has-text-align-center wp-block-heading\">Changan Benni EC260<\/h2>\n\n\n\n<p><strong>Elektrick\u00e9 auto za 7.500 Eur. \u00c1no, ak sa jedn\u00e1 o Changan Benni EC260<\/strong>.<\/p>\n\n\n\n<p>Okrem sedanu, stredne ve\u013ek\u00e9ho hatchbacku a subkompaktn\u00e9ho crossoveru, existuj\u00fa v rade elektrick\u00fdch vozidiel Changan aj miniaut\u00e1 Benni EC260 a EV360.<\/p>\n\n\n\n<p>D\u013a\u017eka a r\u00e1zvor kolies 5-dverov\u00fdch \u00e1ut s\u00fa 3,73 a 2,41 metra. L\u00ed\u0161ia sa navz\u00e1jom v\u00fdkonom motorov a&nbsp;d\u013a\u017ekou dojazdu .<\/p>\n\n\n\n<p>Changan Benni EC260 je vybaven\u00fd motorom s v\u00fdkonom asi 41 kon\u00ed. Kr\u00fatiaci moment je 150 Nm. Dojazd je pribli\u017ene 210 kilometrov, \u010do na denn\u00fa, dokonca intenz\u00edvnu jazdu po meste by malo sta\u010di\u0165. Cena modelu Changan Benni EC260 je pribli\u017ene od 5.800 a\u017e do 7.500Eur<strong>.<\/strong><\/p>\n\n\n\n<div class=\"wp-block-image\"><figure class=\"aligncenter\"><img decoding=\"async\" src=\"https:\/\/www.elektro-vozidla.sk\/wp-content\/uploads\/2020\/06\/obr%C3%A1zok-1.png\" alt=\"\" class=\"wp-image-23\"\/><figcaption>Changan Benni EC260<\/figcaption><\/figure><\/div>\n\n\n\n<p>Silnej\u0161ou modifik\u00e1ciou je Changan Benni EV360. Je poh\u00e1\u0148an\u00e1 motorom s v\u00fdkonom 75 kon\u00ed. Dojazd pri plnom nabit\u00ed je 301 kilometrov a pri udr\u017eiavan\u00ed kon\u0161tantnej n\u00edzkej r\u00fdchlosti sa zvy\u0161uje na 360 kilometrov. Maxim\u00e1lna r\u00fdchlos\u0165 Changan Benni EV360 je 125 km \/ h. Vozidlo je vybaven\u00e9 elektrick\u00fdm posil\u0148ova\u010dom riadenia.<\/p>\n\n\n\n<div class=\"wp-block-image\"><figure class=\"aligncenter\"><img decoding=\"async\" src=\"https:\/\/www.elektro-vozidla.sk\/wp-content\/uploads\/2020\/06\/obr%C3%A1zok-2.png\" alt=\"\" class=\"wp-image-24\"\/><figcaption>Changan Benni EV360<\/figcaption><\/figure><\/div>\n\n\n\n<p>Je drah\u0161ie ako EC260. Ceny za Changan Benni EV360 za\u010d\u00ednaj\u00fa na 8.500Eur . Dve \u010fal\u0161ie konfigur\u00e1cie s\u00fa u\u017e za 10.300Eur. Mo\u017eno to u\u017e je pr\u00edli\u0161 ve\u013ea, ber\u00fac do \u00favahy, \u017ee tieto ceny zoh\u013ead\u0148uj\u00fa dot\u00e1cie od \u010d\u00ednskej vl\u00e1dy. To znamen\u00e1, \u017ee bez nich by na\u0161e n\u00e1klady na toto elektrick\u00e9 aut\u00ed\u010dko mohli prekro\u010di\u0165 14.300Eur.&nbsp;<\/p>\n\n\n\n<p>Zdroj: elektro-vozidla<\/p>\n","protected":false},"excerpt":{"rendered":"<p>Changan Benni EC260 Elektrick\u00e9 auto za 7.500 Eur. \u00c1no, ak sa jedn\u00e1 o Changan Benni EC260. Okrem sedanu, stredne ve\u013ek\u00e9ho hatchbacku a subkompaktn\u00e9ho crossoveru, existuj\u00fa v rade elektrick\u00fdch vozidiel Changan aj miniaut\u00e1 Benni EC260&#46;&#46;&#46;<\/p>\n","protected":false},"author":8,"featured_media":0,"parent":0,"menu_order":0,"comment_status":"closed","ping_status":"closed","template":"","meta":{"footnotes":""},"yoast_head":"<!-- This site is optimized with the Yoast SEO plugin v20.4 - https:\/\/yoast.com\/wordpress\/plugins\/seo\/ -->\n<title>Changan Benni EC260 - gtischarging.sk<\/title>\n<meta name=\"robots\" content=\"index, follow, max-snippet:-1, max-image-preview:large, max-video-preview:-1\" \/>\n<link rel=\"canonical\" href=\"https:\/\/web.gtischarging.sk\/index.php\/changan-benni-ec260\/\" \/>\n<meta property=\"og:locale\" content=\"cs_CZ\" \/>\n<meta property=\"og:type\" content=\"article\" \/>\n<meta property=\"og:title\" content=\"Changan Benni EC260 - gtischarging.sk\" \/>\n<meta property=\"og:description\" content=\"Changan Benni EC260 Elektrick\u00e9 auto za 7.500 Eur. \u00c1no, ak sa jedn\u00e1 o Changan Benni EC260. Okrem sedanu, stredne ve\u013ek\u00e9ho hatchbacku a subkompaktn\u00e9ho crossoveru, existuj\u00fa v rade elektrick\u00fdch vozidiel Changan aj miniaut\u00e1 Benni EC260&#046;&#046;&#046;\" \/>\n<meta property=\"og:url\" content=\"https:\/\/web.gtischarging.sk\/index.php\/changan-benni-ec260\/\" \/>\n<meta property=\"og:site_name\" content=\"gtischarging.sk\" \/>\n<meta property=\"article:publisher\" content=\"https:\/\/www.facebook.com\/gtischarging\" \/>\n<meta property=\"article:modified_time\" content=\"2020-07-15T20:28:32+00:00\" \/>\n<meta property=\"og:image\" content=\"https:\/\/www.elektro-vozidla.sk\/wp-content\/uploads\/2020\/06\/obr%C3%A1zok.png\" \/>\n<meta name=\"twitter:card\" content=\"summary_large_image\" \/>\n<meta name=\"twitter:label1\" content=\"Odhadovan\u00e1 doba \u010dten\u00ed\" \/>\n\t<meta name=\"twitter:data1\" content=\"1 minuta\" \/>\n<script type=\"application\/ld+json\" class=\"yoast-schema-graph\">{\"@context\":\"https:\/\/schema.org\",\"@graph\":[{\"@type\":\"WebPage\",\"@id\":\"https:\/\/web.gtischarging.sk\/index.php\/changan-benni-ec260\/\",\"url\":\"https:\/\/web.gtischarging.sk\/index.php\/changan-benni-ec260\/\",\"name\":\"Changan Benni EC260 - gtischarging.sk\",\"isPartOf\":{\"@id\":\"https:\/\/web.gtischarging.sk\/#website\"},\"datePublished\":\"2020-07-15T20:28:05+00:00\",\"dateModified\":\"2020-07-15T20:28:32+00:00\",\"breadcrumb\":{\"@id\":\"https:\/\/web.gtischarging.sk\/index.php\/changan-benni-ec260\/#breadcrumb\"},\"inLanguage\":\"cs\",\"potentialAction\":[{\"@type\":\"ReadAction\",\"target\":[\"https:\/\/web.gtischarging.sk\/index.php\/changan-benni-ec260\/\"]}]},{\"@type\":\"BreadcrumbList\",\"@id\":\"https:\/\/web.gtischarging.sk\/index.php\/changan-benni-ec260\/#breadcrumb\",\"itemListElement\":[{\"@type\":\"ListItem\",\"position\":1,\"name\":\"Dom\u016f\",\"item\":\"https:\/\/web.gtischarging.sk\/\"},{\"@type\":\"ListItem\",\"position\":2,\"name\":\"Changan Benni EC260\"}]},{\"@type\":\"WebSite\",\"@id\":\"https:\/\/web.gtischarging.sk\/#website\",\"url\":\"https:\/\/web.gtischarging.sk\/\",\"name\":\"gtischarging.sk\",\"description\":\"U n\u00e1s sta\u010d\u00ed prilo\u017ei\u0165 platobn\u00fa kartu\",\"publisher\":{\"@id\":\"https:\/\/web.gtischarging.sk\/#organization\"},\"potentialAction\":[{\"@type\":\"SearchAction\",\"target\":{\"@type\":\"EntryPoint\",\"urlTemplate\":\"https:\/\/web.gtischarging.sk\/?s={search_term_string}\"},\"query-input\":\"required name=search_term_string\"}],\"inLanguage\":\"cs\"},{\"@type\":\"Organization\",\"@id\":\"https:\/\/web.gtischarging.sk\/#organization\",\"name\":\"GTIS charging\",\"url\":\"https:\/\/web.gtischarging.sk\/\",\"logo\":{\"@type\":\"ImageObject\",\"inLanguage\":\"cs\",\"@id\":\"https:\/\/web.gtischarging.sk\/#\/schema\/logo\/image\/\",\"url\":\"https:\/\/web.gtischarging.sk\/wp-content\/uploads\/2020\/03\/logo-180px.png\",\"contentUrl\":\"https:\/\/web.gtischarging.sk\/wp-content\/uploads\/2020\/03\/logo-180px.png\",\"width\":180,\"height\":123,\"caption\":\"GTIS charging\"},\"image\":{\"@id\":\"https:\/\/web.gtischarging.sk\/#\/schema\/logo\/image\/\"},\"sameAs\":[\"https:\/\/www.facebook.com\/gtischarging\"]}]}<\/script>\n<!-- \/ Yoast SEO plugin. -->","yoast_head_json":{"title":"Changan Benni EC260 - gtischarging.sk","robots":{"index":"index","follow":"follow","max-snippet":"max-snippet:-1","max-image-preview":"max-image-preview:large","max-video-preview":"max-video-preview:-1"},"canonical":"https:\/\/web.gtischarging.sk\/index.php\/changan-benni-ec260\/","og_locale":"cs_CZ","og_type":"article","og_title":"Changan Benni EC260 - gtischarging.sk","og_description":"Changan Benni EC260 Elektrick\u00e9 auto za 7.500 Eur. \u00c1no, ak sa jedn\u00e1 o Changan Benni EC260. Okrem sedanu, stredne ve\u013ek\u00e9ho hatchbacku a subkompaktn\u00e9ho crossoveru, existuj\u00fa v rade elektrick\u00fdch vozidiel Changan aj miniaut\u00e1 Benni EC260&#46;&#46;&#46;","og_url":"https:\/\/web.gtischarging.sk\/index.php\/changan-benni-ec260\/","og_site_name":"gtischarging.sk","article_publisher":"https:\/\/www.facebook.com\/gtischarging","article_modified_time":"2020-07-15T20:28:32+00:00","og_image":[{"url":"https:\/\/www.elektro-vozidla.sk\/wp-content\/uploads\/2020\/06\/obr%C3%A1zok.png"}],"twitter_card":"summary_large_image","twitter_misc":{"Odhadovan\u00e1 doba \u010dten\u00ed":"1 minuta"},"schema":{"@context":"https:\/\/schema.org","@graph":[{"@type":"WebPage","@id":"https:\/\/web.gtischarging.sk\/index.php\/changan-benni-ec260\/","url":"https:\/\/web.gtischarging.sk\/index.php\/changan-benni-ec260\/","name":"Changan Benni EC260 - gtischarging.sk","isPartOf":{"@id":"https:\/\/web.gtischarging.sk\/#website"},"datePublished":"2020-07-15T20:28:05+00:00","dateModified":"2020-07-15T20:28:32+00:00","breadcrumb":{"@id":"https:\/\/web.gtischarging.sk\/index.php\/changan-benni-ec260\/#breadcrumb"},"inLanguage":"cs","potentialAction":[{"@type":"ReadAction","target":["https:\/\/web.gtischarging.sk\/index.php\/changan-benni-ec260\/"]}]},{"@type":"BreadcrumbList","@id":"https:\/\/web.gtischarging.sk\/index.php\/changan-benni-ec260\/#breadcrumb","itemListElement":[{"@type":"ListItem","position":1,"name":"Dom\u016f","item":"https:\/\/web.gtischarging.sk\/"},{"@type":"ListItem","position":2,"name":"Changan Benni EC260"}]},{"@type":"WebSite","@id":"https:\/\/web.gtischarging.sk\/#website","url":"https:\/\/web.gtischarging.sk\/","name":"gtischarging.sk","description":"U n\u00e1s sta\u010d\u00ed prilo\u017ei\u0165 platobn\u00fa kartu","publisher":{"@id":"https:\/\/web.gtischarging.sk\/#organization"},"potentialAction":[{"@type":"SearchAction","target":{"@type":"EntryPoint","urlTemplate":"https:\/\/web.gtischarging.sk\/?s={search_term_string}"},"query-input":"required name=search_term_string"}],"inLanguage":"cs"},{"@type":"Organization","@id":"https:\/\/web.gtischarging.sk\/#organization","name":"GTIS charging","url":"https:\/\/web.gtischarging.sk\/","logo":{"@type":"ImageObject","inLanguage":"cs","@id":"https:\/\/web.gtischarging.sk\/#\/schema\/logo\/image\/","url":"https:\/\/web.gtischarging.sk\/wp-content\/uploads\/2020\/03\/logo-180px.png","contentUrl":"https:\/\/web.gtischarging.sk\/wp-content\/uploads\/2020\/03\/logo-180px.png","width":180,"height":123,"caption":"GTIS charging"},"image":{"@id":"https:\/\/web.gtischarging.sk\/#\/schema\/logo\/image\/"},"sameAs":["https:\/\/www.facebook.com\/gtischarging"]}]}},"_links":{"self":[{"href":"https:\/\/web.gtischarging.sk\/index.php\/wp-json\/wp\/v2\/pages\/1026"}],"collection":[{"href":"https:\/\/web.gtischarging.sk\/index.php\/wp-json\/wp\/v2\/pages"}],"about":[{"href":"https:\/\/web.gtischarging.sk\/index.php\/wp-json\/wp\/v2\/types\/page"}],"author":[{"embeddable":true,"href":"https:\/\/web.gtischarging.sk\/index.php\/wp-json\/wp\/v2\/users\/8"}],"replies":[{"embeddable":true,"href":"https:\/\/web.gtischarging.sk\/index.php\/wp-json\/wp\/v2\/comments?post=1026"}],"version-history":[{"count":2,"href":"https:\/\/web.gtischarging.sk\/index.php\/wp-json\/wp\/v2\/pages\/1026\/revisions"}],"predecessor-version":[{"id":1028,"href":"https:\/\/web.gtischarging.sk\/index.php\/wp-json\/wp\/v2\/pages\/1026\/revisions\/1028"}],"wp:attachment":[{"href":"https:\/\/web.gtischarging.sk\/index.php\/wp-json\/wp\/v2\/media?parent=1026"}],"curies":[{"name":"wp","href":"https:\/\/api.w.org\/{rel}","templated":true}]}}